000
CXUS54 KLZK 011230
CF6RUE
PRELIMINARY LOCAL CLIMATOLOGICAL DATA (WS FORM: F-6)
STATION: RUSSELLVILLE
MONTH: FEBRUARY
YEAR: 2022
LATITUDE: 35 15 N
LONGITUDE: 93 6 W
TEMPERATURE IN F: :PCPN: SNOW: WIND :SUNSHINE: SKY :PK WND
================================================================================
1 2 3 4 5 6A 6B 7 8 9 10 11 12 13 14 15 16 17 18
12Z AVG MX 2MIN
DY MAX MIN AVG DEP HDD CDD WTR SNW DPTH SPD SPD DIR MIN PSBL S-S WX SPD DR
================================================================================
1 67 47 57 16 8 0 0.04 M M 4.2 14 100 M M 9 1 19 150
2 56 30 43 2 22 0 0.29 M M 7.2 17 30 M M 10 16 22 30
3 30 23 27 -14 38 0 T M M 9.3 16 10 M M 10 16 21 340
4 35 23 29 -13 36 0 0.00 M M 6.4 14 300 M M 8 18 17 310
5 45 17 31 -11 34 0 0.00 M M 1.4 7 120 M M 0 11 110
6 52 21 37 -5 28 0 0.00 M M 1.7 9 170 M M 0 1 12 160
7 53 22 38 -4 27 0 0.00 M M 2.0 10 280 M M 0 15 50
8 66 24 45 3 20 0 0.00 M M 3.2 17 220 M M 0 26 220
9 67 28 48 6 17 0 0.00 M M 3.9 18 270 M M 0 25 280
10 66 30 48 5 17 0 0.00 M M 0.9 9 200 M M 0 11 200
11 71 30 51 8 14 0 0.00 M M 4.4 18 10 M M 2 25 330
12 54 23 39 -4 26 0 0.00 M M 7.3 17 340 M M 4 23 340
13 55 18 37 -6 28 0 0.00 M M 4.5 18 280 M M 0 25 270
14 69 23 46 2 19 0 0.00 M M 0.9 8 290 M M 0 8 11 320
15 67 29 48 4 17 0 0.00 M M 5.6 17 180 M M 2 8 24 210
16 69 56 63 19 2 0 T M M 6.2 17 180 M M 10 24 180
17 68 31 50 6 15 0 0.67 M M 10.6 28 270 M M 10 13 37 290
18 47 22 35 -10 30 0 0.00 M M 2.7 13 350 M M 1 17 320
19 58 23 41 -4 24 0 0.00 M M 3.2 9 100 M M 0 14 100
20 68 28 48 3 17 0 0.00 M M 4.4 15 180 M M 0 22 190
21 62 42 52 6 13 0 0.02 M M 3.8 10 100 M M 9 1 19 90
22 63 31 47 1 18 0 1.12 M M 9.7 33 290 M M 7 13 52 300
23 32 26 29 -17 36 0 0.13 M M 4.9 14 20 M M 10 12368 17 30
24 32 27 30 -16 35 0 T M M 4.6 17 290 M M 10 136 23 290
25 34 24 29 -18 36 0 0.00 M M 4.8 13 300 M M 7 17 310
26 34 29 32 -15 33 0 0.04 M M 3.7 9 80 M M 9 1 13 110
27 52 29 41 -6 24 0 0.00 M M 3.4 12 280 M M 5 18 13 300
28 64 25 45 -3 20 0 0.00 M M 1.7 9 320 M M 0 1 13 280
================================================================================
SM 1536 781 654 0 2.31 M 126.6 M 123
================================================================================
AV 54.9 27.9 4.5 FASTST M M 4 MAX(MPH)
MISC ----> 33 290 52 300
================================================================================
NOTES:
# LAST OF SEVERAL OCCURRENCES
COLUMN 17 PEAK WIND IN M.P.H.
PRELIMINARY LOCAL CLIMATOLOGICAL DATA (WS FORM: F-6) , PAGE 2
STATION: RUSSELLVILLE
MONTH: FEBRUARY
YEAR: 2022
LATITUDE: 35 15 N
LONGITUDE: 93 6 W
[TEMPERATURE DATA] [PRECIPITATION DATA] SYMBOLS USED IN COLUMN 16
AVERAGE MONTHLY: 41.4 TOTAL FOR MONTH: 2.31 1 = FOG OR MIST
DPTR FM NORMAL: -2.6 DPTR FM NORMAL: -0.79 2 = FOG REDUCING VISIBILITY
HIGHEST: 71 ON 11 GRTST 24HR 1.14 ON 21-22 TO 1/4 MILE OR LESS
LOWEST: 17 ON 5 3 = THUNDER
SNOW, ICE PELLETS, HAIL 4 = ICE PELLETS
TOTAL MONTH: M 5 = HAIL
GRTST 24HR M ON M 6 = FREEZING RAIN OR DRIZZLE
GRTST DEPTH: M ON M 7 = DUSTSTORM OR SANDSTORM:
VSBY 1/2 MILE OR LESS
8 = SMOKE OR HAZE
[NO. OF DAYS WITH] [WEATHER - DAYS WITH] 9 = BLOWING SNOW
X = TORNADO
MAX 32 OR BELOW: 3 0.01 INCH OR MORE: 7
MAX 90 OR ABOVE: 0 0.10 INCH OR MORE: 4
MIN 32 OR BELOW: 25 0.50 INCH OR MORE: 2
MIN 0 OR BELOW: 0 1.00 INCH OR MORE: 1
[HDD (BASE 65) ]
TOTAL THIS MO. 654 CLEAR (SCALE 0-3) 14
DPTR FM NORMAL 65 PTCLDY (SCALE 4-7) 5
TOTAL FM JUL 1 2410 CLOUDY (SCALE 8-10) 9
DPTR FM NORMAL -277
[CDD (BASE 65) ]
TOTAL THIS MO. 0
DPTR FM NORMAL -1 [PRESSURE DATA]
TOTAL FM JAN 1 0 HIGHEST SLP 30.59 ON 25
DPTR FM NORMAL -1 LOWEST SLP 29.60 ON 17
[REMARKS]
#FINAL-02-22#