000
CXUS53 KMPX 010910
CF6RWF
PRELIMINARY LOCAL CLIMATOLOGICAL DATA (WS FORM: F-6)
STATION: REDWOOD FALLS MN
MONTH: MAY
YEAR: 2022
LATITUDE: 44 32 N
LONGITUDE: 95 5 W
TEMPERATURE IN F: :PCPN: SNOW: WIND :SUNSHINE: SKY :PK WND
================================================================================
1 2 3 4 5 6A 6B 7 8 9 10 11 12 13 14 15 16 17 18
12Z AVG MX 2MIN
DY MAX MIN AVG DEP HDD CDD WTR SNW DPTH SPD SPD DIR MIN PSBL S-S WX SPD DR
================================================================================
1 45 39 42 -10 23 0 T M M 16.0 25 300 M M 10 1 37 290
2 44 37 41 -12 24 0 0.00 M M 8.3 16 340 M M 10 27 320
3 59 38 49 -4 16 0 0.00 M M 6.8 15 350 M M 5 23 350
4 62 37 50 -4 15 0 0.00 M M 5.6 15 150 M M 1 20 160
5 62 46 54 0 11 0 0.02 M M 4.6 16 130 M M 7 18 22 130
6 72 46 59 4 6 0 0.00 M M 7.1 15 130 M M 1 1 21 130
7 76 45 61 6 4 0 0.00 M M 21.4 35 150 M M 1 48 150
8 63 52 58 2 7 0 0.26 M M 12.2 24 140 M M 10 1 35 110
9 84 55 70 14 0 5 0.14 M M 18.8 33 130 M M 5 1 46 130
10 79 53 66 10 0 1 0.00 M M 5.9 16 20 M M 4 24 350
11 75 60 68 11 0 3 0.99 M M 9.2 29 60 M M 7 123 49 50
12 93 58 76 19 0 11 0.35 M M 12.0 41 260 M M 7 1238 59 250
13 75 56 66 8 0 1 T M M 12.2 22 260 M M 0 31 240
14 73 53 63 5 2 0 0.00 M M 11.3 24 320 M M 1 36 320
15 76 49 63 5 2 0 0.00 M M 10.8 22 290 M M 2 39 320
16 73 50 62 3 3 0 0.00 M M 10.1 21 300 M M 0 28 300
17 59 52 56 -3 9 0 0.33 M M 6.1 14 130 M M 9 1 20 130
18 77 53 65 5 0 0 0.00 M M 5.8 22 270 M M 3 12 29 270
19 76 50 63 3 2 0 T M M 9.4 29 320 M M 2 1 46 310
20 62 44 53 -7 12 0 0.01 M M 14.1 25 300 M M 7 13 36 300
21 54 40 47 -14 18 0 T M M 8.6 16 320 M M 7 22 340
22 60 39 50 -11 15 0 T M M 6.9 16 280 M M 4 22 310
23 67 37 52 -10 13 0 0.00 M M 9.5 16 140 M M 1 24 130
24 69 51 60 -2 5 0 0.00 M M 10.1 20 160 M M 2 31 100
25 53 49 51 -11 14 0 T M M 7.5 15 70 M M 10 1 23 60
26 66 48 57 -6 8 0 0.00 M M 7.4 14 330 M M 6 22 350
27 85 46 66 3 0 1 0.00 M M 9.8 22 180 M M 1 30 180
28 90 65 78 15 0 13 0.01 M M 12.2 25 210 M M 1 3 35 210
29 83 66 75 11 0 10 T M M 11.9 25 150 M M 4 3 34 150
30 82 61 72 8 0 7 0.59 M M 20.6 43 230 M M 5 13 60 230
31 66 54 60 -4 5 0 T M M 15.1 26 200 M M 9 36 190
================================================================================
SM 2160 1529 214 52 2.70 M 327.3 M 142
================================================================================
AV 69.7 49.3 10.6 FASTST M M 5 MAX(MPH)
MISC ----> 43 230 60 230
================================================================================
NOTES:
# LAST OF SEVERAL OCCURRENCES
COLUMN 17 PEAK WIND IN M.P.H.
PRELIMINARY LOCAL CLIMATOLOGICAL DATA (WS FORM: F-6) , PAGE 2
STATION: REDWOOD FALLS MN
MONTH: MAY
YEAR: 2022
LATITUDE: 44 32 N
LONGITUDE: 95 5 W
[TEMPERATURE DATA] [PRECIPITATION DATA] SYMBOLS USED IN COLUMN 16
AVERAGE MONTHLY: 59.5 TOTAL FOR MONTH: 2.70 1 = FOG OR MIST
DPTR FM NORMAL: 0.8 DPTR FM NORMAL: -0.95 2 = FOG REDUCING VISIBILITY
HIGHEST: 93 ON 12 GRTST 24HR 0.99 ON 11-11 TO 1/4 MILE OR LESS
LOWEST: 37 ON 23, 4 3 = THUNDER
SNOW, ICE PELLETS, HAIL 4 = ICE PELLETS
TOTAL MONTH: M 5 = HAIL
GRTST 24HR M ON M 6 = FREEZING RAIN OR DRIZZLE
GRTST DEPTH: M ON M 7 = DUSTSTORM OR SANDSTORM:
VSBY 1/2 MILE OR LESS
8 = SMOKE OR HAZE
[NO. OF DAYS WITH] [WEATHER - DAYS WITH] 9 = BLOWING SNOW
X = TORNADO
MAX 32 OR BELOW: 0 0.01 INCH OR MORE: 9
MAX 90 OR ABOVE: 2 0.10 INCH OR MORE: 6
MIN 32 OR BELOW: 0 0.50 INCH OR MORE: 2
MIN 0 OR BELOW: 0 1.00 INCH OR MORE: 0
[HDD (BASE 65) ]
TOTAL THIS MO. 214 CLEAR (SCALE 0-3) 12
DPTR FM NORMAL -22 PTCLDY (SCALE 4-7) 13
TOTAL FM JUL 1 7707 CLOUDY (SCALE 8-10) 6
DPTR FM NORMAL -63
[CDD (BASE 65) ]
TOTAL THIS MO. 52
DPTR FM NORMAL 11 [PRESSURE DATA]
TOTAL FM JAN 1 52 HIGHEST SLP 30.41 ON 22
DPTR FM NORMAL 8 LOWEST SLP 29.15 ON 19
[REMARKS]
#FINAL-05-22#