000
CXUS55 KCYS 230936
CF6RWL
PRELIMINARY LOCAL CLIMATOLOGICAL DATA (WS FORM: F-6)
STATION: RAWLINS WYOMING AIRPORT
MONTH: JUNE
YEAR: 2021
LATITUDE: 41 47 N
LONGITUDE: 107 12 W
TEMPERATURE IN F: :PCPN: SNOW: WIND :SUNSHINE: SKY :PK WND
================================================================================
1 2 3 4 5 6A 6B 7 8 9 10 11 12 13 14 15 16 17 18
12Z AVG MX 2MIN
DY MAX MIN AVG DEP HDD CDD WTR SNW DPTH SPD SPD DIR MIN PSBL S-S WX SPD DR
================================================================================
1 74 42 58 3 7 0 0.00 M M 8.2 24 350 M M 3 36 360
2 79 42 61 5 4 0 0.00 M M 5.2 16 10 M M 0 24 330
3 84 43 64 8 1 0 0.00 M M 4.9 16 10 M M 0 25 20
4 90 43 67 11 0 2 0.00 M M 6.0 22 330 M M 0 28 330
5 86 50 68 11 0 3 T M M 12.3 33 270 M M 1 47 250
6 85 62 74 17 0 9 T M M 13.2 30 200 M M 1 52 210
7 87 57 72 15 0 7 0.00 M M 11.2 23 250 M M 0 43 230
8 85 45 65 7 0 0 T M M 14.6 36 210 M M 0 50 220
9 87 43 65 7 0 0 0.00 M M 8.4 23 210 M M 0 33 210
10 86 47 67 9 0 2 0.00 M M 23.4 47 270 M M 0 66 270
11 76 38 57 -1 8 0 0.00 M M 12.3 23 250 M M 0 33 230
12 86 34 60 1 5 0 0.00 M M 5.7 23 240 M M 0 34 250
13 91 43 67 8 0 2 0.00 M M 6.1 18 60 M M 0 26 50
14 94 48 71 12 0 6 T M M 7.1 21 220 M M 0 28 230
15 96 45 71 11 0 6 0.00 M M 5.6 21 260 M M 0 32 290
16 96 54 75 15 0 10 0.00 M M 7.8 25 270 M M 0 39 270
17 94 54 74 14 0 9 T M M 15.1 35 270 M M 0 47 280
18 91 49 70 9 0 5 0.00 M M 8.5 28 250 M M 0 41 290
19 86 54 70 9 0 5 T M M 14.3 26 240 M M 1 3 39 240
20 83 46 65 4 0 0 0.01 M M 11.7 30 30 M M 2 42 50
21 80 40 60 -2 5 0 0.00 M M 4.7 18 300 M M 1 25 240
22 92 55 74 12 0 9 0.01 M M 12.7 38 260 M M 0 53 290
23 89 54 72 10 0 7 0.00 M M 11.4 30 260 M M 1 44 250
24 83 56 70 7 0 5 0.10 M M 10.9 35 250 M M 4 13 47 250
25 63 51 57 -6 8 0 0.56 M M 6.6 15 20 M M 9 1 17 20
26 66 48 57 -6 8 0 0.15 M M 5.8 21 360 M M 8 13 30 10
27 67 44 56 -8 9 0 0.02 M M 6.8 28 10 M M 7 3 39 10
28 70 45 58 -6 7 0 0.08 M M 6.3 22 100 M M 3 1 31 90
29 79 45 62 -2 3 0 0.00 M M 7.6 18 90 M M 0 26 70
30 82 49 66 2 0 1 T M M 7.3 22 250 M M 3 3 28 250
================================================================================
SM 2507 1426 65 88 0.93 M 281.7 M 44
================================================================================
AV 83.6 47.5 9.4 FASTST M M 1 MAX(MPH)
MISC ----> 47 270 66 270
================================================================================
NOTES:
# LAST OF SEVERAL OCCURRENCES
COLUMN 17 PEAK WIND IN M.P.H.
PRELIMINARY LOCAL CLIMATOLOGICAL DATA (WS FORM: F-6) , PAGE 2
STATION: RAWLINS WYOMING AIRPORT
MONTH: JUNE
YEAR: 2021
LATITUDE: 41 47 N
LONGITUDE: 107 12 W
[TEMPERATURE DATA] [PRECIPITATION DATA] SYMBOLS USED IN COLUMN 16
AVERAGE MONTHLY: 65.6 TOTAL FOR MONTH: 0.93 1 = FOG OR MIST
DPTR FM NORMAL: 5.7 DPTR FM NORMAL: 0.06 2 = FOG REDUCING VISIBILITY
HIGHEST: 96 ON 16,15 GRTST 24HR 0.66 ON 24-25 TO 1/4 MILE OR LESS
LOWEST: 34 ON 12 3 = THUNDER
SNOW, ICE PELLETS, HAIL 4 = ICE PELLETS
TOTAL MONTH: M 5 = HAIL
GRTST 24HR M ON M 6 = FREEZING RAIN OR DRIZZLE
GRTST DEPTH: M ON M 7 = DUSTSTORM OR SANDSTORM:
VSBY 1/2 MILE OR LESS
8 = SMOKE OR HAZE
[NO. OF DAYS WITH] [WEATHER - DAYS WITH] 9 = BLOWING SNOW
X = TORNADO
MAX 32 OR BELOW: 0 0.01 INCH OR MORE: 7
MAX 90 OR ABOVE: 8 0.10 INCH OR MORE: 3
MIN 32 OR BELOW: 0 0.50 INCH OR MORE: 1
MIN 0 OR BELOW: 0 1.00 INCH OR MORE: 0
[HDD (BASE 65) ]
TOTAL THIS MO. 65 CLEAR (SCALE 0-3) 24
DPTR FM NORMAL -109 PTCLDY (SCALE 4-7) 5
TOTAL FM JUL 1 8088 CLOUDY (SCALE 8-10) 1
DPTR FM NORMAL -78
[CDD (BASE 65) ]
TOTAL THIS MO. 88
DPTR FM NORMAL 67 [PRESSURE DATA]
TOTAL FM JAN 1 88 HIGHEST SLP 30.22 ON 28
DPTR FM NORMAL 66 LOWEST SLP 29.55 ON 6
[REMARKS]
JUNE 4TH...RECORD HIGH 90 DEGREES (PREVIOUS 88 DEGREES IN 1997)
JUNE 13TH...RECORD HIGH 91 DEGREES (PREVIOUS 90 DEGREES IN 2006)
JUNE 14TH...RECORD HIGH 94 DEGREES (PREVIOUS 90 DEGREES IN 2010)
JUNE 15TH...RECORD HIGH 96 DEGREES (PREVIOUS 89 DEGREES IN 2018)
JUNE 16TH...RECORD HIGH 96 DEGRRES (PREVIOUS 90 DEGREES IN 2007)
JUNE 17TH...RECORD HIGH 94 DEGREES (PREVIOUS 87 DEGREES IN 2012)
JUNE 18TH...RECORD HIGH 91 DEGREES (PREVIOUS 89 DEGREES IN 2016)
MEAN TEMPERATURE 65.6 DEGREES WAS 3RD WARMEST FOR JUNE
#FINAL-06-21#