000
CXUS55 KPIH 011200
CF6RXE
PRELIMINARY LOCAL CLIMATOLOGICAL DATA (WS FORM: F-6)
STATION: REXBURG
MONTH: JANUARY
YEAR: 2022
LATITUDE: 43 49 N
LONGITUDE: 111 48 W
TEMPERATURE IN F: :PCPN: SNOW: WIND :SUNSHINE: SKY :PK WND
================================================================================
1 2 3 4 5 6A 6B 7 8 9 10 11 12 13 14 15 16 17 18
12Z AVG MX 2MIN
DY MAX MIN AVG DEP HDD CDD WTR SNW DPTH SPD SPD DIR MIN PSBL S-S WX SPD DR
================================================================================
1 8 -9 0 -20 65 0 T M M 5.2 17 210 M M 8 128 25 200
2 17 -3 7 -13 58 0 0.00 M M 4.1 8 70 M M 4 18 10 80
3 21 1 11 -9 54 0 0.00 M M 4.3 10 60 M M 4 13 30
4 29 21 25 5 40 0 0.05 M M 9.6 20 200 M M 8 18 28 190
5 31 24 28 8 37 0 0.08 M M 4.2 16 240 M M 10 22 230
6 38 23 31 11 34 0 0.05 M M 3.6 18 220 M M 10 1 28 190
7 40 32 36 16 29 0 0.00 M M 15.4 31 220 M M 4 49 210
8 33 18 26 6 39 0 0.00 M M 11.1 26 220 M M 4 40 230
9 27 6 17 -3 48 0 0.00 M M 2.8 8 60 M M 4 11 50
10 27 1 14 -6 51 0 0.00 M M 3.4 7 20 M M 0 9 70
11 25 0 13 -7 52 0 0.00 M M 2.2 9 50 M M 5 12 50
12 34 14 24 4 41 0 0.00 M M 2.3 9 40 M M 3 12 30
13 35 11 23 3 42 0 0.00 M M 3.2 10 10 M M 1 12 360
14 26 18 22 2 43 0 0.00 M M 3.6 9 200 M M 9 12 14 180
15 22 15 19 -1 46 0 0.00 M M 4.2 10 60 M M 6 1 15 60
16 32 10 21 1 44 0 0.00 M M 2.6 6 30 M M 1 8 80
17 31 7 19 -1 46 0 0.00 M M 1.6 7 50 M M 3 8 9 50
18 27 10 19 -1 46 0 0.00 M M 3.4 14 240 M M 8 18 16 230
19 23 20 22 2 43 0 0.00 M M 4.3 8 210 M M 10 1 11 200
20 23 19 21 1 44 0 0.27 M M 4.3 9 160 M M 10 12 13 160
21 26 20 23 3 42 0 0.01 M M 2.3 8 230 M M 10 1 11 240
22 22 18 20 -1 45 0 0.00 M M 2.5 7 150 M M 10 10 30
23 18 13 16 -5 49 0 T M M 2.8 7 90 M M 10 1 10 90
24 18 11 15 -6 50 0 0.03 M M 3.9 8 40 M M 8 18 11 350
25 21 -3 9 -12 56 0 T M M 4.0 10 200 M M 2 128 14 200
26 15 -4 6 -15 59 0 T M M 2.1 7 50 M M 5 128 9 50
27 18 -9 5 -16 60 0 0.00 M M 2.1 7 70 M M 2 18 10 60
28 19 -9 5 -16 60 0 0.00 M M 3.3 6 70 M M 0 18 8 50
29 23 -9 7 -14 58 0 0.00 M M 3.0 8 10 M M 0 10 80
30 22 -9 7 -14 58 0 0.00 M M 3.4 7 50 M M 0 9 60
31 27 -1 13 -8 52 0 0.00 M M 7.2 18 210 M M 4 26 220
================================================================================
SM 778 256 1491 0 0.49 M 132.0 M 163
================================================================================
AV 25.1 8.3 4.3 FASTST M M 5 MAX(MPH)
MISC ----> 31 220 49 210
================================================================================
NOTES:
# LAST OF SEVERAL OCCURRENCES
COLUMN 17 PEAK WIND IN M.P.H.
PRELIMINARY LOCAL CLIMATOLOGICAL DATA (WS FORM: F-6) , PAGE 2
STATION: REXBURG
MONTH: JANUARY
YEAR: 2022
LATITUDE: 43 49 N
LONGITUDE: 111 48 W
[TEMPERATURE DATA] [PRECIPITATION DATA] SYMBOLS USED IN COLUMN 16
AVERAGE MONTHLY: 16.7 TOTAL FOR MONTH: 0.49 1 = FOG OR MIST
DPTR FM NORMAL: -3.6 DPTR FM NORMAL: -0.56 2 = FOG REDUCING VISIBILITY
HIGHEST: 40 ON 7 GRTST 24HR 0.50 ON 7- 7 TO 1/4 MILE OR LESS
LOWEST: -9 ON 30,29 3 = THUNDER
SNOW, ICE PELLETS, HAIL 4 = ICE PELLETS
TOTAL MONTH: M 5 = HAIL
GRTST 24HR M ON M 6 = FREEZING RAIN OR DRIZZLE
GRTST DEPTH: M ON M 7 = DUSTSTORM OR SANDSTORM:
VSBY 1/2 MILE OR LESS
8 = SMOKE OR HAZE
[NO. OF DAYS WITH] [WEATHER - DAYS WITH] 9 = BLOWING SNOW
X = TORNADO
MAX 32 OR BELOW: 26 0.01 INCH OR MORE: 6
MAX 90 OR ABOVE: 0 0.10 INCH OR MORE: 1
MIN 32 OR BELOW: 31 0.50 INCH OR MORE: 0
MIN 0 OR BELOW: 10 1.00 INCH OR MORE: 0
[HDD (BASE 65) ]
TOTAL THIS MO. 1491 CLEAR (SCALE 0-3) 9
DPTR FM NORMAL 107 PTCLDY (SCALE 4-7) 13
TOTAL FM JUL 1 4241 CLOUDY (SCALE 8-10) 9
DPTR FM NORMAL -398
[CDD (BASE 65) ]
TOTAL THIS MO. 0
DPTR FM NORMAL 0 [PRESSURE DATA]
TOTAL FM JAN 1 0 HIGHEST SLP 31.02 ON 28
DPTR FM NORMAL 0 LOWEST SLP 29.56 ON 7
[REMARKS]
#FINAL-01-22#