000
CXUS54 KEWX 011010
CF6RYW
PRELIMINARY LOCAL CLIMATOLOGICAL DATA (WS FORM: F-6)
STATION: LAGO VISTA
MONTH: OCTOBER
YEAR: 2021
LATITUDE: 30 30 N
LONGITUDE: 97 58 W
TEMPERATURE IN F: :PCPN: SNOW: WIND :SUNSHINE: SKY :PK WND
================================================================================
1 2 3 4 5 6A 6B 7 8 9 10 11 12 13 14 15 16 17 18
12Z AVG MX 2MIN
DY MAX MIN AVG DEP HDD CDD WTR SNW DPTH SPD SPD DIR MIN PSBL S-S WX SPD DR
================================================================================
1 88 65 77 M 0 12 0.31 M M 4.3 18 300 M M 6 13 23 300
2 90 68 79 M 0 14 0.00 M M 2.4 7 270 M M 6 8 M M
3 89 67 78 M 0 13 0.00 M M 4.7 7 30 M M 1 8 M M
4 90 65 78 M 0 13 0.00 M M 5.6 12 20 M M 1 8 16 20
5 89 63 76 M 0 11 0.00 M M 5.1 13 360 M M 0 17 360
6 90 63 77 M 0 12 0.00 M M 3.2 7 120 M M 2 M M
7 91 66 79 M 0 14 0.00 M M 6.0 10 210 M M 0 16 190
8 92 67 80 M 0 15 0.00 M M 5.8 9 190 M M 0 M M
9 90 64 77 M 0 12 0.00 M M 6.9 9 170 M M 1 20 150
10 91 62 77 M 0 12 0.24 M M 10.7 20 190 M M 9 30 190
11 86 59 73 M 0 8 0.00 M M 3.9 7 80 M M 2 M M
12 83 69 76 M 0 11 0.10 M M 8.3 15 160 M M 9 13 25 160
13 87 65 76 M 0 11 2.76 M M 8.7 14 180 M M 9 3 26 180
14 80 66 73 M 0 8 0.34 M M 3.3 9 50 M M 7 12 16 50
15 88 59 74 M 0 9 0.00 M M 7.2 16 10 M M 5 12 24 10
16 74 50 62 M 3 0 0.00 M M 8.2 13 40 M M 0 18 10
17 77 47 62 M 3 0 0.00 M M 4.1 8 10 M M 0 M M
18 79 49 64 M 1 0 0.00 M M 4.3 7 160 M M 0 M M
19 82 56 69 M 0 4 0.00 M M 5.7 8 170 M M 1 20 150
20 84 65 75 M 0 10 0.00 M M 3.0 9 160 M M 6 1 M M
21 88 64 76 M 0 11 0.00 M M 1.6 6 90 M M 3 M M
22 89 64 77 M 0 12 0.00 M M 3.9 7 130 M M 2 M M
23 88 67 78 M 0 13 0.00 M M 7.8 12 140 M M 6 18 170
24 88 67 78 M 0 13 0.00 M M 5.2 10 170 M M 7 1 21 160
25 91 69 80 M 0 15 0.00 M M 4.8 8 150 M M 2 17 150
26 88 69 79 M 0 14 0.00 M M 8.7 16 150 M M 7 25 150
27 75 59 67 M 0 2 0.49 M M 12.7 24 310 M M 3 51 310
28 76 53 65 M 0 0 0.00 M M 12.6 29 310 M M 0 43 320
29 74 52 63 M 2 0 0.00 M M 9.8 16 310 M M 0 28 340
30 83 46 65 M 0 0 0.00 M M 5.2 9 270 M M 0 M M
31 84 57 71 M 0 6 0.00 M M 6.5 10 210 M M 0 M M
================================================================================
SM 2644 1902 9 275 4.24 M 190.0 M 95
================================================================================
AV 85.3 61.4 6.1 FASTST M M 3 MAX(MPH)
MISC ----> 29 310 51 310
================================================================================
NOTES:
# LAST OF SEVERAL OCCURRENCES
COLUMN 17 PEAK WIND IN M.P.H.
PRELIMINARY LOCAL CLIMATOLOGICAL DATA (WS FORM: F-6) , PAGE 2
STATION: LAGO VISTA
MONTH: OCTOBER
YEAR: 2021
LATITUDE: 30 30 N
LONGITUDE: 97 58 W
[TEMPERATURE DATA] [PRECIPITATION DATA] SYMBOLS USED IN COLUMN 16
AVERAGE MONTHLY: 73.3 TOTAL FOR MONTH: 4.24 1 = FOG OR MIST
DPTR FM NORMAL: 0.0 DPTR FM NORMAL: M 2 = FOG REDUCING VISIBILITY
HIGHEST: 92 ON 8 GRTST 24HR 2.76 ON 13-13 TO 1/4 MILE OR LESS
LOWEST: 46 ON 30 3 = THUNDER
SNOW, ICE PELLETS, HAIL 4 = ICE PELLETS
TOTAL MONTH: M 5 = HAIL
GRTST 24HR M ON M 6 = FREEZING RAIN OR DRIZZLE
GRTST DEPTH: M ON M 7 = DUSTSTORM OR SANDSTORM:
VSBY 1/2 MILE OR LESS
8 = SMOKE OR HAZE
[NO. OF DAYS WITH] [WEATHER - DAYS WITH] 9 = BLOWING SNOW
X = TORNADO
MAX 32 OR BELOW: 0 0.01 INCH OR MORE: 6
MAX 90 OR ABOVE: 8 0.10 INCH OR MORE: 6
MIN 32 OR BELOW: 0 0.50 INCH OR MORE: 1
MIN 0 OR BELOW: 0 1.00 INCH OR MORE: 1
[HDD (BASE 65) ]
TOTAL THIS MO. 9 CLEAR (SCALE 0-3) 19
DPTR FM NORMAL M PTCLDY (SCALE 4-7) 9
TOTAL FM JUL 1 9 CLOUDY (SCALE 8-10) 3
DPTR FM NORMAL M
[CDD (BASE 65) ]
TOTAL THIS MO. 275
DPTR FM NORMAL M [PRESSURE DATA]
TOTAL FM JAN 1 2916 HIGHEST SLP M ON M
DPTR FM NORMAL M LOWEST SLP M ON M
[REMARKS]
#FINAL-10-21#