000
CXUS56 KSTO 270202
CF6SAC
PRELIMINARY LOCAL CLIMATOLOGICAL DATA (WS FORM: F-6)
STATION: SACRAMENTO EXEC. AIRPORT CA
MONTH: MAY
YEAR: 2022
LATITUDE: 38 31 N
LONGITUDE: 121 30 W
TEMPERATURE IN F: :PCPN: SNOW: WIND :SUNSHINE: SKY :PK WND
================================================================================
1 2 3 4 5 6A 6B 7 8 9 10 11 12 13 14 15 16 17 18
12Z AVG MX 2MIN
DY MAX MIN AVG DEP HDD CDD WTR SNW DPTH SPD SPD DIR MIN PSBL S-S WX SPD DR
================================================================================
1 83 46 65 2 0 0 0.00 M M 8.8 21 310 M M 0 26 310
2 74 51 63 0 2 0 0.00 M M 10.0 20 340 M M 0 26 340
3 82 53 68 5 0 3 0.00 M M 11.5 28 350 M M 0 37 330
4 88 48 68 4 0 3 0.00 0.0 M 4.9 12 210 M M 0 16 200
5 76 53 65 1 0 0 0.00 0.0 M 9.4 17 230 M M 1 22 230
6 77 54 66 2 0 1 0.00 0.0 M 9.0 20 220 M M 3 25 200
7 75 50 63 -1 2 0 0.00 0.0 M 6.3 17 230 M M 0 23 210
8 68 43 56 -8 9 0 0.01 0.0 M 10.0 23 260 M M 1 30 300
9 66 44 55 -10 10 0 0.00 0.0 M 9.2 22 240 M M 3 30 230
10 63 39 51 -14 14 0 T M M 5.1 21 250 M M 2 3 26 240
11 73 38 56 -9 9 0 0.00 M M 7.0 18 230 M M 0 24 230
12 73 47 60 -5 5 0 0.00 M M 6.9 16 210 M M 1 21 230
13 83 46 65 -1 0 0 0.00 0.0 M 4.5 14 220 M M 0 18 220
14 91 52 72 6 0 7 0.00 0.0 M 4.7 15 320 M M 0 20 300
15 89 56 73 7 0 8 0.00 0.0 M 7.6 21 230 M M 0 27 230
16 82 53 68 2 0 3 0.00 0.0 M 7.9 16 220 M M 0 21 230
17 93 52 73 7 0 8 0.00 0.0 M 5.5 17 220 M M 0 8 21 220
18 100 52 76 9 0 11 0.00 M M 7.4 21 320 M M 0 26 310
19 93 64 79 12 0 14 0.00 M M 10.1 21 330 M M 0 28 330
20 84 58 71 4 0 6 0.00 0.0 M 18.8 32 330 M M 0 43 320
21 89 50 70 3 0 5 0.00 0.0 M 5.5 14 230 M M 0 22 330
22 92 52 72 4 0 7 0.00 0.0 M 4.6 14 220 M M 0 19 300
23 96 53 75 7 0 10 0.00 0.0 M 7.3 17 340 M M 0 22 310
24 100 58 79 11 0 14 0.00 0.0 M 6.9 18 350 M M 0 23 340
25 102 62 82 14 0 17 0.00 0.0 M 5.3 13 200 M M 0 21 210
26 77 57 67 -1 0 2 0.00 M M 11.8 25 220 M M 0 31 220
27 79 55 67 -1 0 2 T M M 10.5 22 220 M M 0 28 220
28 80 56 68 -1 0 3 T M M 10.4 25 210 M M 2 35 210
29 82 51 67 -2 0 2 0.00 0.0 M 8.8 23 320 M M 0 28 310
30 84 50 67 -2 0 2 0.00 M M 8.5 21 330 M M 0 28 300
31 89 52 71 2 0 6 0.00 M M 9.2 21 300 M M 0 27 290
================================================================================
SM 2583 1595 51 134 0.01 0.0 253.4 M 13
================================================================================
AV 83.3 51.5 8.2 FASTST M M 0 MAX(MPH)
MISC ----> 32 330 43 320
================================================================================
NOTES:
# LAST OF SEVERAL OCCURRENCES
COLUMN 17 PEAK WIND IN M.P.H.
PRELIMINARY LOCAL CLIMATOLOGICAL DATA (WS FORM: F-6) , PAGE 2
STATION: SACRAMENTO EXEC. AIRPORT CA
MONTH: MAY
YEAR: 2022
LATITUDE: 38 31 N
LONGITUDE: 121 30 W
[TEMPERATURE DATA] [PRECIPITATION DATA] SYMBOLS USED IN COLUMN 16
AVERAGE MONTHLY: 67.4 TOTAL FOR MONTH: 0.01 1 = FOG OR MIST
DPTR FM NORMAL: 1.3 DPTR FM NORMAL: -0.74 2 = FOG REDUCING VISIBILITY
HIGHEST: 102 ON 25 GRTST 24HR 0.01 ON 8- 8 TO 1/4 MILE OR LESS
LOWEST: 38 ON 11 3 = THUNDER
SNOW, ICE PELLETS, HAIL 4 = ICE PELLETS
TOTAL MONTH: 0.0 INCH 5 = HAIL
GRTST 24HR 0.0 6 = FREEZING RAIN OR DRIZZLE
GRTST DEPTH: M ON M 7 = DUSTSTORM OR SANDSTORM:
VSBY 1/2 MILE OR LESS
8 = SMOKE OR HAZE
[NO. OF DAYS WITH] [WEATHER - DAYS WITH] 9 = BLOWING SNOW
X = TORNADO
MAX 32 OR BELOW: 0 0.01 INCH OR MORE: 1
MAX 90 OR ABOVE: 8 0.10 INCH OR MORE: 0
MIN 32 OR BELOW: 0 0.50 INCH OR MORE: 0
MIN 0 OR BELOW: 0 1.00 INCH OR MORE: 0
[HDD (BASE 65) ]
TOTAL THIS MO. 51 CLEAR (SCALE 0-3) 30
DPTR FM NORMAL -9 PTCLDY (SCALE 4-7) 1
TOTAL FM JUL 1 2355 CLOUDY (SCALE 8-10) 0
DPTR FM NORMAL -73
[CDD (BASE 65) ]
TOTAL THIS MO. 134
DPTR FM NORMAL 39 [PRESSURE DATA]
TOTAL FM JAN 1 154 HIGHEST SLP 30.30 ON 12
DPTR FM NORMAL 40 LOWEST SLP 29.69 ON 25
[REMARKS]
#FINAL-05-22#