000
CXUS56 KSTO 030343
CLMSAC
CLIMATE REPORT
NATIONAL WEATHER SERVICE SACRAMENTO
743 PM PST FRI FEB 02 2024
...................................
...THE SACRAMENTO EXEC AP CLIMATE SUMMARY FOR THE MONTH OF JANUARY 2024...
CLIMATE NORMAL PERIOD: 1991 TO 2020
CLIMATE RECORD PERIOD: 1877 TO 2024
WEATHER OBSERVED NORMAL DEPART LAST YEAR`S
VALUE DATE(S) VALUE FROM VALUE DATE(S)
NORMAL
................................................................
TEMPERATURE (F)
RECORD
HIGH 76 01/24/2014
LOW 20 01/05/1950
HIGHEST 71 01/28 MM MM 68 01/25
01/29
LOWEST 33 01/07 MM MM 29 01/31
AVG. MAXIMUM 58.2 56.0 2.2 57.1
AVG. MINIMUM 43.5 39.2 4.3 40.9
MEAN 50.9 47.6 3.3 49.0
DAYS MAX >= 90 0 0.0 0.0 0
DAYS MAX >= 105 0 30
DAYS MAX >= 100 0 0
DAYS MAX <= 50 2 0
DAYS MIN <= 32 0 5.0 -5.0 3
DAYS MIN >= 70 0 0
DAYS MIN <= 40 0 0
DAYS MIN <= 32 0 0
PRECIPITATION (INCHES)
RECORD
MAXIMUM 9.92 2017
MINIMUM T 2015
TOTALS 3.53 3.66 -0.13 5.12
DAILY AVG. 0.11 0.12 -0.01 0.18
DAYS >= .01 12 10.0 2.0 14
DAYS >= .10 9 6.6 2.4 12
DAYS >= .50 1 2.4 -1.4 3
DAYS >= 1.00 0 0.8 -0.8 0
DAYS >= %-5.2F 0 0
DAYS >= %-5.2F 0 0
GREATEST
24 HR. TOTAL 0.86 01/20 TO 01/21 2.11 12/31 TO 12/31
STORM TOTAL 0.77 0.99
(MM/DD(HH)) MM
DEGREE DAYS
HEATING TOTAL 432 539 -107 472
SINCE 7/1 1206 1506 -300 MM
COOLING TOTAL 0 0 0 0
SINCE 1/1 0 0 0 MM
FREEZE DATES
RECORD
EARLIEST MM
LATEST MM
EARLIEST 11/26
LATEST 02/22
................................................................
WIND (MPH)
AVERAGE WIND SPEED 5.1
HIGHEST WIND SPEED/DIRECTION 24/130 DATE 01/31
HIGHEST GUST SPEED/DIRECTION 39/140 DATE 01/31
SKY COVER
POSSIBLE SUNSHINE (PERCENT) MM
AVERAGE SKY COVER 0.48
NUMBER OF DAYS FAIR 12
NUMBER OF DAYS PC 11
NUMBER OF DAYS CLOUDY 8
AVERAGE RH (PERCENT) 79
WEATHER CONDITIONS. NUMBER OF DAYS WITH
THUNDERSTORM 0 MIXED PRECIP 0
HEAVY RAIN 3 RAIN 7
LIGHT RAIN 16 FREEZING RAIN 0
LT FREEZING RAIN 0 HAIL 0
HEAVY SNOW 0 SNOW 0
LIGHT SNOW 0 SLEET 0
FOG 24 FOG W/VIS <= 1/4 MILE 3
HAZE 1
- INDICATES NEGATIVE NUMBERS.
R INDICATES RECORD WAS SET OR TIED.
MM INDICATES DATA IS MISSING.
T INDICATES TRACE AMOUNT.
$$