000
CXUS55 KTWC 011653
CF6SAD
PRELIMINARY LOCAL CLIMATOLOGICAL DATA (WS FORM: F-6)
STATION: SAFFORD AZ AIRPORT
MONTH: JUNE
YEAR: 2020
LATITUDE: 32 50 N
LONGITUDE: 109 38 W
TEMPERATURE IN F: :PCPN: SNOW: WIND :SUNSHINE: SKY :PK WND
================================================================================
1 2 3 4 5 6A 6B 7 8 9 10 11 12 13 14 15 16 17 18
12Z AVG MX 2MIN
DY MAX MIN AVG DEP HDD CDD WTR SNW DPTH SPD SPD DIR MIN PSBL S-S WX SPD DR
================================================================================
1 103 70 87 8 0 22 0.00 M M 8.0 20 330 M M 0 26 330
2 103 72 88 9 0 23 0.00 M M 8.5 26 30 M M 0 37 30
3 106 66 86 7 0 21 0.00 M M 7.2 17 310 M M 0 22 290
4 108 69 89 9 0 24 0.00 M M 6.3 15 280 M M 0 17 280
5 110 71 91 11 0 26 0.00 M M 8.7 38 150 M M 0 49 150
6 98 74 86 6 0 21 0.00 M M 10.7 22 310 M M 0 28 310
7 97 59 78 -2 0 13 0.00 M M 9.0 26 300 M M 0 37 310
8 91 62 77 -4 0 12 0.00 M M 15.0 32 300 M M 0 42 310
9 90 50 70 -11 0 5 0.00 M M 6.5 15 280 M M 0 19 260
10 100 52 76 -5 0 11 0.00 M M 5.9 16 130 M M 0 22 130
11 107 61 84 2 0 19 0.00 M M 8.7 29 130 M M 0 38 120
12 106 71 89 7 0 24 0.00 M M 9.2 24 100 M M 0 32 90
13 102 75 89 7 0 24 T M M 10.1 23 240 M M 0 30 100
14 103 76 90 8 0 25 T M M 8.8 28 240 M M 0 3 43 230
15 104 64 84 1 0 19 T M M 7.8 28 200 M M 1 3 37 200
16 103 73 88 5 0 23 0.00 M M 10.3 23 290 M M 0 30 280
17 102 64 83 0 0 18 0.00 M M 9.7 26 290 M M 2 34 270
18 100 60 80 -4 0 15 0.00 M M 6.4 16 310 M M 0 21 340
19 101 60 81 -3 0 16 0.00 M M 6.2 17 280 M M 0 22 280
20 102 61 82 -2 0 17 0.00 M M 6.6 17 290 M M 1 23 290
21 104 64 84 0 0 19 0.00 M M 8.3 18 290 M M 0 23 310
22 106 67 87 3 0 22 0.00 M M 10.8 22 290 M M M 28 270
23 107 66 87 2 0 22 0.00 M M 11.0 25 290 M M M 35 280
24 109 66 88 3 0 23 0.00 M M 9.9 25 290 M M M 34 290
25 108 68 88 3 0 23 0.00 M M 9.2 24 320 M M M 31 320
26 106 67 87 2 0 22 0.00 M M 8.2 25 300 M M M 35 320
27 99 72 86 0 0 21 T M M 6.4 38 260 M M M 3 63 290
28 100 73 87 1 0 22 0.00 M M 11.4 24 290 M M M 36 290
29 99 71 85 -1 0 20 0.00 M M 12.8 30 270 M M 0 43 290
30 97 67 82 -4 0 17 0.00 M M 8.3 21 280 M M 0 28 290
================================================================================
SM 3071 1991 0 589 T M 265.9 M 4
================================================================================
AV102.4 66.4 8.9 FASTST M M 0 MAX(MPH)
MISC ----> # 38 150 63 290
================================================================================
NOTES:
# LAST OF SEVERAL OCCURRENCES
COLUMN 17 PEAK WIND IN M.P.H.
PRELIMINARY LOCAL CLIMATOLOGICAL DATA (WS FORM: F-6) , PAGE 2
STATION: SAFFORD AZ AIRPORT
MONTH: JUNE
YEAR: 2020
LATITUDE: 32 50 N
LONGITUDE: 109 38 W
[TEMPERATURE DATA] [PRECIPITATION DATA] SYMBOLS USED IN COLUMN 16
AVERAGE MONTHLY: 84.4 TOTAL FOR MONTH: T 1 = FOG OR MIST
DPTR FM NORMAL: 1.7 DPTR FM NORMAL: -0.44 2 = FOG REDUCING VISIBILITY
HIGHEST: 110 ON 5 GRTST 24HR T ON 13-13 TO 1/4 MILE OR LESS
LOWEST: 50 ON 9 3 = THUNDER
SNOW, ICE PELLETS, HAIL 4 = ICE PELLETS
TOTAL MONTH: M 5 = HAIL
GRTST 24HR M ON M 6 = FREEZING RAIN OR DRIZZLE
GRTST DEPTH: M ON M 7 = DUSTSTORM OR SANDSTORM:
VSBY 1/2 MILE OR LESS
8 = SMOKE OR HAZE
[NO. OF DAYS WITH] [WEATHER - DAYS WITH] 9 = BLOWING SNOW
X = TORNADO
MAX 32 OR BELOW: 0 0.01 INCH OR MORE: 0
MAX 90 OR ABOVE: 30 0.10 INCH OR MORE: 0
MIN 32 OR BELOW: 0 0.50 INCH OR MORE: 0
MIN 0 OR BELOW: 0 1.00 INCH OR MORE: 0
[HDD (BASE 65) ]
TOTAL THIS MO. 0 CLEAR (SCALE 0-3) 23
DPTR FM NORMAL 0 PTCLDY (SCALE 4-7) 0
TOTAL FM JUL 1 2140 CLOUDY (SCALE 8-10) 7
DPTR FM NORMAL -126
[CDD (BASE 65) ]
TOTAL THIS MO. 589
DPTR FM NORMAL 58 [PRESSURE DATA]
TOTAL FM JAN 1 1103 HIGHEST SLP 30.03 ON 12
DPTR FM NORMAL 215 LOWEST SLP 29.49 ON 5
[REMARKS]
#FINAL-06-20#