000
CXUS54 KEWX 261428
CF6SAT
PRELIMINARY LOCAL CLIMATOLOGICAL DATA (WS FORM: F-6)
STATION: SAN ANTONIO
MONTH: APRIL
YEAR: 2021
LATITUDE: 29 31 N
LONGITUDE: 98 28 W
TEMPERATURE IN F: :PCPN: SNOW: WIND :SUNSHINE: SKY :PK WND
================================================================================
1 2 3 4 5 6A 6B 7 8 9 10 11 12 13 14 15 16 17 18
12Z AVG MX 2MIN
DY MAX MIN AVG DEP HDD CDD WTR SNW DPTH SPD SPD DIR MIN PSBL S-S WX SPD DR
================================================================================
1 71 50 61 -5 4 0 0.00 0.0 0 9.9 18 40 M M 6 29 40
2 75 50 63 -4 2 0 0.00 0.0 0 10.8 23 130 M M 7 31 120
3 72 54 63 -4 2 0 0.01 0.0 0 11.3 25 130 M M 9 3 32 120
4 76 57 67 0 0 2 0.06 0.0 0 7.7 20 130 M M 9 3 24 130
5 81 59 70 3 0 5 0.00 0.0 0 9.6 23 130 M M 9 31 140
6 90 68 79 11 0 14 T 0.0 0 16.4 30 140 M M 8 38 140
7 94 63 79 11 0 14 0.00 0.0 0 8.6 22 160 M M 6 29 160
8 94 63 79 11 0 14 T 0.0 0 7.9 22 150 M M 5 1 28 150
9 95 67 81 13 0 16 0.00 0.0 0 8.9 17 140 M M 5 1 23 130
10 87 61 74 6 0 9 0.00 0.0 0 12.0 28 10 M M 1 38 10
11 89 52 71 3 0 6 0.00 0.0 0 5.3 18 150 M M 3 25 140
12 92 67 80 11 0 15 0.00 0.0 0 11.6 23 120 M M 7 31 120
13 84 71 78 9 0 13 0.00 0.0 0 7.4 15 10 M M 9 20 50
14 87 70 79 10 0 14 T 0.0 0 5.8 16 70 M M 9 18 24 110
15 75 64 70 1 0 5 0.02 0.0 0 9.5 20 80 M M 10 1 27 90
16 74 62 68 -1 0 3 0.08 0.0 0 8.2 23 10 M M 10 12 33 10
17 70 53 62 -8 3 0 0.00 0.0 0 15.4 28 360 M M 8 41 10
18 72 51 62 -8 3 0 0.00 0.0 0 8.8 20 350 M M 7 28 360
19 76 51 64 -6 1 0 T 0.0 0 5.5 16 220 M M 6 23 220
20 85 50 68 -2 0 3 0.00 0.0 0 6.9 24 350 M M 2 35 10
21 70 47 59 -11 6 0 0.00 0.0 0 12.8 21 40 M M 5 31 50
22 65 53 59 -12 6 0 0.02 0.0 0 7.5 15 100 M M 10 1 20 100
23 84 64 74 3 0 9 0.69 0.0 0 7.8 17 150 M M 8 123 21 160
24 90 56 73 2 0 8 0.00 0.0 0 9.7 21 340 M M 0 29 340
25 88 58 73 2 0 8 0.00 0.0 0 8.7 23 140 M M 3 31 140
26 87 67 77 6 0 12 0.00 0.0 0 14.6 24 150 M M 9 31 130
27 77 69 73 1 0 8 T 0.0 0 11.6 26 130 M M 10 1 37 130
28 90 67 79 7 0 14 2.55 0.0 0 13.9 32 280 M M 10 13 46 280
29 75 67 71 -1 0 6 0.61 0.0 0 10.6 22 130 M M 10 13 31 130
30 74 66 70 -2 0 5 2.01 0.0 0 11.5 21 70 M M 10 13 28 60
================================================================================
SM 2439 1797 27 203 6.05 0.0 296.2 M 211
================================================================================
AV 81.3 59.9 9.9 FASTST M M 7 MAX(MPH)
MISC ----> 32 280 46 280
================================================================================
NOTES:
# LAST OF SEVERAL OCCURRENCES
COLUMN 17 PEAK WIND IN M.P.H.
PRELIMINARY LOCAL CLIMATOLOGICAL DATA (WS FORM: F-6) , PAGE 2
STATION: SAN ANTONIO
MONTH: APRIL
YEAR: 2021
LATITUDE: 29 31 N
LONGITUDE: 98 28 W
[TEMPERATURE DATA] [PRECIPITATION DATA] SYMBOLS USED IN COLUMN 16
AVERAGE MONTHLY: 70.6 TOTAL FOR MONTH: 6.05 1 = FOG OR MIST
DPTR FM NORMAL: 1.2 DPTR FM NORMAL: 3.63 2 = FOG REDUCING VISIBILITY
HIGHEST: 95 ON 9 GRTST 24HR 3.16 ON 28-29 TO 1/4 MILE OR LESS
LOWEST: 47 ON 21 3 = THUNDER
SNOW, ICE PELLETS, HAIL 4 = ICE PELLETS
TOTAL MONTH: 0.0 INCH 5 = HAIL
GRTST 24HR 0.0 6 = FREEZING RAIN OR DRIZZLE
GRTST DEPTH: 0 7 = DUSTSTORM OR SANDSTORM:
VSBY 1/2 MILE OR LESS
8 = SMOKE OR HAZE
[NO. OF DAYS WITH] [WEATHER - DAYS WITH] 9 = BLOWING SNOW
X = TORNADO
MAX 32 OR BELOW: 0 0.01 INCH OR MORE: 9
MAX 90 OR ABOVE: 7 0.10 INCH OR MORE: 4
MIN 32 OR BELOW: 0 0.50 INCH OR MORE: 4
MIN 0 OR BELOW: 0 1.00 INCH OR MORE: 2
[HDD (BASE 65) ]
TOTAL THIS MO. 27 CLEAR (SCALE 0-3) 4
DPTR FM NORMAL -8 PTCLDY (SCALE 4-7) 13
TOTAL FM JUL 1 1358 CLOUDY (SCALE 8-10) 13
DPTR FM NORMAL -78
[CDD (BASE 65) ]
TOTAL THIS MO. 203
DPTR FM NORMAL 37 [PRESSURE DATA]
TOTAL FM JAN 1 306 HIGHEST SLP 30.51 ON 1
DPTR FM NORMAL 40 LOWEST SLP 29.48 ON 9
[REMARKS]
#FINAL-04-21#