000
CXUS52 KCHS 010915
CF6SAV
PRELIMINARY LOCAL CLIMATOLOGICAL DATA (WS FORM: F-6)
STATION: SAVANNAH GA
MONTH: FEBRUARY
YEAR: 2024
LATITUDE: 32 7 N
LONGITUDE: 81 12 W
TEMPERATURE IN F: :PCPN: SNOW: WIND :SUNSHINE: SKY :PK WND
================================================================================
1 2 3 4 5 6A 6B 7 8 9 10 11 12 13 14 15 16 17 18
12Z AVG MX 2MIN
DY MAX MIN AVG DEP HDD CDD WTR SNW DPTH SPD SPD DIR MIN PSBL S-S WX SPD DR
================================================================================
1 64 35 50 -2 15 0 0.00 0.0 0 4.7 16 180 M M 4 19 180
2 70 41 56 4 9 0 0.00 0.0 0 5.0 16 260 M M 3 8 19 260
3 64 42 53 1 12 0 0.00 0.0 0 7.9 16 70 M M 2 8 22 60
4 56 43 50 -2 15 0 1.54 0.0 0 12.8 29 70 M M 9 13 38 60
5 53 48 51 -1 14 0 0.03 0.0 0 9.9 18 360 M M 10 1 24 20
6 60 42 51 -1 14 0 0.00 0.0 0 13.2 24 350 M M 2 32 20
7 60 35 48 -4 17 0 0.00 0.0 0 6.6 16 40 M M 1 23 30
8 67 34 51 -2 14 0 0.00 0.0 0 3.7 13 100 M M 5 1 15 100
9 73 45 59 6 6 0 0.00 0.0 0 4.9 14 190 M M 6 1 19 190
10 75 54 65 12 0 0 0.00 0.0 0 7.6 17 220 M M 5 22 210
11 75 55 65 12 0 0 T 0.0 0 8.1 17 230 M M 7 23 240
12 66 60 63 10 2 0 0.88 0.0 0 8.6 16 240 M M 10 1 20 40
13 67 45 56 2 9 0 0.00 0.0 0 15.5 32 270 M M 5 44 280
14 66 37 52 -2 13 0 0.00 0.0 0 4.2 12 100 M M 1 14 100
15 72 41 57 3 8 0 0.00 0.0 0 5.5 17 170 M M 5 23 160
16 73 48 61 7 4 0 0.00 0.0 0 6.1 21 190 M M 8 25 190
17 65 52 59 5 6 0 T 0.0 0 10.0 18 250 M M 8 24 240
18 53 39 46 -9 19 0 0.00 0.0 0 6.5 14 40 M M 8 17 50
19 63 33 48 -7 17 0 0.00 0.0 0 2.9 15 40 M M 3 20 80
20 65 34 50 -5 15 0 0.00 0.0 0 3.6 12 60 M M 3 15 40
21 67 36 52 -3 13 0 0.00 0.0 0 5.1 14 360 M M 1 8 20 30
22 71 37 54 -1 11 0 0.00 0.0 0 7.1 17 180 M M 4 1 22 170
23 73 53 63 7 2 0 0.01 0.0 0 11.5 22 220 M M 5 29 220
24 71 45 58 2 7 0 0.00 0.0 0 11.6 29 260 M M 2 38 280
25 63 37 50 -6 15 0 0.00 0.0 0 5.3 12 170 M M 2 16 30
26 72 40 56 0 9 0 0.00 0.0 0 5.9 17 180 M M 2 20 160
27 77 49 63 7 2 0 0.00 0.0 0 10.6 23 170 M M 4 29 170
28 82 58 70 13 0 5 T 0.0 0 11.6 23 230 M M 6 32 210
29 67 51 59 2 6 0 0.00 0.0 0 10.8 17 40 M M 8 22 20
================================================================================
SM 1950 1269 274 5 2.46 0.0 226.8 M 139
================================================================================
AV 67.2 43.8 7.8 FASTST M M 5 MAX(MPH)
MISC ----> 32 270 44 280
================================================================================
NOTES:
# LAST OF SEVERAL OCCURRENCES
COLUMN 17 PEAK WIND IN M.P.H.
PRELIMINARY LOCAL CLIMATOLOGICAL DATA (WS FORM: F-6) , PAGE 2
STATION: SAVANNAH GA
MONTH: FEBRUARY
YEAR: 2024
LATITUDE: 32 7 N
LONGITUDE: 81 12 W
[TEMPERATURE DATA] [PRECIPITATION DATA] SYMBOLS USED IN COLUMN 16
AVERAGE MONTHLY: 55.5 TOTAL FOR MONTH: 2.46 1 = FOG OR MIST
DPTR FM NORMAL: 1.5 DPTR FM NORMAL: -0.34 2 = FOG REDUCING VISIBILITY
HIGHEST: 82 ON 28 GRTST 24HR 1.54 ON 4- 4 TO 1/4 MILE OR LESS
LOWEST: 33 ON 19 3 = THUNDER
SNOW, ICE PELLETS, HAIL 4 = ICE PELLETS
TOTAL MONTH: 0.0 INCH 5 = HAIL
GRTST 24HR 0.0 6 = FREEZING RAIN OR DRIZZLE
GRTST DEPTH: 0 7 = DUSTSTORM OR SANDSTORM:
VSBY 1/2 MILE OR LESS
8 = SMOKE OR HAZE
[NO. OF DAYS WITH] [WEATHER - DAYS WITH] 9 = BLOWING SNOW
X = TORNADO
MAX 32 OR BELOW: 0 0.01 INCH OR MORE: 4
MAX 90 OR ABOVE: 0 0.10 INCH OR MORE: 2
MIN 32 OR BELOW: 0 0.50 INCH OR MORE: 2
MIN 0 OR BELOW: 0 1.00 INCH OR MORE: 1
[HDD (BASE 65) ]
TOTAL THIS MO. 274 CLEAR (SCALE 0-3) 10
DPTR FM NORMAL -46 PTCLDY (SCALE 4-7) 15
TOTAL FM JUL 1 1231 CLOUDY (SCALE 8-10) 4
DPTR FM NORMAL -196
[CDD (BASE 65) ]
TOTAL THIS MO. 5
DPTR FM NORMAL -7 [PRESSURE DATA]
TOTAL FM JAN 1 25 HIGHEST SLP 30.42 ON 29
DPTR FM NORMAL 6 LOWEST SLP 29.57 ON 4
[REMARKS]
#FINAL-02-24#