606
CXUS52 KCHS 010801
CF6SAV
PRELIMINARY LOCAL CLIMATOLOGICAL DATA (WS FORM: F-6)
STATION: SAVANNAH GA
MONTH: MAY
YEAR: 2020
LATITUDE: 32 7 N
LONGITUDE: 81 12 W
TEMPERATURE IN F: :PCPN: SNOW: WIND :SUNSHINE: SKY :PK WND
================================================================================
1 2 3 4 5 6A 6B 7 8 9 10 11 12 13 14 15 16 17 18
12Z AVG MX 2MIN
DY MAX MIN AVG DEP HDD CDD WTR SNW DPTH SPD SPD DIR MIN PSBL S-S WX SPD DR
================================================================================
1 79 54 67 -2 0 2 0.00 0.0 0 10.4 26 300 M M 1 35 270
2 82 52 67 -3 0 2 0.00 0.0 0 5.7 16 120 M M 1 18 90
3 90 60 75 5 0 10 0.00 0.0 0 7.9 15 260 M M 1 20 240
4 92 65 79 9 0 14 0.00 0.0 0 8.1 15 250 M M 2 19 250
5 91 66 79 9 0 14 0.00 0.0 0 9.2 18 250 M M 3 23 270
6 83 62 73 2 0 8 0.00 0.0 0 13.5 26 330 M M 4 33 330
7 73 52 63 -8 2 0 0.00 0.0 0 8.6 18 330 M M 0 24 320
8 80 50 65 -6 0 0 0.00 0.0 0 8.7 22 160 M M 5 28 160
9 75 56 66 -6 0 1 T 0.0 0 7.3 21 10 M M 6 26 10
10 75 52 64 -8 1 0 0.00 0.0 0 6.3 16 100 M M 4 20 110
11 82 56 69 -3 0 4 0.00 0.0 0 9.6 22 280 M M 0 1 29 330
12 75 48 62 -10 3 0 0.00 0.0 0 6.7 16 50 M M 3 21 40
13 81 52 67 -6 0 2 0.00 0.0 0 6.9 18 110 M M 4 23 110
14 82 59 71 -2 0 6 0.00 0.0 0 7.4 18 110 M M 4 1 27 120
15 84 62 73 0 0 8 0.00 0.0 0 7.5 17 90 M M 5 1 21 100
16 87 63 75 2 0 10 0.00 0.0 0 8.9 20 100 M M 3 1 25 80
17 91 66 79 5 0 14 0.00 0.0 0 6.9 14 130 M M 5 12 20 40
18 88 69 79 5 0 14 T 0.0 0 7.6 21 160 M M 7 1 26 170
19 87 70 79 5 0 14 0.00 0.0 0 8.5 18 160 M M 5 23 220
20 81 67 74 0 0 9 1.27 0.0 0 5.5 22 120 M M 8 123 24 120
21 83 67 75 0 0 10 T 0.0 0 5.1 15 280 M M 6 13 24 270
22 92 70 81 6 0 16 0.23 0.0 0 5.6 31 270 M M 6 13 38 270
23 94 68 81 6 0 16 0.09 0.0 0 5.6 15 180 M M 5 3 17 160
24 92 71 82 6 0 17 0.00 0.0 0 4.7 16 110 M M 5 20 160
25 86 74 80 4 0 15 0.00 0.0 0 11.6 23 100 M M 8 28 100
26 79 73 76 0 0 11 0.68 0.0 0 9.8 20 60 M M 9 1 26 70
27 84 72 78 2 0 13 0.00 0.0 0 7.2 13 340 M M 9 1 16 30
28 91 74 83 7 0 18 0.00 0.0 0 6.8 15 180 M M 7 1 18 180
29 90 75 83 6 0 18 0.02 0.0 0 7.5 17 170 M M 7 21 170
30 90 72 81 4 0 16 T 0.0 0 5.4 14 300 M M 7 17 310
31 94 73 84 7 0 19 0.00 0.0 0 7.3 18 100 M M 6 22 100
================================================================================
SM 2633 1970 6 301 2.29 0.0 237.8 M 146
================================================================================
AV 84.9 63.6 7.7 FASTST M M 5 MAX(MPH)
MISC ----> # 31 270 # 38 270
================================================================================
NOTES:
# LAST OF SEVERAL OCCURRENCES
COLUMN 17 PEAK WIND IN M.P.H.
PRELIMINARY LOCAL CLIMATOLOGICAL DATA (WS FORM: F-6) , PAGE 2
STATION: SAVANNAH GA
MONTH: MAY
YEAR: 2020
LATITUDE: 32 7 N
LONGITUDE: 81 12 W
[TEMPERATURE DATA] [PRECIPITATION DATA] SYMBOLS USED IN COLUMN 16
AVERAGE MONTHLY: 74.2 TOTAL FOR MONTH: 2.29 1 = FOG OR MIST
DPTR FM NORMAL: 0.9 DPTR FM NORMAL: -0.69 2 = FOG REDUCING VISIBILITY
HIGHEST: 94 ON 31,23 GRTST 24HR 1.27 ON 20-20 TO 1/4 MILE OR LESS
LOWEST: 48 ON 12 3 = THUNDER
SNOW, ICE PELLETS, HAIL 4 = ICE PELLETS
TOTAL MONTH: 0.0 INCH 5 = HAIL
GRTST 24HR 0.0 6 = FREEZING RAIN OR DRIZZLE
GRTST DEPTH: 0 7 = DUSTSTORM OR SANDSTORM:
VSBY 1/2 MILE OR LESS
8 = SMOKE OR HAZE
[NO. OF DAYS WITH] [WEATHER - DAYS WITH] 9 = BLOWING SNOW
X = TORNADO
MAX 32 OR BELOW: 0 0.01 INCH OR MORE: 5
MAX 90 OR ABOVE: 11 0.10 INCH OR MORE: 3
MIN 32 OR BELOW: 0 0.50 INCH OR MORE: 2
MIN 0 OR BELOW: 0 1.00 INCH OR MORE: 1
[HDD (BASE 65) ]
TOTAL THIS MO. 6 CLEAR (SCALE 0-3) 8
DPTR FM NORMAL -3 PTCLDY (SCALE 4-7) 21
TOTAL FM JUL 1 1184 CLOUDY (SCALE 8-10) 2
DPTR FM NORMAL -628
[CDD (BASE 65) ]
TOTAL THIS MO. 301
DPTR FM NORMAL 34 [PRESSURE DATA]
TOTAL FM JAN 1 685 HIGHEST SLP 30.31 ON 14
DPTR FM NORMAL 282 LOWEST SLP 29.75 ON 19
[REMARKS]
#FINAL-05-20#