000
CXUS53 KIWX 181404 CCA
CF6SBN
PRELIMINARY LOCAL CLIMATOLOGICAL DATA (WS FORM: F-6)
STATION: SOUTH BEND
MONTH: DECEMBER
YEAR: 2022
LATITUDE: 41 42 N
LONGITUDE: 86 19 W
TEMPERATURE IN F: :PCPN: SNOW: WIND :SUNSHINE: SKY :PK WND
================================================================================
1 2 3 4 5 6A 6B 7 8 9 10 11 12 13 14 15 16 17 18
12Z AVG MX 2MIN
DY MAX MIN AVG DEP HDD CDD WTR SNW DPTH SPD SPD DIR MIN PSBL S-S WX SPD DR
================================================================================
1 35 21 28 -6 37 0 0.00 0.0 0 9.9 20 290 M M 7 27 300
2 53 34 44 10 21 0 T 0.0 0 15.5 35 210 M M 10 50 210
3 52 20 36 3 29 0 0.01 0.0 0 15.9 33 270 M M 6 1 46 280
4 39 17 28 -5 37 0 0.00 0.0 0 10.6 20 230 M M 0 26 250
5 43 27 35 2 30 0 0.00 0.0 0 8.7 16 170 M M 5 21 170
6 45 37 41 9 24 0 T 0.0 0 3.1 9 140 M M 10 18 12 140
7 49 39 44 12 21 0 0.00 0.0 0 4.3 13 340 M M 10 18 17 310
8 44 31 38 6 27 0 0.00 0.0 0 4.9 9 30 M M 6 13 90
9 35 30 33 2 32 0 0.25 0.2 0 10.3 18 100 M M 7 1 28 80
10 37 34 36 5 29 0 0.02 0.0 0 6.8 14 120 M M 10 1 17 120
11 40 36 38 7 27 0 T 0.0 0 4.5 12 300 M M 10 12 15 300
12 39 34 37 7 28 0 0.00 0.0 0 5.5 15 130 M M 10 1 20 120
13 37 34 36 6 29 0 0.00 0.0 0 16.3 24 120 M M 7 30 110
14 40 34 37 7 28 0 0.19 0.0 0 19.1 28 110 M M 9 18 43 100
15 42 32 37 7 28 0 0.34 0.3 0 13.1 29 120 M M 10 1 41 110
16 33 27 30 0 35 0 0.05 1.2 0 12.6 23 230 M M 10 18 30 240
17 27 23 25 -4 40 0 0.03 0.8 1 14.1 22 250 M M 10 18 32 250
18 23 18 21 -8 44 0 T T 2 12.5 17 220 M M 8 8 25 250
19 26 18 22 -7 43 0 0.00 0.0 2 5.7 13 230 M M 10 15 220
20 35 22 29 1 36 0 0.00 0.0 1 5.8 14 120 M M 9 18 17 120
21 32 26 29 1 36 0 0.00 0.0 0 8.3 17 110 M M 9 8 23 120
22 37 10 24 -4 41 0 0.27 2.2 0 9.7 26 310 M M 8 128 36 320
23 10 -8 1 -27 64 0 0.19 4.2 4 22.2 33 240 M M 10 129 43 250
24 15 -1 7 -21 58 0 T T 3 18.2 25 250 M M 10 189 35 240
25 14 4 9 -18 56 0 T T 3 14.0 23 270 M M 6 89 30 270
26 21 10 16 -11 49 0 T T 3 5.4 12 210 M M 9 8 18 220
27 27 12 20 -7 45 0 0.00 0.0 2 12.1 25 190 M M 5 36 170
28 45 27 36 9 29 0 0.00 0.0 2 16.6 24 170 M M 0 34 170
29 54 42 48 22 17 0 T 0.0 T 15.6 23 210 M M 7 1 35 180
30 57 39 48 22 17 0 0.17 0.0 0 7.6 20 200 M M 10 1 26 220
31 39 34 37 11 28 0 0.00 0.0 0 5.1 12 160 M M 10 18 15 150
================================================================================
SM 1125 763 1065 0 1.52 8.9 334.0 M 248
================================================================================
AV 36.3 24.6 10.8 FASTST M M 8 MAX(MPH)
MISC ----> 35 210 50 210
================================================================================
NOTES:
# LAST OF SEVERAL OCCURRENCES
COLUMN 17 PEAK WIND IN M.P.H.
PRELIMINARY LOCAL CLIMATOLOGICAL DATA (WS FORM: F-6) , PAGE 2
STATION: SOUTH BEND
MONTH: DECEMBER
YEAR: 2022
LATITUDE: 41 42 N
LONGITUDE: 86 19 W
[TEMPERATURE DATA] [PRECIPITATION DATA] SYMBOLS USED IN COLUMN 16
AVERAGE MONTHLY: 30.5 TOTAL FOR MONTH: 1.52 1 = FOG OR MIST
DPTR FM NORMAL: 0.9 DPTR FM NORMAL: -0.88 2 = FOG REDUCING VISIBILITY
HIGHEST: 57 ON 30 GRTST 24HR 0.34 ON 15-15 TO 1/4 MILE OR LESS
LOWEST: -8 ON 23 3 = THUNDER
SNOW, ICE PELLETS, HAIL 4 = ICE PELLETS
TOTAL MONTH: 8.9 INCHES 5 = HAIL
GRTST 24HR 4.2 ON 23-23 6 = FREEZING RAIN OR DRIZZLE
GRTST DEPTH: 4 ON 23 7 = DUSTSTORM OR SANDSTORM:
VSBY 1/2 MILE OR LESS
8 = SMOKE OR HAZE
[NO. OF DAYS WITH] [WEATHER - DAYS WITH] 9 = BLOWING SNOW
X = TORNADO
MAX 32 OR BELOW: 9 0.01 INCH OR MORE: 10
MAX 90 OR ABOVE: 0 0.10 INCH OR MORE: 6
MIN 32 OR BELOW: 20 0.50 INCH OR MORE: 0
MIN 0 OR BELOW: 2 1.00 INCH OR MORE: 0
[HDD (BASE 65) ]
TOTAL THIS MO. 1065 CLEAR (SCALE 0-3) 2
DPTR FM NORMAL -31 PTCLDY (SCALE 4-7) 10
TOTAL FM JUL 1 2196 CLOUDY (SCALE 8-10) 19
DPTR FM NORMAL -208
[CDD (BASE 65) ]
TOTAL THIS MO. 0
DPTR FM NORMAL 0 [PRESSURE DATA]
TOTAL FM JAN 1 1003 HIGHEST SLP 30.55 ON 1
DPTR FM NORMAL 280 LOWEST SLP 29.40 ON 15
[REMARKS]
#FINAL-12-22#