000
CXUS53 KIWX 010810
CF6SBN
PRELIMINARY LOCAL CLIMATOLOGICAL DATA (WS FORM: F-6)
STATION: SOUTH BEND
MONTH: JULY
YEAR: 2021
LATITUDE: 41 42 N
LONGITUDE: 86 19 W
TEMPERATURE IN F: :PCPN: SNOW: WIND :SUNSHINE: SKY :PK WND
================================================================================
1 2 3 4 5 6A 6B 7 8 9 10 11 12 13 14 15 16 17 18
12Z AVG MX 2MIN
DY MAX MIN AVG DEP HDD CDD WTR SNW DPTH SPD SPD DIR MIN PSBL S-S WX SPD DR
================================================================================
1 80 59 70 -2 0 5 0.00 0.0 0 10.0 26 360 M M 2 12 36 340
2 74 56 65 -7 0 0 0.00 0.0 0 8.6 18 340 M M 1 25 340
3 83 54 69 -3 0 4 0.00 0.0 0 8.3 21 300 M M 2 28 310
4 87 68 78 6 0 13 0.00 0.0 0 6.9 12 300 M M 0 15 320
5 90 69 80 8 0 15 0.00 0.0 0 9.0 20 230 M M 0 1 26 220
6 90 72 81 9 0 16 0.00 0.0 0 8.7 17 230 M M 0 1 23 200
7 89 71 80 8 0 15 0.25 0.0 0 6.9 24 290 M M 2 138 32 290
8 72 59 66 -7 0 1 T 0.0 0 8.9 17 330 M M 9 1 23 320
9 76 61 69 -4 0 4 0.00 0.0 0 6.0 15 350 M M 7 19 350
10 77 60 69 -4 0 4 0.03 0.0 0 8.2 15 110 M M 6 21 110
11 70 65 68 -5 0 3 0.04 0.0 0 6.9 12 60 M M 10 1 19 60
12 80 66 73 0 0 8 0.56 0.0 0 6.0 20 120 M M 9 13 26 110
13 76 69 73 0 0 8 0.64 0.0 0 6.6 16 310 M M 7 13 21 310
14 84 68 76 3 0 11 T 0.0 0 8.1 16 220 M M 3 22 200
15 83 72 78 5 0 13 T 0.0 0 9.8 23 210 M M 3 33 220
16 74 69 72 -1 0 7 0.27 0.0 0 5.2 12 340 M M 10 1 15 340
17 81 68 75 2 0 10 0.04 0.0 0 6.9 15 350 M M 8 1 18 350
18 84 64 74 1 0 9 0.00 0.0 0 2.8 9 360 M M 4 14 160
19 83 61 72 0 0 7 0.00 0.0 0 4.0 14 330 M M 0 1 18 330
20 84 60 72 0 0 7 0.00 0.0 0 6.2 17 340 M M 0 8 22 350
21 80 62 71 -1 0 6 0.00 0.0 0 5.4 12 300 M M 2 1 M M
22 82 62 72 0 0 7 0.00 0.0 0 5.7 13 170 M M 3 18 180
23 86 71 79 7 0 14 0.08 0.0 0 5.7 17 230 M M 6 138 23 230
24 90 73 82 10 0 17 0.32 0.0 0 10.1 29 260 M M 3 138 43 350
25 87 69 78 6 0 13 0.00 0.0 0 4.3 15 330 M M 2 12 19 320
26 89 64 77 5 0 12 0.00 0.0 0 3.8 12 340 M M 0 17 360
27 86 64 75 3 0 10 0.00 0.0 0 3.9 15 220 M M 0 21 240
28 89 69 79 7 0 14 0.00 0.0 0 5.5 12 220 M M 1 16 220
29 84 68 76 4 0 11 0.16 0.0 0 11.1 21 280 M M 4 13 30 270
30 74 60 67 -5 0 2 0.00 0.0 0 8.7 16 320 M M 0 22 300
31 78 53 66 -6 0 1 0.00 0.0 0 3.5 14 310 M M 0 18 300
================================================================================
SM 2542 2006 0 267 2.39 0.0 211.7 M 104
================================================================================
AV 82.0 64.7 6.8 FASTST M M 3 MAX(MPH)
MISC ----> 29 260 43 350
================================================================================
NOTES:
# LAST OF SEVERAL OCCURRENCES
COLUMN 17 PEAK WIND IN M.P.H.
PRELIMINARY LOCAL CLIMATOLOGICAL DATA (WS FORM: F-6) , PAGE 2
STATION: SOUTH BEND
MONTH: JULY
YEAR: 2021
LATITUDE: 41 42 N
LONGITUDE: 86 19 W
[TEMPERATURE DATA] [PRECIPITATION DATA] SYMBOLS USED IN COLUMN 16
AVERAGE MONTHLY: 73.4 TOTAL FOR MONTH: 2.39 1 = FOG OR MIST
DPTR FM NORMAL: 1.0 DPTR FM NORMAL: -1.39 2 = FOG REDUCING VISIBILITY
HIGHEST: 90 ON 24, 6 GRTST 24HR 1.20 ON 12-13 TO 1/4 MILE OR LESS
LOWEST: 53 ON 31 3 = THUNDER
SNOW, ICE PELLETS, HAIL 4 = ICE PELLETS
TOTAL MONTH: 0.0 INCH 5 = HAIL
GRTST 24HR 0.0 6 = FREEZING RAIN OR DRIZZLE
GRTST DEPTH: 0 7 = DUSTSTORM OR SANDSTORM:
VSBY 1/2 MILE OR LESS
8 = SMOKE OR HAZE
[NO. OF DAYS WITH] [WEATHER - DAYS WITH] 9 = BLOWING SNOW
X = TORNADO
MAX 32 OR BELOW: 0 0.01 INCH OR MORE: 10
MAX 90 OR ABOVE: 3 0.10 INCH OR MORE: 6
MIN 32 OR BELOW: 0 0.50 INCH OR MORE: 2
MIN 0 OR BELOW: 0 1.00 INCH OR MORE: 0
[HDD (BASE 65) ]
TOTAL THIS MO. 0 CLEAR (SCALE 0-3) 20
DPTR FM NORMAL -7 PTCLDY (SCALE 4-7) 6
TOTAL FM JUL 1 0 CLOUDY (SCALE 8-10) 5
DPTR FM NORMAL 0
[CDD (BASE 65) ]
TOTAL THIS MO. 267
DPTR FM NORMAL 31 [PRESSURE DATA]
TOTAL FM JAN 1 617 HIGHEST SLP 30.22 ON 22
DPTR FM NORMAL 169 LOWEST SLP 29.77 ON 29
[REMARKS]
#FINAL-07-21#