000
CXUS56 KSTO 011300
CF6SCK
PRELIMINARY LOCAL CLIMATOLOGICAL DATA (WS FORM: F-6)
STATION: STOCKTON AIRPORT CA
MONTH: AUGUST
YEAR: 2023
LATITUDE: 37 54 N
LONGITUDE: 121 15 W
TEMPERATURE IN F: :PCPN: SNOW: WIND :SUNSHINE: SKY :PK WND
================================================================================
1 2 3 4 5 6A 6B 7 8 9 10 11 12 13 14 15 16 17 18
12Z AVG MX 2MIN
DY MAX MIN AVG DEP HDD CDD WTR SNW DPTH SPD SPD DIR MIN PSBL S-S WX SPD DR
================================================================================
1 93 62 78 0 0 13 0.00 M M 8.0 18 290 M M 0 22 290
2 90 56 73 -5 0 8 0.00 M M 8.5 21 260 M M 0 8 25 270
3 86 58 72 -6 0 7 0.00 M M 11.0 20 270 M M 0 24 260
4 96 57 77 -1 0 12 0.00 M M 6.5 15 280 M M 0 20 270
5 99 59 79 1 0 14 0.00 M M 6.9 17 300 M M 0 25 300
6 103 67 85 7 0 20 0.00 M M 7.9 17 300 M M 0 23 330
7 103 65 84 6 0 19 0.00 0.0 M 7.1 18 260 M M 0 23 270
8 94 62 78 0 0 13 0.00 M M 6.8 14 320 M M 0 19 310
9 92 59 76 -2 0 11 0.00 M M 5.8 15 300 M M 0 22 350
10 94 61 78 0 0 13 0.00 M M 7.7 18 260 M M 0 25 270
11 91 63 77 -1 0 12 0.00 M M 6.7 13 290 M M 0 18 290
12 97 64 81 3 0 16 0.00 M M 6.4 14 280 M M 0 19 310
13 101 67 84 6 0 19 T M M 6.0 21 280 M M 1 3 27 290
14 101 71 86 8 0 21 0.00 M M 7.1 16 300 M M 0 21 250
15 104 72 88 11 0 23 0.00 M M 7.6 15 290 M M 0 3 20 300
16 106 69 88 11 0 23 0.00 M M 6.5 13 290 M M 0 15 290
17 103 71 87 10 0 22 0.00 M M 6.6 18 310 M M 0 23 290
18 93 64 79 2 0 14 0.00 M M 7.4 15 320 M M 0 8 18 310
19 96 63 80 3 0 15 T M M 6.9 18 110 M M 0 24 120
20 92 69 81 4 0 16 0.00 M M 5.5 15 340 M M 0 19 330
21 88 67 78 1 0 13 0.00 M M 12.3 23 290 M M 3 28 160
22 92 63 78 1 0 13 0.00 M M 7.4 15 290 M M 0 20 360
23 99 65 82 5 0 17 0.00 M M 5.6 15 300 M M 0 18 300
24 99 67 83 6 0 18 0.00 M M 7.6 18 300 M M 0 24 300
25 90 61 76 -1 0 11 0.00 M M 6.9 13 310 M M 0 17 330
26 94 56 75 -2 0 10 0.00 M M 7.8 16 280 M M 0 24 310
27 96 58 77 0 0 12 0.00 M M 7.2 16 310 M M 0 20 310
28 99 58 79 2 0 14 0.00 0.0 M 7.1 17 280 M M 0 20 280
29 94 59 77 1 0 12 0.00 0.0 M 8.4 16 300 M M 0 22 300
30 97 60 79 3 0 14 0.00 M M 5.4 14 310 M M 0 8 21 290
31 98 60 79 3 0 14 0.00 M M 9.0 24 260 M M 0 8 28 270
================================================================================
SM 2980 1953 0 459 T 0.0 227.6 M 4
================================================================================
AV 96.1 63.0 7.3 FASTST M M 0 MAX(MPH)
MISC ----> 24 260 # 28 160
================================================================================
NOTES:
# LAST OF SEVERAL OCCURRENCES
COLUMN 17 PEAK WIND IN M.P.H.
PRELIMINARY LOCAL CLIMATOLOGICAL DATA (WS FORM: F-6) , PAGE 2
STATION: STOCKTON AIRPORT CA
MONTH: AUGUST
YEAR: 2023
LATITUDE: 37 54 N
LONGITUDE: 121 15 W
[TEMPERATURE DATA] [PRECIPITATION DATA] SYMBOLS USED IN COLUMN 16
AVERAGE MONTHLY: 79.6 TOTAL FOR MONTH: T 1 = FOG OR MIST
DPTR FM NORMAL: 2.3 DPTR FM NORMAL: -0.01 2 = FOG REDUCING VISIBILITY
HIGHEST: 106 ON 16 GRTST 24HR T ON 9- 9 TO 1/4 MILE OR LESS
LOWEST: 56 ON 26, 2 3 = THUNDER
SNOW, ICE PELLETS, HAIL 4 = ICE PELLETS
TOTAL MONTH: 0.0 INCH 5 = HAIL
GRTST 24HR 0.0 6 = FREEZING RAIN OR DRIZZLE
GRTST DEPTH: M ON M 7 = DUSTSTORM OR SANDSTORM:
VSBY 1/2 MILE OR LESS
8 = SMOKE OR HAZE
[NO. OF DAYS WITH] [WEATHER - DAYS WITH] 9 = BLOWING SNOW
X = TORNADO
MAX 32 OR BELOW: 0 0.01 INCH OR MORE: 0
MAX 90 OR ABOVE: 29 0.10 INCH OR MORE: 0
MIN 32 OR BELOW: 0 0.50 INCH OR MORE: 0
MIN 0 OR BELOW: 0 1.00 INCH OR MORE: 0
[HDD (BASE 65) ]
TOTAL THIS MO. 0 CLEAR (SCALE 0-3) 31
DPTR FM NORMAL 0 PTCLDY (SCALE 4-7) 0
TOTAL FM JUL 1 0 CLOUDY (SCALE 8-10) 0
DPTR FM NORMAL 0
[CDD (BASE 65) ]
TOTAL THIS MO. 459
DPTR FM NORMAL 76 [PRESSURE DATA]
TOTAL FM JAN 1 1230 HIGHEST SLP 30.05 ON 3
DPTR FM NORMAL 15 LOWEST SLP 29.56 ON 20
[REMARKS]
#FINAL-08-23#