185
CXUS55 KPSR 011005
CF6SDL
PRELIMINARY LOCAL CLIMATOLOGICAL DATA (WS FORM: F-6)
STATION: SCOTTSDALE AZ
MONTH: MAY
YEAR: 2020
LATITUDE: 33 37 N
LONGITUDE: 111 54 W
TEMPERATURE IN F: :PCPN: SNOW: WIND :SUNSHINE: SKY :PK WND
================================================================================
1 2 3 4 5 6A 6B 7 8 9 10 11 12 13 14 15 16 17 18
12Z AVG MX 2MIN
DY MAX MIN AVG DEP HDD CDD WTR SNW DPTH SPD SPD DIR MIN PSBL S-S WX SPD DR
================================================================================
1 98 69 84 10 0 19 0.00 M M 3.6 12 250 M M 0 18 150
2 96 69 83 8 0 18 0.00 M M 3.4 13 250 M M 0 24 240
3 94 69 82 7 0 17 0.00 M M 3.5 15 250 M M 0 20 210
4 97 66 82 7 0 17 0.00 M M 2.9 13 230 M M 0 16 290
5 102 67 85 9 0 20 0.00 M M 2.9 9 210 M M 0 12 230
6 103 69 86 10 0 21 0.00 M M 2.6 13 250 M M 0 17 270
7 103 68 86 10 0 21 0.00 M M 3.6 15 250 M M 0 19 250
8 100 71 86 9 0 21 0.00 M M 4.6 14 250 M M 0 22 270
9 99 75 87 10 0 22 0.00 M M 4.1 13 240 M M 0 17 260
10 98 77 88 11 0 23 T M M 4.4 15 70 M M 1 3 21 40
11 97 73 85 7 0 20 0.00 M M 5.4 17 250 M M 0 23 240
12 92 71 82 4 0 17 0.00 M M 5.5 16 250 M M 0 22 260
13 88 68 78 0 0 13 0.00 M M 3.6 12 250 M M 0 16 250
14 88 68 78 0 0 13 0.00 M M 2.8 13 230 M M 0 22 200
15 91 66 79 0 0 14 0.00 M M 2.7 10 240 M M 0 15 280
16 97 70 84 5 0 19 0.00 M M 3.0 13 270 M M 0 17 250
17 99 70 85 6 0 20 0.00 M M 4.1 14 260 M M 0 19 250
18 98 68 83 3 0 18 0.00 M M 4.9 18 210 M M 0 26 240
19 88 69 79 -1 0 14 0.00 M M 8.2 20 270 M M 0 26 260
20 85 62 74 -6 0 9 0.00 M M 3.9 14 260 M M 0 17 260
21 90 59 75 -5 0 10 0.00 M M 2.6 12 250 M M 0 16 240
22 93 62 78 -3 0 13 0.00 M M 5.2 16 240 M M 0 26 240
23 91 68 80 -1 0 15 0.00 M M 5.5 16 260 M M 0 23 260
24 92 68 80 -1 0 15 0.00 M M 4.4 13 250 M M 0 18 200
25 96 67 82 0 0 17 0.00 M M 4.8 16 230 M M 0 21 230
26 101 67 84 2 0 19 0.00 M M 3.1 13 240 M M 0 16 240
27 107 71 89 7 0 24 0.00 M M 4.9 14 230 M M 0 20 220
28 108 78 93 10 0 28 0.00 M M 4.4 15 250 M M 0 19 250
29 110 78 94 11 0 29 0.00 M M 2.5 10 260 M M 0 16 240
30 108 83 96 13 0 31 T M M 5.4 17 230 M M 0 24 250
31 105 82 94 10 0 29 0.00 M M 4.1 14 250 M M 0 20 270
================================================================================
SM 3014 2168 0 586 T M 126.6 M 1
================================================================================
AV 97.2 69.9 4.1 FASTST M M 0 MAX(MPH)
MISC ----> 20 270 # 26 240
================================================================================
NOTES:
# LAST OF SEVERAL OCCURRENCES
COLUMN 17 PEAK WIND IN M.P.H.
PRELIMINARY LOCAL CLIMATOLOGICAL DATA (WS FORM: F-6) , PAGE 2
STATION: SCOTTSDALE AZ
MONTH: MAY
YEAR: 2020
LATITUDE: 33 37 N
LONGITUDE: 111 54 W
[TEMPERATURE DATA] [PRECIPITATION DATA] SYMBOLS USED IN COLUMN 16
AVERAGE MONTHLY: 83.6 TOTAL FOR MONTH: T 1 = FOG OR MIST
DPTR FM NORMAL: 4.6 DPTR FM NORMAL: -0.19 2 = FOG REDUCING VISIBILITY
HIGHEST: 110 ON 29 GRTST 24HR T ON 10-10 TO 1/4 MILE OR LESS
LOWEST: 59 ON 21 3 = THUNDER
SNOW, ICE PELLETS, HAIL 4 = ICE PELLETS
TOTAL MONTH: M 5 = HAIL
GRTST 24HR M ON M 6 = FREEZING RAIN OR DRIZZLE
GRTST DEPTH: M ON M 7 = DUSTSTORM OR SANDSTORM:
VSBY 1/2 MILE OR LESS
8 = SMOKE OR HAZE
[NO. OF DAYS WITH] [WEATHER - DAYS WITH] 9 = BLOWING SNOW
X = TORNADO
MAX 32 OR BELOW: 0 0.01 INCH OR MORE: 0
MAX 90 OR ABOVE: 27 0.10 INCH OR MORE: 0
MIN 32 OR BELOW: 0 0.50 INCH OR MORE: 0
MIN 0 OR BELOW: 0 1.00 INCH OR MORE: 0
[HDD (BASE 65) ]
TOTAL THIS MO. 0 CLEAR (SCALE 0-3) 31
DPTR FM NORMAL 0 PTCLDY (SCALE 4-7) 0
TOTAL FM JUL 1 1088 CLOUDY (SCALE 8-10) 0
DPTR FM NORMAL -107
[CDD (BASE 65) ]
TOTAL THIS MO. 586
DPTR FM NORMAL 152 [PRESSURE DATA]
TOTAL FM JAN 1 839 HIGHEST SLP 29.95 ON 20
DPTR FM NORMAL 181 LOWEST SLP 29.60 ON 30
[REMARKS]
#FINAL-05-20#