000
CXUS55 KSEW 011030
CF6SEA
PRELIMINARY LOCAL CLIMATOLOGICAL DATA (WS FORM: F-6)
STATION: SEATTLE-TACOMA WA AIRPORT
MONTH: FEBRUARY
YEAR: 2023
LATITUDE: 47 27 N
LONGITUDE: 122 18 W
TEMPERATURE IN F: :PCPN: SNOW: WIND :SUNSHINE: SKY :PK WND
================================================================================
1 2 3 4 5 6A 6B 7 8 9 10 11 12 13 14 15 16 17 18
12Z AVG MX 2MIN
DY MAX MIN AVG DEP HDD CDD WTR SNW DPTH SPD SPD DIR MIN PSBL S-S WX SPD DR
================================================================================
1 47 32 40 -4 25 0 0.00 0.0 0 4.0 12 150 M M 8 13 150
2 51 32 42 -2 23 0 0.00 0.0 0 6.2 14 110 M M 7 17 80
3 50 38 44 0 21 0 0.21 0.0 0 10.2 32 180 M M 9 1 46 170
4 52 44 48 4 17 0 0.14 0.0 0 8.2 18 70 M M 10 1 24 70
5 47 42 45 1 20 0 0.07 0.0 0 6.9 21 70 M M 10 1 28 70
6 48 42 45 1 20 0 0.02 0.0 0 13.2 21 190 M M 9 1 30 200
7 50 41 46 2 19 0 0.40 0.0 0 14.1 22 220 M M 8 1 36 200
8 48 39 44 0 21 0 0.00 0.0 0 7.0 17 220 M M 8 21 220
9 57 42 50 6 15 0 0.09 0.0 0 5.1 18 210 M M 8 27 210
10 52 42 47 3 18 0 T 0.0 0 8.7 17 180 M M 6 23 180
11 48 38 43 -1 22 0 0.00 0.0 0 7.8 14 50 M M 6 20 360
12 50 32 41 -3 24 0 0.01 0.0 0 7.8 22 200 M M 6 1 31 190
13 46 33 40 -4 25 0 0.35 0.4 0 12.3 23 200 M M 9 13 33 210
14 43 29 36 -8 29 0 0.00 0.0 0 6.4 17 360 M M 5 1 23 360
15 44 28 36 -8 29 0 0.00 0.0 0 5.8 12 140 M M 5 14 150
16 45 34 40 -4 25 0 0.00 0.0 0 5.1 10 210 M M 9 16 210
17 46 39 43 -1 22 0 0.20 0.0 0 6.1 13 190 M M 9 1 16 190
18 47 40 44 0 21 0 0.03 0.0 0 7.8 17 180 M M 10 18 23 180
19 48 40 44 0 21 0 0.05 0.0 0 9.9 18 210 M M 10 18 30 210
20 47 42 45 1 20 0 0.22 0.0 0 19.3 31 210 M M 10 18 42 210
21 44 35 40 -4 25 0 0.06 T 0 10.9 24 240 M M 7 1 35 240
22 38 30 34 -10 31 0 0.02 0.2 0 13.6 24 20 M M 9 1 29 20
23 35 26 31 -13 34 0 T T 0 15.3 25 90 M M 6 8 34 90
24 39 22 31 -14 34 0 0.00 0.0 0 9.9 16 20 M M 2 22 360
25 42 24 33 -12 32 0 0.02 T 0 6.1 28 220 M M 6 1 39 230
26 46 32 39 -6 26 0 0.28 1.6 2 12.1 24 240 M M 9 1 35 210
27 42 32 37 -8 28 0 0.15 T 0 5.9 14 170 M M 9 1 18 170
28 45 31 38 -7 27 0 0.04 T 0 10.3 21 200 M M 7 1 32 190
================================================================================
SM 1297 981 674 0 2.36 2.2 256.0 M 217
================================================================================
AV 46.3 35.0 9.1 FASTST M M 8 MAX(MPH)
MISC ----> 32 180 46 170
================================================================================
NOTES:
# LAST OF SEVERAL OCCURRENCES
COLUMN 17 PEAK WIND IN M.P.H.
PRELIMINARY LOCAL CLIMATOLOGICAL DATA (WS FORM: F-6) , PAGE 2
STATION: SEATTLE-TACOMA WA AIRPORT
MONTH: FEBRUARY
YEAR: 2023
LATITUDE: 47 27 N
LONGITUDE: 122 18 W
[TEMPERATURE DATA] [PRECIPITATION DATA] SYMBOLS USED IN COLUMN 16
AVERAGE MONTHLY: 40.7 TOTAL FOR MONTH: 2.36 1 = FOG OR MIST
DPTR FM NORMAL: -3.3 DPTR FM NORMAL: -1.40 2 = FOG REDUCING VISIBILITY
HIGHEST: 57 ON 9 GRTST 24HR 0.42 ON 6- 7 TO 1/4 MILE OR LESS
LOWEST: 22 ON 24 3 = THUNDER
SNOW, ICE PELLETS, HAIL 4 = ICE PELLETS
TOTAL MONTH: 2.3 INCHES 5 = HAIL
GRTST 24HR 1.6 ON 26-26 6 = FREEZING RAIN OR DRIZZLE
GRTST DEPTH: 2 ON 26 7 = DUSTSTORM OR SANDSTORM:
VSBY 1/2 MILE OR LESS
8 = SMOKE OR HAZE
[NO. OF DAYS WITH] [WEATHER - DAYS WITH] 9 = BLOWING SNOW
X = TORNADO
MAX 32 OR BELOW: 0 0.01 INCH OR MORE: 18
MAX 90 OR ABOVE: 0 0.10 INCH OR MORE: 8
MIN 32 OR BELOW: 12 0.50 INCH OR MORE: 0
MIN 0 OR BELOW: 0 1.00 INCH OR MORE: 0
[HDD (BASE 65) ]
TOTAL THIS MO. 674 CLEAR (SCALE 0-3) 1
DPTR FM NORMAL 86 PTCLDY (SCALE 4-7) 12
TOTAL FM JUL 1 3087 CLOUDY (SCALE 8-10) 15
DPTR FM NORMAL 41
[CDD (BASE 65) ]
TOTAL THIS MO. 0
DPTR FM NORMAL 0 [PRESSURE DATA]
TOTAL FM JAN 1 0 HIGHEST SLP 30.54 ON 8
DPTR FM NORMAL 0 LOWEST SLP 29.39 ON 28
[REMARKS]
#FINAL-02-23#