000
CXUS56 KMTR 020842
CF6SFD
PRELIMINARY LOCAL CLIMATOLOGICAL DATA (WS FORM: F-6)
STATION: SAN FRANCISCO DWTN CA
MONTH: SEPTEMBER
YEAR: 2020
LATITUDE: 37 46 N
LONGITUDE: 122 26 W
TEMPERATURE IN F: :PCPN: SNOW: WIND :SUNSHINE: SKY :PK WND
================================================================================
1 2 3 4 5 6A 6B 7 8 9 10 11 12 13 14 15 16 17 18
12Z AVG MX 2MIN
DY MAX MIN AVG DEP HDD CDD WTR SNW DPTH SPD SPD DIR MIN PSBL S-S WX SPD DR
================================================================================
1 65 56 61 -2 4 0 0.00 M 0 M M M M M M M M
2 66 58 62 -1 3 0 0.00 M 0 M M M M M M M M
3 64 56 60 -3 5 0 0.00 M 0 M M M M M M M M
4 69 55 62 -1 3 0 0.00 M 0 M M M M M M M M
5 89 58 74 11 0 9 0.00 M 0 M M M M M M M M
6 100 71 86 23 0 21 0.00 M 0 M M M M M M M M
7 91 62 77 14 0 12 0.00 M 0 M M M M M M M M
8 71 57 64 1 1 0 0.00 M 0 M M M M M M M M
9 60 57 59 -4 6 0 0.00 M 0 M M M M M M M M
10 64 57 61 -2 4 0 0.00 M 0 M M M M M M M M
11 71 54 63 0 2 0 0.00 M 0 M M M M M M M M
12 72 54 63 0 2 0 0.00 M 0 M M M M M M M M
13 62 55 59 -4 6 0 0.00 M 0 M M M M M M M M
14 64 57 61 -2 4 0 0.00 M 0 M M M M M M M M
15 69 58 64 1 1 0 0.00 M 0 M M M M M M M M
16 74 62 68 5 0 3 0.00 M 0 M M M M M M M M
17 67 59 63 0 2 0 0.00 M 0 M M M M M M M M
18 68 60 64 1 1 0 0.00 M 0 M M M M M M M M
19 73 60 67 4 0 2 0.00 M 0 M M M M M M M M
20 78 59 69 6 0 4 0.00 M 0 M M M M M M M M
21 71 57 64 1 1 0 0.00 M 0 M M M M M M M M
22 67 57 62 -1 3 0 0.00 M 0 M M M M M M M M
23 71 57 64 1 1 0 0.00 M 0 M M M M M M M M
24 71 59 65 2 0 0 0.00 M 0 M M M M M M M M
25 69 58 64 1 1 0 0.00 M 0 M M M M M M M M
26 74 59 67 4 0 2 0.00 M 0 M M M M M M M M
27 89 62 76 13 0 11 0.00 M 0 M M M M M M M M
28 94 58 76 13 0 11 0.00 M 0 M M M M M M M M
29 64 55 60 -3 5 0 0.00 M 0 M M M M M M M M
30 81 57 69 6 0 4-11.30 M 0 M M M M M M M M
================================================================================
SM 2188 1744 55 79-11.30 M M M M
================================================================================
AV 72.9 58.1 M FASTST M M M MAX(MPH)
MISC ----> M M M M
================================================================================
NOTES:
# LAST OF SEVERAL OCCURRENCES
COLUMN 17 PEAK WIND IN M.P.H.
PRELIMINARY LOCAL CLIMATOLOGICAL DATA (WS FORM: F-6) , PAGE 2
STATION: SAN FRANCISCO DWTN CA
MONTH: SEPTEMBER
YEAR: 2020
LATITUDE: 37 46 N
LONGITUDE: 122 26 W
[TEMPERATURE DATA] [PRECIPITATION DATA] SYMBOLS USED IN COLUMN 16
AVERAGE MONTHLY: 65.5 TOTAL FOR MONTH: T 1 = FOG OR MIST
DPTR FM NORMAL: 2.8 DPTR FM NORMAL: -11.51 2 = FOG REDUCING VISIBILITY
HIGHEST: 100 ON 6 GRTST 24HR 0.00 ON 1- 1 TO 1/4 MILE OR LESS
LOWEST: 54 ON 12,11 3 = THUNDER
SNOW, ICE PELLETS, HAIL 4 = ICE PELLETS
TOTAL MONTH: M 5 = HAIL
GRTST 24HR M ON M 6 = FREEZING RAIN OR DRIZZLE
GRTST DEPTH: 0 7 = DUSTSTORM OR SANDSTORM:
VSBY 1/2 MILE OR LESS
8 = SMOKE OR HAZE
[NO. OF DAYS WITH] [WEATHER - DAYS WITH] 9 = BLOWING SNOW
X = TORNADO
MAX 32 OR BELOW: 0 0.01 INCH OR MORE: 0
MAX 90 OR ABOVE: 3 0.10 INCH OR MORE: 0
MIN 32 OR BELOW: 0 0.50 INCH OR MORE: 0
MIN 0 OR BELOW: 0 1.00 INCH OR MORE: 0
[HDD (BASE 65) ]
TOTAL THIS MO. 55 CLEAR (SCALE 0-3) 0
DPTR FM NORMAL -45 PTCLDY (SCALE 4-7) 0
TOTAL FM JUL 1 284 CLOUDY (SCALE 8-10) 30
DPTR FM NORMAL -44
[CDD (BASE 65) ]
TOTAL THIS MO. 79
DPTR FM NORMAL 49 [PRESSURE DATA]
TOTAL FM JAN 1 152 HIGHEST SLP M ON M
DPTR FM NORMAL 68 LOWEST SLP 9999.00 ON 1
[REMARKS]
#FINAL-09-20#