000
CXUS56 KMTR 010900
CF6SFD
PRELIMINARY LOCAL CLIMATOLOGICAL DATA (WS FORM: F-6)
STATION: SAN FRANCISCO DWTN CA
MONTH: SEPTEMBER
YEAR: 2023
LATITUDE: 37 46 N
LONGITUDE: 122 26 W
TEMPERATURE IN F: :PCPN: SNOW: WIND :SUNSHINE: SKY :PK WND
================================================================================
1 2 3 4 5 6A 6B 7 8 9 10 11 12 13 14 15 16 17 18
12Z AVG MX 2MIN
DY MAX MIN AVG DEP HDD CDD WTR SNW DPTH SPD SPD DIR MIN PSBL S-S WX SPD DR
================================================================================
1 64 57 61 -2 4 0 0.02 M 0 M M M M M M M M
2 72 60 66 3 0 1 0.00 M 0 M M M M M M M M
3 68 58 63 0 2 0 0.00 M 0 M M M M M M M M
4 67 56 62 -1 3 0 0.00 M 0 M M M M M M M M
5 70 57 64 1 1 0 0.00 M 0 M M M M M M M M
6 69 57 63 0 2 0 0.00 M 0 M M M M M M M M
7 66 56 61 -2 4 0 0.00 M 0 M M M M M M M M
8 71 55 63 0 2 0 0.00 M 0 M M M M M M M M
9 67 55 61 -2 4 0 0.00 M 0 M M M M M M M M
10 68 55 62 -1 3 0 0.00 M 0 M M M M M M M M
11 71 56 64 1 1 0 0.00 M 0 M M M M M M M M
12 68 57 63 0 2 0 0.00 M 0 M M M M M M M M
13 69 57 63 0 2 0 0.00 M 0 M M M M M M M M
14 68 56 62 -1 3 0 0.00 M 0 M M M M M M M M
15 67 60 64 1 1 0 0.00 M 0 M M M M M M M M
16 67 60 64 1 1 0 0.00 M 0 M M M M M M M M
17 69 59 64 1 1 0 0.00 M 0 M M M M M M M M
18 68 59 64 1 1 0 0.00 M 0 M M M M M M M M
19 68 58 63 0 2 0 0.00 M 0 M M M M M M M M
20 68 58 63 0 2 0 0.00 M 0 M M M M M M M M
21 70 56 63 0 2 0 0.00 M 0 M M M M M M M M
22 68 57 63 0 2 0 0.00 M 0 M M M M M M M M
23 66 55 61 -2 4 0 0.00 M 0 M M M M M M M M
24 68 56 62 -1 3 0 0.00 M 0 M M M M M M M M
25 74 58 66 3 0 1 0.00 M 0 M M M M M M M M
26 70 60 65 2 0 0 0.07 M 0 M M M M M M M M
27 71 57 64 1 1 0 0.00 M 0 M M M M M M M M
28 71 56 64 1 1 0 0.00 M 0 M M M M M M M M
29 65 57 61 -2 4 0 0.00 M 0 M M M M M M M M
30 66 55 61 -2 4 0 0.02 M 0 M M M M M M M M
================================================================================
SM 2054 1713 62 2 0.11 M M M M
================================================================================
AV 68.5 57.1 M FASTST M M M MAX(MPH)
MISC ----> M M M M
================================================================================
NOTES:
# LAST OF SEVERAL OCCURRENCES
COLUMN 17 PEAK WIND IN M.P.H.
PRELIMINARY LOCAL CLIMATOLOGICAL DATA (WS FORM: F-6) , PAGE 2
STATION: SAN FRANCISCO DWTN CA
MONTH: SEPTEMBER
YEAR: 2023
LATITUDE: 37 46 N
LONGITUDE: 122 26 W
[TEMPERATURE DATA] [PRECIPITATION DATA] SYMBOLS USED IN COLUMN 16
AVERAGE MONTHLY: 62.8 TOTAL FOR MONTH: 0.11 1 = FOG OR MIST
DPTR FM NORMAL: -0.1 DPTR FM NORMAL: 0.01 2 = FOG REDUCING VISIBILITY
HIGHEST: 74 ON 25 GRTST 24HR 0.07 ON 26-26 TO 1/4 MILE OR LESS
LOWEST: 55 ON 30,23 3 = THUNDER
SNOW, ICE PELLETS, HAIL 4 = ICE PELLETS
TOTAL MONTH: M 5 = HAIL
GRTST 24HR M ON M 6 = FREEZING RAIN OR DRIZZLE
GRTST DEPTH: 0 7 = DUSTSTORM OR SANDSTORM:
VSBY 1/2 MILE OR LESS
8 = SMOKE OR HAZE
[NO. OF DAYS WITH] [WEATHER - DAYS WITH] 9 = BLOWING SNOW
X = TORNADO
MAX 32 OR BELOW: 0 0.01 INCH OR MORE: 3
MAX 90 OR ABOVE: 0 0.10 INCH OR MORE: 0
MIN 32 OR BELOW: 0 0.50 INCH OR MORE: 0
MIN 0 OR BELOW: 0 1.00 INCH OR MORE: 0
[HDD (BASE 65) ]
TOTAL THIS MO. 62 CLEAR (SCALE 0-3) 0
DPTR FM NORMAL -35 PTCLDY (SCALE 4-7) 0
TOTAL FM JUL 1 266 CLOUDY (SCALE 8-10) 30
DPTR FM NORMAL -96
[CDD (BASE 65) ]
TOTAL THIS MO. 2
DPTR FM NORMAL -32 [PRESSURE DATA]
TOTAL FM JAN 1 41 HIGHEST SLP M ON M
DPTR FM NORMAL -43 LOWEST SLP 9999.00 ON 1
[REMARKS]
#FINAL-09-23#