000
CXUS56 KOTX 010910
CF6SFF
PRELIMINARY LOCAL CLIMATOLOGICAL DATA (WS FORM: F-6)
STATION: SPOKANE WA FELTS AIRPORT
MONTH: OCTOBER
YEAR: 2021
LATITUDE: 47 40 N
LONGITUDE: 117 20 W
TEMPERATURE IN F: :PCPN: SNOW: WIND :SUNSHINE: SKY :PK WND
================================================================================
1 2 3 4 5 6A 6B 7 8 9 10 11 12 13 14 15 16 17 18
12Z AVG MX 2MIN
DY MAX MIN AVG DEP HDD CDD WTR SNW DPTH SPD SPD DIR MIN PSBL S-S WX SPD DR
================================================================================
1 66 43 55 -1 10 0 0.00 M M 1.4 8 290 M M 4 1 11 290
2 68 40 54 -1 11 0 0.00 M M 1.2 7 290 M M 1 1 10 290
3 72 42 57 2 8 0 0.00 M M 3.0 12 230 M M 0 16 220
4 73 42 58 4 7 0 0.00 M M 1.0 12 60 M M 0 15 350
5 76 46 61 7 4 0 0.00 M M 4.0 14 230 M M 1 18 240
6 58 41 50 -4 15 0 0.03 M M 8.7 18 200 M M 6 23 200
7 60 34 47 -6 18 0 0.00 M M 2.4 12 220 M M 1 1 13 220
8 60 33 47 -6 18 0 0.00 M M 0.8 7 250 M M 2 1 10 220
9 59 32 46 -6 19 0 0.00 M M 5.4 16 220 M M 2 20 220
10 60 35 48 -4 17 0 0.00 M M 8.4 25 250 M M 5 36 260
11 56 27 42 -9 23 0 0.00 M M 2.3 12 10 M M 0 18 10
12 55 27 41 -10 24 0 0.00 M M 2.2 8 180 M M 2 11 130
13 42 39 41 -9 24 0 0.04 M M 3.3 10 210 M M 10 1 14 230
14 52 33 43 -7 22 0 0.00 M M 3.6 13 220 M M 7 1 16 230
15 58 46 52 2 13 0 0.00 M M 3.1 15 210 M M 9 24 210
16 72 39 56 7 9 0 0.00 M M 3.0 15 200 M M 1 1 20 200
17 70 40 55 6 10 0 0.00 M M 1.2 12 80 M M 0 13 80
18 66 37 52 4 13 0 0.00 M M 1.6 6 50 M M 0 1 10 290
19 68 37 53 5 12 0 0.00 M M 1.9 7 220 M M 0 1 10 230
20 60 45 53 6 12 0 0.07 M M 4.7 20 220 M M 5 25 240
21 65 46 56 9 9 0 0.00 M M 3.9 15 90 M M 4 18 100
22 58 49 54 8 11 0 0.17 M M 6.1 14 230 M M 10 1 18 220
23 55 45 50 4 15 0 0.08 M M 4.8 12 210 M M 9 1 14 220
24 55 44 50 4 15 0 0.22 M M 9.2 20 90 M M 8 1 26 120
25 57 42 50 5 15 0 0.01 M M 6.3 18 210 M M 5 22 210
26 55 44 50 5 15 0 T M M 11.0 24 210 M M 9 30 220
27 55 41 48 4 17 0 0.00 M M 9.2 21 250 M M 4 28 220
28 65 45 55 11 10 0 0.05 M M 10.4 26 220 M M 10 1 35 220
29 60 36 48 4 17 0 0.46 M M 6.3 20 240 M M 7 1 26 250
30 50 29 40 -3 25 0 0.00 M M 3.5 14 80 M M 2 12 19 60
31 52 27 40 -3 25 0 0.00 M M 2.2 15 60 M M 0 19 70
================================================================================
SM 1878 1206 463 0 1.13 M 136.1 M 124
================================================================================
AV 60.6 38.9 4.4 FASTST M M 4 MAX(MPH)
MISC ----> 26 220 36 260
================================================================================
NOTES:
# LAST OF SEVERAL OCCURRENCES
COLUMN 17 PEAK WIND IN M.P.H.
PRELIMINARY LOCAL CLIMATOLOGICAL DATA (WS FORM: F-6) , PAGE 2
STATION: SPOKANE WA FELTS AIRPORT
MONTH: OCTOBER
YEAR: 2021
LATITUDE: 47 40 N
LONGITUDE: 117 20 W
[TEMPERATURE DATA] [PRECIPITATION DATA] SYMBOLS USED IN COLUMN 16
AVERAGE MONTHLY: 49.7 TOTAL FOR MONTH: 1.13 1 = FOG OR MIST
DPTR FM NORMAL: 0.6 DPTR FM NORMAL: -0.33 2 = FOG REDUCING VISIBILITY
HIGHEST: 76 ON 5 GRTST 24HR 0.48 ON 28-29 TO 1/4 MILE OR LESS
LOWEST: 27 ON 31,12 3 = THUNDER
SNOW, ICE PELLETS, HAIL 4 = ICE PELLETS
TOTAL MONTH: M 5 = HAIL
GRTST 24HR M ON M 6 = FREEZING RAIN OR DRIZZLE
GRTST DEPTH: M ON M 7 = DUSTSTORM OR SANDSTORM:
VSBY 1/2 MILE OR LESS
8 = SMOKE OR HAZE
[NO. OF DAYS WITH] [WEATHER - DAYS WITH] 9 = BLOWING SNOW
X = TORNADO
MAX 32 OR BELOW: 0 0.01 INCH OR MORE: 9
MAX 90 OR ABOVE: 0 0.10 INCH OR MORE: 3
MIN 32 OR BELOW: 5 0.50 INCH OR MORE: 0
MIN 0 OR BELOW: 0 1.00 INCH OR MORE: 0
[HDD (BASE 65) ]
TOTAL THIS MO. 463 CLEAR (SCALE 0-3) 15
DPTR FM NORMAL -29 PTCLDY (SCALE 4-7) 10
TOTAL FM JUL 1 581 CLOUDY (SCALE 8-10) 6
DPTR FM NORMAL -89
[CDD (BASE 65) ]
TOTAL THIS MO. 0
DPTR FM NORMAL 0 [PRESSURE DATA]
TOTAL FM JAN 1 931 HIGHEST SLP M ON M
DPTR FM NORMAL 424 LOWEST SLP 29.28 ON 24
[REMARKS]
#FINAL-10-21#