000
CXUS56 KOTX 010910
CF6SFF
PRELIMINARY LOCAL CLIMATOLOGICAL DATA (WS FORM: F-6)
STATION: SPOKANE WA FELTS AIRPORT
MONTH: MAY
YEAR: 2021
LATITUDE: 47 40 N
LONGITUDE: 117 20 W
TEMPERATURE IN F: :PCPN: SNOW: WIND :SUNSHINE: SKY :PK WND
================================================================================
1 2 3 4 5 6A 6B 7 8 9 10 11 12 13 14 15 16 17 18
12Z AVG MX 2MIN
DY MAX MIN AVG DEP HDD CDD WTR SNW DPTH SPD SPD DIR MIN PSBL S-S WX SPD DR
================================================================================
1 71 48 60 8 5 0 0.00 M M 8.4 22 230 M M 2 31 250
2 66 37 52 -1 13 0 0.00 M M 2.4 12 140 M M 2 15 150
3 67 40 54 1 11 0 0.00 M M 6.6 24 230 M M 2 32 240
4 69 37 53 -1 12 0 0.00 M M 3.5 16 250 M M 3 24 260
5 74 40 57 3 8 0 0.00 M M 2.5 12 90 M M 1 17 50
6 88 47 68 14 0 3 T M M 9.1 25 240 M M 2 3 31 230
7 59 40 50 -4 15 0 0.02 M M 11.8 28 190 M M 7 36 230
8 61 35 48 -7 17 0 0.00 M M 8.5 21 240 M M 5 27 230
9 64 43 54 -1 11 0 0.00 M M 3.5 12 180 M M 4 16 210
10 68 40 54 -2 11 0 0.00 M M 2.6 10 290 M M 4 16 280
11 73 40 57 1 8 0 0.00 M M 3.0 15 210 M M 3 20 230
12 74 43 59 3 6 0 0.00 M M 2.5 12 220 M M 4 18 350
13 75 47 61 5 4 0 0.00 M M 2.0 12 290 M M 2 16 240
14 79 44 62 5 3 0 0.00 M M 2.3 12 280 M M 1 16 290
15 82 45 64 7 1 0 0.00 M M 2.3 8 10 M M 2 13 10
16 85 47 66 9 0 1 0.00 M M 3.4 15 230 M M 0 20 240
17 83 51 67 9 0 2 0.00 M M 10.1 25 220 M M 1 30 220
18 64 42 53 -5 12 0 0.00 M M 13.8 26 240 M M 6 37 230
19 58 40 49 -9 16 0 0.03 M M 3.4 15 240 M M 7 17 230
20 57 46 52 -6 13 0 0.01 M M 5.4 15 70 M M 9 22 70
21 65 36 51 -7 14 0 0.00 M M 7.5 21 60 M M 3 29 60
22 70 46 58 -1 7 0 T M M 6.4 23 140 M M 4 31 180
23 69 41 55 -4 10 0 0.05 M M 7.0 21 230 M M 4 12 27 240
24 71 47 59 0 6 0 0.11 M M 10.6 29 230 M M 9 1 37 250
25 71 47 59 0 6 0 T M M 3.0 15 150 M M 5 18 170
26 73 48 61 2 4 0 0.00 M M 6.2 16 210 M M 3 21 180
27 75 50 63 3 2 0 0.02 M M 13.0 36 230 M M 3 8 46 230
28 66 46 56 -4 9 0 0.00 M M 11.5 24 210 M M 6 27 230
29 74 41 58 -2 7 0 0.00 M M 2.6 9 60 M M 1 14 190
30 81 43 62 2 3 0 0.00 M M 2.0 9 70 M M 0 12 280
31 85 49 67 7 0 2 0.00 M M 2.6 10 250 M M 0 16 230
================================================================================
SM 2217 1346 234 8 0.24 M 179.5 M 105
================================================================================
AV 71.5 43.4 5.8 FASTST M M 3 MAX(MPH)
MISC ----> 36 230 46 230
================================================================================
NOTES:
# LAST OF SEVERAL OCCURRENCES
COLUMN 17 PEAK WIND IN M.P.H.
PRELIMINARY LOCAL CLIMATOLOGICAL DATA (WS FORM: F-6) , PAGE 2
STATION: SPOKANE WA FELTS AIRPORT
MONTH: MAY
YEAR: 2021
LATITUDE: 47 40 N
LONGITUDE: 117 20 W
[TEMPERATURE DATA] [PRECIPITATION DATA] SYMBOLS USED IN COLUMN 16
AVERAGE MONTHLY: 57.5 TOTAL FOR MONTH: 0.24 1 = FOG OR MIST
DPTR FM NORMAL: 0.6 DPTR FM NORMAL: -1.46 2 = FOG REDUCING VISIBILITY
HIGHEST: 88 ON 6 GRTST 24HR 0.16 ON 23-24 TO 1/4 MILE OR LESS
LOWEST: 35 ON 8 3 = THUNDER
SNOW, ICE PELLETS, HAIL 4 = ICE PELLETS
TOTAL MONTH: M 5 = HAIL
GRTST 24HR M ON M 6 = FREEZING RAIN OR DRIZZLE
GRTST DEPTH: M ON M 7 = DUSTSTORM OR SANDSTORM:
VSBY 1/2 MILE OR LESS
8 = SMOKE OR HAZE
[NO. OF DAYS WITH] [WEATHER - DAYS WITH] 9 = BLOWING SNOW
X = TORNADO
MAX 32 OR BELOW: 0 0.01 INCH OR MORE: 6
MAX 90 OR ABOVE: 0 0.10 INCH OR MORE: 1
MIN 32 OR BELOW: 0 0.50 INCH OR MORE: 0
MIN 0 OR BELOW: 0 1.00 INCH OR MORE: 0
[HDD (BASE 65) ]
TOTAL THIS MO. 234 CLEAR (SCALE 0-3) 17
DPTR FM NORMAL -31 PTCLDY (SCALE 4-7) 12
TOTAL FM JUL 1 5514 CLOUDY (SCALE 8-10) 2
DPTR FM NORMAL -396
[CDD (BASE 65) ]
TOTAL THIS MO. 8
DPTR FM NORMAL -6 [PRESSURE DATA]
TOTAL FM JAN 1 8 HIGHEST SLP M ON M
DPTR FM NORMAL -6 LOWEST SLP 29.67 ON 17
[REMARKS]
#FINAL-05-21#