000
CXUS56 KOTX 010900
CF6SFF
PRELIMINARY LOCAL CLIMATOLOGICAL DATA (WS FORM: F-6)
STATION: SPOKANE WA FELTS AIRPORT
MONTH: MAY
YEAR: 2020
LATITUDE: 47 40 N
LONGITUDE: 117 20 W
TEMPERATURE IN F: :PCPN: SNOW: WIND :SUNSHINE: SKY :PK WND
================================================================================
1 2 3 4 5 6A 6B 7 8 9 10 11 12 13 14 15 16 17 18
12Z AVG MX 2MIN
DY MAX MIN AVG DEP HDD CDD WTR SNW DPTH SPD SPD DIR MIN PSBL S-S WX SPD DR
================================================================================
1 65 37 51 0 14 0 0.00 M M 4.5 15 220 M M 1 19 240
2 75 38 57 6 8 0 0.23 M M 6.5 35 180 M M 6 138 47 210
3 59 38 49 -2 16 0 0.04 M M 10.8 26 200 M M 6 1 36 190
4 64 33 49 -3 16 0 0.00 M M 5.6 16 240 M M 0 1 19 230
5 75 40 58 6 7 0 0.00 M M 2.1 9 110 M M 1 16 70
6 59 43 51 -1 14 0 0.28 M M 7.4 25 220 M M 7 1 36 260
7 60 38 49 -3 16 0 0.00 M M 2.7 9 70 M M 4 14 70
8 70 37 54 1 11 0 0.00 M M 3.9 14 90 M M 1 1 20 70
9 76 43 60 7 5 0 0.00 M M 7.6 15 90 M M 0 25 80
10 76 56 66 13 0 1 0.00 M M 11.1 24 60 M M 0 33 60
11 71 53 62 8 3 0 T M M 10.9 21 60 M M 3 30 50
12 64 47 56 2 9 0 0.08 M M 7.0 17 190 M M 8 8 22 200
13 61 46 54 0 11 0 0.07 M M 5.8 20 210 M M 8 1 25 210
14 61 44 53 -1 12 0 0.03 M M 5.0 17 230 M M 7 1 22 220
15 64 45 55 0 10 0 0.03 M M 4.4 13 200 M M 7 1 15 210
16 71 40 56 1 9 0 T M M 5.2 15 160 M M 2 1 21 150
17 71 49 60 5 5 0 0.16 M M 3.7 20 250 M M 7 13 28 250
18 66 48 57 1 8 0 0.17 M M 2.4 21 240 M M 9 123 26 240
19 66 50 58 2 7 0 0.20 M M 2.3 17 90 M M 9 1 21 80
20 58 51 55 -1 10 0 1.40 M M 3.6 18 230 M M 9 1 22 240
21 61 46 54 -2 11 0 0.01 M M 16.6 30 230 M M 6 35 230
22 55 43 49 -8 16 0 0.03 M M 8.3 17 220 M M 9 20 220
23 63 47 55 -2 10 0 0.00 M M 4.1 13 200 M M 9 19 220
24 71 47 59 2 6 0 0.00 M M 3.0 12 220 M M 4 15 240
25 67 46 57 0 8 0 0.07 M M 5.6 17 200 M M 7 1 22 190
26 74 54 64 6 1 0 0.00 M M 8.3 20 230 M M 7 24 210
27 76 46 61 3 4 0 0.00 M M 2.5 10 280 M M 0 15 290
28 83 46 65 7 0 0 0.00 M M 1.7 9 70 M M 0 11 80
29 90 51 71 13 0 6 0.00 M M 2.3 9 80 M M 0 12 70
30 88 56 72 13 0 7 T M M 5.6 25 220 M M 2 38 40 220
31 67 48 58 -1 7 0 0.86 M M 9.0 22 240 M M 8 13 29 190
================================================================================
SM 2127 1406 254 14 3.66 M 179.5 M 147
================================================================================
AV 68.6 45.4 5.8 FASTST M M 5 MAX(MPH)
MISC ----> # 35 180 # 47 210
================================================================================
NOTES:
# LAST OF SEVERAL OCCURRENCES
COLUMN 17 PEAK WIND IN M.P.H.
PRELIMINARY LOCAL CLIMATOLOGICAL DATA (WS FORM: F-6) , PAGE 2
STATION: SPOKANE WA FELTS AIRPORT
MONTH: MAY
YEAR: 2020
LATITUDE: 47 40 N
LONGITUDE: 117 20 W
[TEMPERATURE DATA] [PRECIPITATION DATA] SYMBOLS USED IN COLUMN 16
AVERAGE MONTHLY: 57.0 TOTAL FOR MONTH: 3.66 1 = FOG OR MIST
DPTR FM NORMAL: 2.1 DPTR FM NORMAL: 1.95 2 = FOG REDUCING VISIBILITY
HIGHEST: 90 ON 29 GRTST 24HR 1.40 ON 20-20 TO 1/4 MILE OR LESS
LOWEST: 33 ON 4 3 = THUNDER
SNOW, ICE PELLETS, HAIL 4 = ICE PELLETS
TOTAL MONTH: M 5 = HAIL
GRTST 24HR M ON M 6 = FREEZING RAIN OR DRIZZLE
GRTST DEPTH: M ON M 7 = DUSTSTORM OR SANDSTORM:
VSBY 1/2 MILE OR LESS
8 = SMOKE OR HAZE
[NO. OF DAYS WITH] [WEATHER - DAYS WITH] 9 = BLOWING SNOW
X = TORNADO
MAX 32 OR BELOW: 0 0.01 INCH OR MORE: 15
MAX 90 OR ABOVE: 1 0.10 INCH OR MORE: 7
MIN 32 OR BELOW: 0 0.50 INCH OR MORE: 2
MIN 0 OR BELOW: 0 1.00 INCH OR MORE: 1
[HDD (BASE 65) ]
TOTAL THIS MO. 254 CLEAR (SCALE 0-3) 12
DPTR FM NORMAL -66 PTCLDY (SCALE 4-7) 12
TOTAL FM JUL 1 5738 CLOUDY (SCALE 8-10) 7
DPTR FM NORMAL -437
[CDD (BASE 65) ]
TOTAL THIS MO. 14
DPTR FM NORMAL 7 [PRESSURE DATA]
TOTAL FM JAN 1 14 HIGHEST SLP M ON M
DPTR FM NORMAL 7 LOWEST SLP 29.33 ON 30
[REMARKS]
#FINAL-05-20#