000
CXUS56 KOTX 010900
CF6SFF
PRELIMINARY LOCAL CLIMATOLOGICAL DATA (WS FORM: F-6)
STATION: SPOKANE WA FELTS AIRPORT
MONTH: FEBRUARY
YEAR: 2020
LATITUDE: 47 40 N
LONGITUDE: 117 20 W
TEMPERATURE IN F: :PCPN: SNOW: WIND :SUNSHINE: SKY :PK WND
================================================================================
1 2 3 4 5 6A 6B 7 8 9 10 11 12 13 14 15 16 17 18
12Z AVG MX 2MIN
DY MAX MIN AVG DEP HDD CDD WTR SNW DPTH SPD SPD DIR MIN PSBL S-S WX SPD DR
================================================================================
1 56 37 47 14 18 0 T M M 18.7 35 240 M M 5 46 230
2 40 22 31 -2 34 0 0.00 M M 1.5 12 250 M M 0 16 250
3 37 18 28 -5 37 0 0.00 M M 3.3 10 230 M M 3 13 230
4 32 16 24 -9 41 0 0.03 M M 4.1 14 230 M M 5 1 17 210
5 35 29 32 -1 33 0 0.27 M M 1.4 7 110 M M 10 1 8 130
6 38 33 36 3 29 0 0.21 M M 0.6 8 260 M M 10 18 10 260
7 43 34 39 6 26 0 M M M 2.4 10 230 M M 10 12 M M
8 46 31 39 6 26 0 0.00 M M 5.8 21 230 M M 7 27 230
9 38 26 32 -2 33 0 0.00 M M 3.7 16 240 M M 7 12 23 250
10 44 27 36 2 29 0 0.00 M M 1.8 8 290 M M 3 12 280
11 50 29 40 6 25 0 0.00 M M 4.6 18 240 M M 4 23 240
12 47 24 36 2 29 0 0.00 M M 3.4 12 210 M M 0 1 14 200
13 50 25 38 4 27 0 0.00 M M 5.6 20 210 M M 4 25 200
14 47 32 40 6 25 0 0.00 M M 8.3 18 230 M M 6 24 240
15 43 34 39 5 26 0 0.07 M M 7.5 21 210 M M 9 1 25 220
16 46 33 40 6 25 0 0.00 M M 5.3 16 290 M M 8 25 250
17 44 27 36 2 29 0 0.00 M M 2.6 13 280 M M 6 22 260
18 43 25 34 0 31 0 0.00 M M 1.5 10 330 M M 4 15 260
19 43 21 32 -3 33 0 0.00 M M 1.1 9 120 M M 0 11 120
20 46 23 35 0 30 0 0.00 M M 1.6 8 180 M M 0 10 170
21 50 22 36 1 29 0 0.00 M M 2.3 13 200 M M 0 14 240
22 51 26 39 4 26 0 0.00 M M 4.1 17 230 M M 1 22 220
23 47 32 40 5 25 0 0.16 M M 9.2 28 240 M M 6 18 35 230
24 45 29 37 1 28 0 0.00 M M 5.5 16 240 M M 7 20 230
25 44 25 35 -1 30 0 0.00 M M 2.1 10 190 M M 4 13 180
26 50 32 41 5 24 0 0.00 M M 2.2 14 230 M M 6 18 260
27 54 29 42 6 23 0 0.00 M M 4.0 13 180 M M 1 17 200
28 64 30 47 10 18 0 0.00 M M 7.8 24 230 M M 0 31 220
29 49 28 39 2 26 0 0.00 M M 9.7 23 230 M M 5 30 240
================================================================================
SM 1322 799 815 0 0.74 M 131.7 M 131
================================================================================
AV 45.6 27.6 4.5 FASTST M M 5 MAX(MPH)
MISC ----> # 35 240 # 46 230
================================================================================
NOTES:
# LAST OF SEVERAL OCCURRENCES
COLUMN 17 PEAK WIND IN M.P.H.
PRELIMINARY LOCAL CLIMATOLOGICAL DATA (WS FORM: F-6) , PAGE 2
STATION: SPOKANE WA FELTS AIRPORT
MONTH: FEBRUARY
YEAR: 2020
LATITUDE: 47 40 N
LONGITUDE: 117 20 W
[TEMPERATURE DATA] [PRECIPITATION DATA] SYMBOLS USED IN COLUMN 16
AVERAGE MONTHLY: 36.6 TOTAL FOR MONTH: 0.74 1 = FOG OR MIST
DPTR FM NORMAL: 2.3 DPTR FM NORMAL: -0.64 2 = FOG REDUCING VISIBILITY
HIGHEST: 64 ON 28 GRTST 24HR 0.27 ON 5- 5 TO 1/4 MILE OR LESS
LOWEST: 16 ON 4 3 = THUNDER
SNOW, ICE PELLETS, HAIL 4 = ICE PELLETS
TOTAL MONTH: M 5 = HAIL
GRTST 24HR M ON M 6 = FREEZING RAIN OR DRIZZLE
GRTST DEPTH: M ON M 7 = DUSTSTORM OR SANDSTORM:
VSBY 1/2 MILE OR LESS
8 = SMOKE OR HAZE
[NO. OF DAYS WITH] [WEATHER - DAYS WITH] 9 = BLOWING SNOW
X = TORNADO
MAX 32 OR BELOW: 1 0.01 INCH OR MORE: 5
MAX 90 OR ABOVE: 0 0.10 INCH OR MORE: 3
MIN 32 OR BELOW: 24 0.50 INCH OR MORE: 0
MIN 0 OR BELOW: 0 1.00 INCH OR MORE: 0
[HDD (BASE 65) ]
TOTAL THIS MO. 815 CLEAR (SCALE 0-3) 10
DPTR FM NORMAL -44 PTCLDY (SCALE 4-7) 14
TOTAL FM JUL 1 4240 CLOUDY (SCALE 8-10) 5
DPTR FM NORMAL -359
[CDD (BASE 65) ]
TOTAL THIS MO. 0
DPTR FM NORMAL 0 [PRESSURE DATA]
TOTAL FM JAN 1 0 HIGHEST SLP M ON M
DPTR FM NORMAL 0 LOWEST SLP 29.76 ON M
[REMARKS]
#FINAL-02-20#