000
CXUS53 KSGF 010637
CLMSGF
CLIMATE REPORT
NATIONAL WEATHER SERVICE
1237 AM CST MON JAN 01 2024
...................................
...THE SPRINGFIELD MO CLIMATE SUMMARY FOR THE MONTH OF DECEMBER 2023...
CLIMATE NORMAL PERIOD: 1991 TO 2020
CLIMATE RECORD PERIOD: 1888 TO 2023
WEATHER OBSERVED NORMAL DEPART LAST YEAR`S
VALUE DATE(S) VALUE FROM VALUE
NORMAL
..............................................................
TEMPERATURE (F)
RECORD
HIGH 77 12/08/1991
12/13/1948
LOW -16 12/23/1989
HIGHEST 67 12/07 45 22 70
LOWEST 20 12/19 25 -5 -8
AVG. MAXIMUM 52.0 47.0 5.0 45.3
AVG. MINIMUM 34.0 27.8 6.2
MEAN 43.0 37.4 5.6
DAYS MAX >= 90 0 0.0 0.0
DAYS MAX <= 32 0 4.0 -4.0
DAYS MIN <= 32 14 22.0 -8.0
DAYS MIN <= 0 0 0.1 -0.1
PRECIPITATION (INCHES)
RECORD
MAXIMUM 11.43 2015
MINIMUM 0.13 1950
TOTALS 1.12 2.61 -1.49 2.42
DAILY AVG. 0.04 0.08 -0.04
DAYS >= .01 10 8.0 2.0
DAYS >= .10 4 4.6 -0.6
DAYS >= .50 0 1.5 -1.5
DAYS >= 1.00 0 0.7 -0.7
GREATEST
24 HR. TOTAL 0.66 11/30 TO 12/01 1.16
DEGREE DAYS
HEATING TOTAL 672 856 -184 870
SINCE 7/1 1391 1681 -290 MM
COOLING TOTAL 0 0 0 0
SINCE 1/1 1647 1540 107 MM
FREEZE DATES
RECORD
EARLIEST 05/19/1894
LATEST 09/24/1989
EARLIEST 10/30
LATEST 04/23
..............................................................
WIND (MPH)
AVERAGE WIND SPEED 10.2
RESULTANT WIND SPEED/DIRECTION 5/210
HIGHEST WIND SPEED/DIRECTION 30/190 DATE 12/07
HIGHEST GUST SPEED/DIRECTION 39/190 DATE 12/07
SKY COVER
POSSIBLE SUNSHINE (PERCENT) MM
AVERAGE SKY COVER 0.45
NUMBER OF DAYS FAIR 15
NUMBER OF DAYS PC 5
NUMBER OF DAYS CLOUDY 11
AVERAGE RH (PERCENT) 71
WEATHER CONDITIONS. NUMBER OF DAYS WITH
THUNDERSTORM 0 MIXED PRECIP 0
HEAVY RAIN 0 RAIN 4
LIGHT RAIN 11 FREEZING RAIN 0
LT FREEZING RAIN 0 HAIL 0
HEAVY SNOW 0 SNOW 0
LIGHT SNOW 3 SLEET 0
FOG 14 FOG W/VIS <= 1/4 MILE 0
HAZE 1
- INDICATES NEGATIVE NUMBERS.
R INDICATES RECORD WAS SET OR TIED.
MM INDICATES DATA IS MISSING.
T INDICATES TRACE AMOUNT.
$$