000
CXUS55 KBYZ 011000
CF6SHR
PRELIMINARY LOCAL CLIMATOLOGICAL DATA (WS FORM: F-6)
STATION: SHERIDAN WY
MONTH: MAY
YEAR: 2021
LATITUDE: 44 46 N
LONGITUDE: 106 58 W
TEMPERATURE IN F: :PCPN: SNOW: WIND :SUNSHINE: SKY :PK WND
================================================================================
1 2 3 4 5 6A 6B 7 8 9 10 11 12 13 14 15 16 17 18
12Z AVG MX 2MIN
DY MAX MIN AVG DEP HDD CDD WTR SNW DPTH SPD SPD DIR MIN PSBL S-S WX SPD DR
================================================================================
1 75 46 61 14 4 0 0.04 M M 6.6 35 300 M M 3 42 300
2 51 42 47 0 18 0 0.44 M M 15.6 26 320 M M 10 30 320
3 53 32 43 -5 22 0 T M M 8.0 20 250 M M 8 22 250
4 54 30 42 -6 23 0 0.10 M M 5.6 23 280 M M 4 28 280
5 60 31 46 -2 19 0 0.01 M M 7.9 33 330 M M 5 40 320
6 70 30 50 1 15 0 0.00 M M 3.9 12 120 M M 0 15 120
7 82 36 59 10 6 0 T M M 9.7 40 320 M M 0 3 48 320
8 52 32 42 -8 23 0 0.03 M M 18.4 35 290 M M 7 41 280
9 50 30 40 -10 25 0 0.02 M M 6.3 23 300 M M 7 26 310
10 53 28 41 -9 24 0 0.00 M M 2.7 9 110 M M 7 12 13 80
11 60 29 45 -6 20 0 0.00 M M 6.1 21 150 M M 4 27 160
12 63 36 50 -1 15 0 0.04 M M 5.2 32 280 M M 4 40 280
13 69 38 54 3 11 0 T M M 7.0 23 300 M M 4 28 300
14 66 42 54 2 11 0 0.00 M M 4.8 20 220 M M 6 24 230
15 67 45 56 4 9 0 T M M 4.7 15 110 M M 6 20 70
16 75 38 57 5 8 0 0.00 M M 3.5 14 210 M M 2 18 200
17 79 42 61 8 4 0 0.00 M M 8.5 20 140 M M 0 26 140
18 85 43 64 11 1 0 0.00 M M 5.1 35 300 M M 0 43 300
19 72 48 60 6 5 0 0.10 M M 11.4 23 310 M M 2 3 30 270
20 66 37 52 -2 13 0 0.05 M M 12.6 41 290 M M 5 13 49 290
21 40 34 37 -17 28 0 0.04 M M 10.1 18 330 M M 10 1 23 320
22 52 33 43 -12 22 0 0.00 M M 6.6 13 80 M M 10 1 16 90
23 73 46 60 5 5 0 0.00 M M 8.5 33 210 M M 5 1 43 210
24 71 36 54 -1 11 0 0.00 M M 13.6 30 230 M M 1 43 230
25 71 40 56 0 9 0 T M M 8.4 20 320 M M 6 24 320
26 58 46 52 -4 13 0 0.24 M M 9.5 25 320 M M 6 138 32 350
27 66 45 56 0 9 0 0.00 M M 4.7 15 340 M M 5 19 350
28 74 39 57 1 8 0 0.00 M M 6.3 46 310 M M 1 56 310
29 68 46 57 0 8 0 T M M 5.9 13 300 M M 8 16 20
30 74 35 55 -2 10 0 0.00 M M 4.6 16 120 M M 2 21 90
31 80 37 59 2 6 0 0.00 M M 2.6 12 280 M M 1 3 15 20
================================================================================
SM 2029 1172 405 0 1.11 M 234.4 M 139
================================================================================
AV 65.5 37.8 7.6 FASTST M M 4 MAX(MPH)
MISC ----> 46 310 56 310
================================================================================
NOTES:
# LAST OF SEVERAL OCCURRENCES
COLUMN 17 PEAK WIND IN M.P.H.
PRELIMINARY LOCAL CLIMATOLOGICAL DATA (WS FORM: F-6) , PAGE 2
STATION: SHERIDAN WY
MONTH: MAY
YEAR: 2021
LATITUDE: 44 46 N
LONGITUDE: 106 58 W
[TEMPERATURE DATA] [PRECIPITATION DATA] SYMBOLS USED IN COLUMN 16
AVERAGE MONTHLY: 51.6 TOTAL FOR MONTH: 1.11 1 = FOG OR MIST
DPTR FM NORMAL: -0.8 DPTR FM NORMAL: -1.57 2 = FOG REDUCING VISIBILITY
HIGHEST: 85 ON 18 GRTST 24HR 0.48 ON 1- 2 TO 1/4 MILE OR LESS
LOWEST: 28 ON 10 3 = THUNDER
SNOW, ICE PELLETS, HAIL 4 = ICE PELLETS
TOTAL MONTH: M 5 = HAIL
GRTST 24HR M ON M 6 = FREEZING RAIN OR DRIZZLE
GRTST DEPTH: M ON M 7 = DUSTSTORM OR SANDSTORM:
VSBY 1/2 MILE OR LESS
8 = SMOKE OR HAZE
[NO. OF DAYS WITH] [WEATHER - DAYS WITH] 9 = BLOWING SNOW
X = TORNADO
MAX 32 OR BELOW: 0 0.01 INCH OR MORE: 11
MAX 90 OR ABOVE: 0 0.10 INCH OR MORE: 4
MIN 32 OR BELOW: 8 0.50 INCH OR MORE: 0
MIN 0 OR BELOW: 0 1.00 INCH OR MORE: 0
[HDD (BASE 65) ]
TOTAL THIS MO. 405 CLEAR (SCALE 0-3) 11
DPTR FM NORMAL 11 PTCLDY (SCALE 4-7) 16
TOTAL FM JUL 1 7138 CLOUDY (SCALE 8-10) 4
DPTR FM NORMAL -267
[CDD (BASE 65) ]
TOTAL THIS MO. 0
DPTR FM NORMAL -4 [PRESSURE DATA]
TOTAL FM JAN 1 0 HIGHEST SLP 30.37 ON 6
DPTR FM NORMAL -4 LOWEST SLP 29.50 ON 7
[REMARKS]
#FINAL-05-21#