000
CXUS54 KSHV 011400
CF6SHV
PRELIMINARY LOCAL CLIMATOLOGICAL DATA (WS FORM: F-6)
STATION: SHREVEPORT
MONTH: FEBRUARY
YEAR: 2021
LATITUDE: 32 28 N
LONGITUDE: 93 49 W
TEMPERATURE IN F: :PCPN: SNOW: WIND :SUNSHINE: SKY :PK WND
================================================================================
1 2 3 4 5 6A 6B 7 8 9 10 11 12 13 14 15 16 17 18
12Z AVG MX 2MIN
DY MAX MIN AVG DEP HDD CDD WTR SNW DPTH SPD SPD DIR MIN PSBL S-S WX SPD DR
================================================================================
1 60 34 47 -1 18 0 0.00 0.0 0 8.2 17 330 M M 2 21 340
2 58 33 46 -2 19 0 0.00 0.0 0 1.3 9 110 M M 4 11 120
3 64 33 49 1 16 0 0.00 0.0 0 7.6 15 160 M M 5 18 140
4 75 48 62 14 3 0 0.00 0.0 0 14.1 25 310 M M 8 31 320
5 58 38 48 -1 17 0 0.00 0.0 0 4.8 15 360 M M 5 21 360
6 51 40 46 -3 19 0 0.04 0.0 0 8.9 24 310 M M 9 18 30 320
7 51 39 45 -4 20 0 0.00 0.0 0 8.3 16 360 M M 7 20 140
8 62 36 49 0 16 0 0.00 0.0 0 7.4 16 160 M M 7 18 21 160
9 66 51 59 10 6 0 T 0.0 0 5.1 13 330 M M 10 128 15 330
10 55 41 48 -2 17 0 0.44 0.0 0 7.6 15 360 M M 10 1238 19 10
11 41 34 38 -12 27 0 0.05 T 0 10.8 18 20 M M 10 14 24 10
12 34 31 33 -17 32 0 0.00 0.0 0 11.9 18 20 M M 10 29 250
13 42 30 36 -14 29 0 0.00 0.0 0 11.5 20 20 M M 10 25 10
14 33 22 28 -22 37 0 0.20 0.3 0 12.3 20 20 M M 10 1468 25 360
15 22 6 14 -36 51 0 0.42 3.5 4 13.6 22 330 M M 9 14 28 350
16 28 1 15 -36 50 0 T T 4 6.6 14 20 M M 5 17 110
17 32 23 28 -23 37 0 1.32 2.5 5 10.4 16 360 M M 10 146 20 350
18 33 22 28 -23 37 0 T T 6 8.8 17 10 M M 9 16 25 10
19 39 18 29 -23 36 0 0.00 0.0 5 4.0 9 140 M M 1 18 14 40
20 47 21 34 -18 31 0 0.00 0.0 3 5.5 13 140 M M 2 128 17 140
21 67 32 50 -2 15 0 T 0.0 1 9.1 18 200 M M 6 25 210
22 70 37 54 2 11 0 0.00 0.0 T 3.8 15 310 M M 1 20 320
23 79 34 57 5 8 0 0.00 0.0 0 7.5 18 180 M M 0 29 190
24 79 46 63 10 2 0 0.00 0.0 0 8.7 22 230 M M 5 28 220
25 71 52 62 9 3 0 0.21 0.0 0 9.0 18 90 M M 6 13 21 340
26 62 47 55 2 10 0 0.23 0.0 0 6.0 17 50 M M 10 18 23 60
27 77 56 67 13 0 2 0.05 0.0 0 7.7 22 170 M M 9 128 28 190
28 78 65 72 18 0 7 0.29 0.0 0 10.9 21 200 M M 10 13 27 170
================================================================================
SM 1534 970 567 9 3.25 6.3 231.4 M 190
================================================================================
AV 54.8 34.6 8.3 FASTST M M 7 MAX(MPH)
MISC ----> 25 310 31 320
================================================================================
NOTES:
# LAST OF SEVERAL OCCURRENCES
COLUMN 17 PEAK WIND IN M.P.H.
PRELIMINARY LOCAL CLIMATOLOGICAL DATA (WS FORM: F-6) , PAGE 2
STATION: SHREVEPORT
MONTH: FEBRUARY
YEAR: 2021
LATITUDE: 32 28 N
LONGITUDE: 93 49 W
[TEMPERATURE DATA] [PRECIPITATION DATA] SYMBOLS USED IN COLUMN 16
AVERAGE MONTHLY: 44.7 TOTAL FOR MONTH: 3.25 1 = FOG OR MIST
DPTR FM NORMAL: -5.9 DPTR FM NORMAL: -1.50 2 = FOG REDUCING VISIBILITY
HIGHEST: 79 ON 24,23 GRTST 24HR 1.32 ON 16-17 TO 1/4 MILE OR LESS
LOWEST: 1 ON 16 3 = THUNDER
SNOW, ICE PELLETS, HAIL 4 = ICE PELLETS
TOTAL MONTH: 6.3 INCHES 5 = HAIL
GRTST 24HR 3.5 ON 15-15 6 = FREEZING RAIN OR DRIZZLE
GRTST DEPTH: 6 ON 18 7 = DUSTSTORM OR SANDSTORM:
VSBY 1/2 MILE OR LESS
8 = SMOKE OR HAZE
[NO. OF DAYS WITH] [WEATHER - DAYS WITH] 9 = BLOWING SNOW
X = TORNADO
MAX 32 OR BELOW: 3 0.01 INCH OR MORE: 10
MAX 90 OR ABOVE: 0 0.10 INCH OR MORE: 7
MIN 32 OR BELOW: 10 0.50 INCH OR MORE: 1
MIN 0 OR BELOW: 0 1.00 INCH OR MORE: 1
[HDD (BASE 65) ]
TOTAL THIS MO. 567 CLEAR (SCALE 0-3) 5
DPTR FM NORMAL 157 PTCLDY (SCALE 4-7) 10
TOTAL FM JUL 1 1744 CLOUDY (SCALE 8-10) 13
DPTR FM NORMAL -138
[CDD (BASE 65) ]
TOTAL THIS MO. 9
DPTR FM NORMAL 3 [PRESSURE DATA]
TOTAL FM JAN 1 9 HIGHEST SLP 30.54 ON 19
DPTR FM NORMAL 5 LOWEST SLP 29.68 ON 4
[REMARKS]
#FINAL-02-21#