000
CXUS54 KSHV 011500
CF6SHV
PRELIMINARY LOCAL CLIMATOLOGICAL DATA (WS FORM: F-6)
STATION: SHREVEPORT
MONTH: APRIL
YEAR: 2020
LATITUDE: 32 28 N
LONGITUDE: 93 49 W
TEMPERATURE IN F: :PCPN: SNOW: WIND :SUNSHINE: SKY :PK WND
================================================================================
1 2 3 4 5 6A 6B 7 8 9 10 11 12 13 14 15 16 17 18
12Z AVG MX 2MIN
DY MAX MIN AVG DEP HDD CDD WTR SNW DPTH SPD SPD DIR MIN PSBL S-S WX SPD DR
================================================================================
1 74 44 59 -3 6 0 0.00 0.0 0 3.0 10 160 M M 5 1 13 100
2 74 51 63 1 2 0 0.00 0.0 0 7.3 18 170 M M 8 22 170
3 75 60 68 6 0 3 0.04 0.0 0 4.9 13 110 M M 8 1 17 110
4 68 55 62 0 3 0 0.47 0.0 0 6.2 13 290 M M 10 12 16 340
5 76 56 66 3 0 1 0.00 0.0 0 3.6 10 30 M M 9 12 20 340
6 76 62 69 6 0 4 0.00 0.0 0 4.2 10 190 M M 10 8 14 180
7 85 70 78 15 0 13 T 0.0 0 7.9 15 220 M M 9 1 20 210
8 88 72 80 17 0 15 0.00 0.0 0 8.4 16 240 M M 7 18 22 230
9 80 64 72 8 0 7 T 0.0 0 8.1 18 50 M M 8 18 24 50
10 70 52 61 -3 4 0 0.00 0.0 0 8.2 20 60 M M 7 27 30
11 76 47 62 -2 3 0 T 0.0 0 7.5 15 160 M M 6 3 20 160
12 81 56 69 5 0 4 1.15 0.0 0 11.0 38 250 M M 7 13 47 240
13 61 45 53 -11 12 0 0.00 0.0 0 10.9 24 320 M M 7 32 320
14 62 44 53 -12 12 0 0.00 0.0 0 10.7 20 10 M M 3 24 10
15 66 39 53 -12 12 0 0.00 0.0 0 2.7 10 20 M M 2 14 10
16 74 41 58 -7 7 0 0.00 0.0 0 6.7 17 170 M M 1 21 170
17 76 53 65 -1 0 0 0.13 0.0 0 8.1 17 340 M M 9 1 22 340
18 67 52 60 -6 5 0 0.04 0.0 0 7.5 15 60 M M 8 13 19 50
19 68 60 64 -2 1 0 0.50 0.0 0 3.8 13 70 M M 10 138 16 120
20 73 55 64 -2 1 0 T 0.0 0 2.6 10 30 M M 7 1 12 360
21 84 52 68 1 0 3 0.00 0.0 0 3.8 13 140 M M 6 1 16 100
22 71 62 67 0 0 2 2.61 T T 9.1 26 140 M M 10 1235 37 150
23 77 57 67 0 0 2 0.00 0.0 0 8.1 20 290 M M 4 1 25 290
24 83 53 68 1 0 3 1.13 0.0 0 7.4 35 330 M M 5 138 41 330
25 76 60 68 0 0 3 0.00 0.0 0 9.5 17 300 M M 5 1 22 320
26 81 57 69 1 0 4 0.00 0.0 0 2.5 13 320 M M 4 19 140
27 84 58 71 3 0 6 0.00 0.0 0 9.0 24 170 M M 7 30 150
28 81 64 73 5 0 8 0.95 0.0 0 9.2 23 230 M M 7 13 28 240
29 78 58 68 -1 0 3 0.75 0.0 0 11.2 35 340 M M 6 13 46 350
30 80 52 66 -3 0 1 0.00 0.0 0 5.0 16 350 M M 1 20 340
================================================================================
SM 2265 1651 68 82 7.77 T 208.1 M 196
================================================================================
AV 75.5 55.0 6.9 FASTST M M 7 MAX(MPH)
MISC ----> # 38 250 # 47 240
================================================================================
NOTES:
# LAST OF SEVERAL OCCURRENCES
COLUMN 17 PEAK WIND IN M.P.H.
PRELIMINARY LOCAL CLIMATOLOGICAL DATA (WS FORM: F-6) , PAGE 2
STATION: SHREVEPORT
MONTH: APRIL
YEAR: 2020
LATITUDE: 32 28 N
LONGITUDE: 93 49 W
[TEMPERATURE DATA] [PRECIPITATION DATA] SYMBOLS USED IN COLUMN 16
AVERAGE MONTHLY: 65.3 TOTAL FOR MONTH: 7.77 1 = FOG OR MIST
DPTR FM NORMAL: 0.1 DPTR FM NORMAL: 3.58 2 = FOG REDUCING VISIBILITY
HIGHEST: 88 ON 8 GRTST 24HR 2.61 ON 22-22 TO 1/4 MILE OR LESS
LOWEST: 39 ON 15 3 = THUNDER
SNOW, ICE PELLETS, HAIL 4 = ICE PELLETS
TOTAL MONTH: T 5 = HAIL
GRTST 24HR T ON 22-22 6 = FREEZING RAIN OR DRIZZLE
GRTST DEPTH: T 7 = DUSTSTORM OR SANDSTORM:
VSBY 1/2 MILE OR LESS
8 = SMOKE OR HAZE
[NO. OF DAYS WITH] [WEATHER - DAYS WITH] 9 = BLOWING SNOW
X = TORNADO
MAX 32 OR BELOW: 0 0.01 INCH OR MORE: 10
MAX 90 OR ABOVE: 0 0.10 INCH OR MORE: 8
MIN 32 OR BELOW: 0 0.50 INCH OR MORE: 6
MIN 0 OR BELOW: 0 1.00 INCH OR MORE: 3
[HDD (BASE 65) ]
TOTAL THIS MO. 68 CLEAR (SCALE 0-3) 3
DPTR FM NORMAL -18 PTCLDY (SCALE 4-7) 19
TOTAL FM JUL 1 1858 CLOUDY (SCALE 8-10) 8
DPTR FM NORMAL -361
[CDD (BASE 65) ]
TOTAL THIS MO. 82
DPTR FM NORMAL -12 [PRESSURE DATA]
TOTAL FM JAN 1 188 HIGHEST SLP 30.26 ON 14
DPTR FM NORMAL 53 LOWEST SLP 29.36 ON 12
[REMARKS]
#FINAL-04-20#