000
CXUS56 KMFR 010930
CF6SIY
PRELIMINARY LOCAL CLIMATOLOGICAL DATA (WS FORM: F-6)
STATION: MONTAGUE CA
MONTH: APRIL
YEAR: 2022
LATITUDE: 41 46 N
LONGITUDE: 122 28 W
TEMPERATURE IN F: :PCPN: SNOW: WIND :SUNSHINE: SKY :PK WND
================================================================================
1 2 3 4 5 6A 6B 7 8 9 10 11 12 13 14 15 16 17 18
12Z AVG MX 2MIN
DY MAX MIN AVG DEP HDD CDD WTR SNW DPTH SPD SPD DIR MIN PSBL S-S WX SPD DR
================================================================================
1 70 24 47 1 18 0 0.00 M M 5.8 16 20 M M 0 22 360
2 67 35 51 5 14 0 0.00 M M 6.8 22 20 M M 0 26 20
3 65 27 46 0 19 0 0.00 M M 4.7 18 330 M M 1 24 310
4 59 37 48 2 17 0 0.01 M M 8.8 22 260 M M 8 28 240
5 57 26 42 -4 23 0 0.00 M M 7.4 16 350 M M 2 23 360
6 72 21 47 0 18 0 0.00 M M 1.6 7 250 M M 0 11 330
7 83 31 57 10 8 0 0.00 M M 1.6 8 310 M M 0 13 300
8 68 38 53 6 12 0 0.00 M M 14.6 31 360 M M 0 42 10
9 56 29 43 -4 22 0 0.00 M M 13.9 29 360 M M 0 39 360
10 52 26 39 -8 26 0 0.00 M M 4.1 16 250 M M 8 19 250
11 44 28 36 -12 29 0 0.06 M M 11.7 30 270 M M 7 128 39 270
12 49 24 37 -11 28 0 T M M 6.9 24 240 M M 5 8 30 260
13 51 31 41 -7 24 0 M M M 8.2 23 190 M M 10 34 190
14 57 28 43 -5 22 0 T M M 8.1 21 310 M M 6 28 310
15 53 24 39 -9 26 0 0.03 M M 4.9 17 170 M M 4 23 180
16 52 33 43 -6 22 0 0.02 M M 8.8 20 310 M M 6 1 35 310
17 66 32 49 0 16 0 0.00 M M 10.0 29 160 M M 1 36 160
18 61 34 48 -1 17 0 M M M 14.4 38 170 M M 4 49 180
19 50 32 41 -9 24 0 T M M 6.6 22 180 M M 5 28 180
20 54 30 42 -8 23 0 T M M 14.3 37 170 M M 8 47 180
21 55 32 44 -6 21 0 T M M 8.5 26 160 M M 5 32 160
22 59 35 47 -3 18 0 T M M 6.5 22 340 M M 7 27 350
23 67 29 48 -3 17 0 0.00 M M 3.9 14 360 M M 0 17 300
24 74 28 51 0 14 0 0.00 M M 4.5 14 310 M M 1 18 310
25 71 40 56 5 9 0 0.00 M M 7.3 20 220 M M 4 31 220
26 64 43 54 2 11 0 0.00 M M 10.1 18 350 M M 3 24 330
27 66 35 51 -1 14 0 0.00 M M 7.6 18 330 M M 3 25 350
28 59 34 47 -5 18 0 T M M 9.3 22 30 M M 7 30 20
29 70 26 48 -5 17 0 0.00 M M 4.7 14 290 M M 5 19 300
30 68 35 52 -1 13 0 0.01 M M 9.2 23 10 M M 5 31 250
================================================================================
SM 1839 927 560 0 0.13 M 234.8 M 115
================================================================================
AV 61.3 30.9 7.8 FASTST M M 4 MAX(MPH)
MISC ----> 38 170 49 180
================================================================================
NOTES:
# LAST OF SEVERAL OCCURRENCES
COLUMN 17 PEAK WIND IN M.P.H.
PRELIMINARY LOCAL CLIMATOLOGICAL DATA (WS FORM: F-6) , PAGE 2
STATION: MONTAGUE CA
MONTH: APRIL
YEAR: 2022
LATITUDE: 41 46 N
LONGITUDE: 122 28 W
[TEMPERATURE DATA] [PRECIPITATION DATA] SYMBOLS USED IN COLUMN 16
AVERAGE MONTHLY: 46.1 TOTAL FOR MONTH: 0.13 1 = FOG OR MIST
DPTR FM NORMAL: -2.8 DPTR FM NORMAL: -0.94 2 = FOG REDUCING VISIBILITY
HIGHEST: 83 ON 7 GRTST 24HR 0.06 ON 11-11 TO 1/4 MILE OR LESS
LOWEST: 21 ON 6 3 = THUNDER
SNOW, ICE PELLETS, HAIL 4 = ICE PELLETS
TOTAL MONTH: M 5 = HAIL
GRTST 24HR M ON M 6 = FREEZING RAIN OR DRIZZLE
GRTST DEPTH: M ON M 7 = DUSTSTORM OR SANDSTORM:
VSBY 1/2 MILE OR LESS
8 = SMOKE OR HAZE
[NO. OF DAYS WITH] [WEATHER - DAYS WITH] 9 = BLOWING SNOW
X = TORNADO
MAX 32 OR BELOW: 0 0.01 INCH OR MORE: 5
MAX 90 OR ABOVE: 0 0.10 INCH OR MORE: 0
MIN 32 OR BELOW: 19 0.50 INCH OR MORE: 0
MIN 0 OR BELOW: 0 1.00 INCH OR MORE: 0
[HDD (BASE 65) ]
TOTAL THIS MO. 560 CLEAR (SCALE 0-3) 13
DPTR FM NORMAL 77 PTCLDY (SCALE 4-7) 16
TOTAL FM JUL 1 4705 CLOUDY (SCALE 8-10) 1
DPTR FM NORMAL -76
[CDD (BASE 65) ]
TOTAL THIS MO. 0
DPTR FM NORMAL 0 [PRESSURE DATA]
TOTAL FM JAN 1 0 HIGHEST SLP M ON M
DPTR FM NORMAL 0 LOWEST SLP 29.57 ON 11
[REMARKS]
#FINAL-04-22#