000
CXUS56 KFGZ 010910
CF6SJN
PRELIMINARY LOCAL CLIMATOLOGICAL DATA (WS FORM: F-6)
STATION: SAINT JOHNS AZ AIRPORT
MONTH: NOVEMBER
YEAR: 2021
LATITUDE: 34 31 N
LONGITUDE: 109 23 W
TEMPERATURE IN F: :PCPN: SNOW: WIND :SUNSHINE: SKY :PK WND
================================================================================
1 2 3 4 5 6A 6B 7 8 9 10 11 12 13 14 15 16 17 18
12Z AVG MX 2MIN
DY MAX MIN AVG DEP HDD CDD WTR SNW DPTH SPD SPD DIR MIN PSBL S-S WX SPD DR
================================================================================
1 70 36 53 5 12 0 0.00 M M 5.7 17 280 M M 0 23 250
2 65 36 51 3 14 0 0.00 M M 4.1 10 330 M M 0 12 320
3 67 28 48 0 17 0 0.00 M M 3.5 12 320 M M 0 14 330
4 69 27 48 1 17 0 0.00 M M 3.6 12 310 M M 0 15 300
5 73 28 51 4 14 0 0.00 M M 2.9 12 180 M M 0 14 180
6 77 30 54 8 11 0 0.00 M M 5.5 21 280 M M 0 25 280
7 77 29 53 7 12 0 0.00 M M 4.8 18 250 M M 0 24 250
8 73 32 53 7 12 0 0.00 M M 6.1 22 250 M M 0 27 250
9 70 27 49 4 16 0 0.00 M M 4.6 17 250 M M 1 23 260
10 63 34 49 4 16 0 0.00 M M 6.9 21 330 M M 0 26 330
11 61 25 43 -2 22 0 0.00 M M 4.0 8 290 M M 0 M M
12 62 24 43 -1 22 0 0.00 M M 3.5 10 180 M M 0 13 330
13 66 24 45 1 20 0 0.00 M M 4.0 10 320 M M 0 15 340
14 68 25 47 4 18 0 0.00 M M 4.3 12 180 M M 0 8 13 190
15 71 24 48 5 17 0 0.00 M M 3.7 10 180 M M 0 13 190
16 69 25 47 4 18 0 0.00 M M 8.3 26 260 M M 0 35 260
17 62 22 42 0 23 0 0.00 M M 4.3 10 180 M M 0 12 180
18 66 20 43 1 22 0 0.00 M M 3.5 14 320 M M 0 16 320
19 68 22 45 4 20 0 0.00 M M 5.4 21 270 M M 0 8 26 280
20 68 24 46 5 19 0 0.00 M M 4.4 21 280 M M 0 24 290
21 59 25 42 1 23 0 0.00 M M 2.5 8 140 M M 0 8 10 50
22 61 16 39 -1 26 0 0.00 M M 3.2 10 280 M M 0 13 300
23 58 30 44 4 21 0 0.07 M M 4.8 16 290 M M 5 1 21 280
24 55 34 45 6 20 0 0.14 M M 7.5 23 270 M M 7 1 32 270
25 53 27 40 1 25 0 0.00 M M 4.8 13 350 M M 2 17 330
26 52 21 37 -2 28 0 0.00 M M 3.2 12 300 M M 0 14 300
27 54 21 38 0 27 0 0.00 M M 4.6 12 320 M M 0 14 310
28 60 20 40 2 25 0 0.00 M M 3.5 9 180 M M 0 11 180
29 62 21 42 4 23 0 0.00 M M 3.2 9 180 M M 0 12 330
30 60 23 42 5 23 0 0.00 0.0 0 4.6 12 180 M M 0 15 180
================================================================================
SM 1939 780 583 0 0.21 0.0 135.0 M 15
================================================================================
AV 64.6 26.0 4.5 FASTST M M 1 MAX(MPH)
MISC ----> 26 260 35 260
================================================================================
NOTES:
# LAST OF SEVERAL OCCURRENCES
COLUMN 17 PEAK WIND IN M.P.H.
PRELIMINARY LOCAL CLIMATOLOGICAL DATA (WS FORM: F-6) , PAGE 2
STATION: SAINT JOHNS AZ AIRPORT
MONTH: NOVEMBER
YEAR: 2021
LATITUDE: 34 31 N
LONGITUDE: 109 23 W
[TEMPERATURE DATA] [PRECIPITATION DATA] SYMBOLS USED IN COLUMN 16
AVERAGE MONTHLY: 45.3 TOTAL FOR MONTH: 0.21 1 = FOG OR MIST
DPTR FM NORMAL: 2.6 DPTR FM NORMAL: -0.40 2 = FOG REDUCING VISIBILITY
HIGHEST: 77 ON 7, 6 GRTST 24HR 0.21 ON 23-24 TO 1/4 MILE OR LESS
LOWEST: 16 ON 22 3 = THUNDER
SNOW, ICE PELLETS, HAIL 4 = ICE PELLETS
TOTAL MONTH: 0.0 INCH 5 = HAIL
GRTST 24HR 0.0 6 = FREEZING RAIN OR DRIZZLE
GRTST DEPTH: 0 7 = DUSTSTORM OR SANDSTORM:
VSBY 1/2 MILE OR LESS
8 = SMOKE OR HAZE
[NO. OF DAYS WITH] [WEATHER - DAYS WITH] 9 = BLOWING SNOW
X = TORNADO
MAX 32 OR BELOW: 0 0.01 INCH OR MORE: 2
MAX 90 OR ABOVE: 0 0.10 INCH OR MORE: 1
MIN 32 OR BELOW: 26 0.50 INCH OR MORE: 0
MIN 0 OR BELOW: 0 1.00 INCH OR MORE: 0
[HDD (BASE 65) ]
TOTAL THIS MO. 583 CLEAR (SCALE 0-3) 28
DPTR FM NORMAL -85 PTCLDY (SCALE 4-7) 2
TOTAL FM JUL 1 994 CLOUDY (SCALE 8-10) 0
DPTR FM NORMAL -50
[CDD (BASE 65) ]
TOTAL THIS MO. 0
DPTR FM NORMAL 0 [PRESSURE DATA]
TOTAL FM JAN 1 1151 HIGHEST SLP M ON M
DPTR FM NORMAL 219 LOWEST SLP 29.86 ON 24
[REMARKS]
#FINAL-11-21#