000
CXUS56 KPQR 011537
CF6SLE
PRELIMINARY LOCAL CLIMATOLOGICAL DATA (WS FORM: F-6)
STATION: SALEM OR
MONTH: DECEMBER
YEAR: 2020
LATITUDE: 44 55 N
LONGITUDE: 123 0 W
TEMPERATURE IN F: :PCPN: SNOW: WIND :SUNSHINE: SKY :PK WND
================================================================================
1 2 3 4 5 6A 6B 7 8 9 10 11 12 13 14 15 16 17 18
12Z AVG MX 2MIN
DY MAX MIN AVG DEP HDD CDD WTR SNW DPTH SPD SPD DIR MIN PSBL S-S WX SPD DR
================================================================================
1 47 29 38 -4 27 0 0.00 M M 4.9 14 360 M M 5 12 17 360
2 56 29 43 1 22 0 0.00 M M 2.6 9 340 M M 0 12 320
3 50 30 40 -2 25 0 0.00 M M 2.6 9 150 M M 0 11 140
4 51 28 40 -1 25 0 0.00 M M 2.3 9 20 M M 0 1 11 20
5 49 26 38 -3 27 0 0.13 M M 3.0 13 140 M M 3 1 15 140
6 56 42 49 8 16 0 0.04 M M 4.9 13 180 M M 8 12 17 170
7 51 37 44 3 21 0 0.00 M M 1.3 8 120 M M 5 12 9 120
8 54 37 46 5 19 0 0.15 M M 2.9 12 300 M M 8 128 16 310
9 53 33 43 3 22 0 T M M 3.0 9 140 M M 6 12 13 320
10 43 37 40 0 25 0 0.17 M M 5.7 14 140 M M 9 12 18 200
11 44 39 42 2 23 0 0.24 M M 8.1 16 170 M M 9 1 22 170
12 42 35 39 -1 26 0 0.03 M M 4.1 10 20 M M 7 1 12 20
13 53 38 46 6 19 0 0.42 M M 3.4 12 200 M M 9 18 15 180
14 50 38 44 4 21 0 0.12 M M 7.1 15 250 M M 8 1 18 240
15 50 42 46 6 19 0 0.24 M M 12.7 22 180 M M 9 1 28 180
16 50 43 47 7 18 0 0.60 M M 9.2 24 190 M M 6 1 34 170
17 50 38 44 4 21 0 0.04 M M 7.5 16 190 M M 7 1 20 200
18 50 38 44 4 21 0 0.17 M M 12.7 26 180 M M 6 1 35 180
19 53 48 51 11 14 0 0.44 M M 15.0 24 180 M M 10 1 35 180
20 54 46 50 11 15 0 1.92 M M 5.8 18 190 M M 10 1 24 170
21 60 42 51 12 14 0 0.10 M M 14.5 29 270 M M 8 18 38 180
22 48 31 40 1 25 0 0.02 M M 4.8 17 270 M M 6 12 22 270
23 46 28 37 -2 28 0 0.00 M M 4.9 10 340 M M 6 12 12 360
24 33 26 30 -9 35 0 0.00 M M 1.8 9 180 M M 9 12 10 180
25 50 31 41 2 24 0 0.71 M M 7.1 24 170 M M 10 1 33 180
26 50 44 47 7 18 0 0.09 M M 9.7 17 190 M M 8 1 22 190
27 52 33 43 3 22 0 T M M 3.5 13 10 M M 3 1 16 360
28 48 27 38 -2 27 0 0.00 M M 4.2 12 360 M M 0 13 340
29 38 24 31 -9 34 0 0.02 M M 2.2 10 140 M M 5 11 150
30 47 37 42 2 23 0 0.71 M M 12.7 23 180 M M 9 1 31 160
31 51 45 48 8 17 0 0.09 M M 10.2 17 190 M M 9 18 22 180
================================================================================
SM 1529 1101 693 0 6.45 M 194.4 M 198
================================================================================
AV 49.3 35.5 6.3 FASTST M M 6 MAX(MPH)
MISC ----> 29 270 38 180
================================================================================
NOTES:
# LAST OF SEVERAL OCCURRENCES
COLUMN 17 PEAK WIND IN M.P.H.
PRELIMINARY LOCAL CLIMATOLOGICAL DATA (WS FORM: F-6) , PAGE 2
STATION: SALEM OR
MONTH: DECEMBER
YEAR: 2020
LATITUDE: 44 55 N
LONGITUDE: 123 0 W
[TEMPERATURE DATA] [PRECIPITATION DATA] SYMBOLS USED IN COLUMN 16
AVERAGE MONTHLY: 42.4 TOTAL FOR MONTH: 6.45 1 = FOG OR MIST
DPTR FM NORMAL: 2.3 DPTR FM NORMAL: -0.41 2 = FOG REDUCING VISIBILITY
HIGHEST: 60 ON 21 GRTST 24HR 2.13 ON 19-20 TO 1/4 MILE OR LESS
LOWEST: 24 ON 29 3 = THUNDER
SNOW, ICE PELLETS, HAIL 4 = ICE PELLETS
TOTAL MONTH: M 5 = HAIL
GRTST 24HR M ON M 6 = FREEZING RAIN OR DRIZZLE
GRTST DEPTH: M ON M 7 = DUSTSTORM OR SANDSTORM:
VSBY 1/2 MILE OR LESS
8 = SMOKE OR HAZE
[NO. OF DAYS WITH] [WEATHER - DAYS WITH] 9 = BLOWING SNOW
X = TORNADO
MAX 32 OR BELOW: 0 0.01 INCH OR MORE: 21
MAX 90 OR ABOVE: 0 0.10 INCH OR MORE: 14
MIN 32 OR BELOW: 11 0.50 INCH OR MORE: 4
MIN 0 OR BELOW: 0 1.00 INCH OR MORE: 1
[HDD (BASE 65) ]
TOTAL THIS MO. 693 CLEAR (SCALE 0-3) 6
DPTR FM NORMAL -79 PTCLDY (SCALE 4-7) 15
TOTAL FM JUL 1 1732 CLOUDY (SCALE 8-10) 10
DPTR FM NORMAL -157
[CDD (BASE 65) ]
TOTAL THIS MO. 0
DPTR FM NORMAL 0 [PRESSURE DATA]
TOTAL FM JAN 1 409 HIGHEST SLP 30.56 ON 1
DPTR FM NORMAL 119 LOWEST SLP 29.64 ON 16
[REMARKS]
#FINAL-12-20#