000
CXUS51 KBTV 010700
CF6SLK
PRELIMINARY LOCAL CLIMATOLOGICAL DATA (WS FORM: F-6)
STATION: SARANAC LAKE NY
MONTH: JUNE
YEAR: 2021
LATITUDE: 44 23 N
LONGITUDE: 74 12 W
TEMPERATURE IN F: :PCPN: SNOW: WIND :SUNSHINE: SKY :PK WND
================================================================================
1 2 3 4 5 6A 6B 7 8 9 10 11 12 13 14 15 16 17 18
12Z AVG MX 2MIN
DY MAX MIN AVG DEP HDD CDD WTR SNW DPTH SPD SPD DIR MIN PSBL S-S WX SPD DR
================================================================================
1 70 41 56 1 9 0 T M M 6.4 18 230 M M 4 27 230
2 76 33 55 -1 10 0 0.00 M M 6.0 21 210 M M 3 26 200
3 65 50 58 2 7 0 0.26 M M 6.3 16 220 M M 9 1 22 210
4 77 53 65 9 0 0 0.00 M M 7.2 17 230 M M 5 23 230
5 82 51 67 10 0 2 0.12 M M 8.1 18 240 M M 4 1 26 220
6 86 59 73 16 0 8 0.07 M M 8.0 20 220 M M 2 1 27 210
7 86 54 70 13 0 5 0.00 M M 6.9 18 220 M M 2 1 26 270
8 77 61 69 12 0 4 0.06 M M 5.0 14 220 M M 6 1 17 220
9 80 44 62 4 3 0 0.00 M M 4.5 14 360 M M 4 12 20 310
10 72 39 56 -2 9 0 0.00 M M 5.3 16 50 M M 0 23 70
11 68 48 58 0 7 0 0.08 M M 2.1 10 230 M M 9 1 12 220
12 75 45 60 1 5 0 0.00 M M 2.6 10 290 M M 4 12 15 280
13 80 40 60 1 5 0 0.00 M M 2.5 13 220 M M 4 18 220
14 73 49 61 2 4 0 1.45 M M 4.4 17 190 M M 9 123 25 200
15 65 39 52 -7 13 0 0.10 M M 4.1 14 360 M M 9 12 23 340
16 63 33 48 -12 17 0 0.00 M M 4.6 14 240 M M 4 12 23 310
17 70 33 52 -8 13 0 0.00 M M 4.7 14 250 M M 0 21 270
18 76 35 56 -4 9 0 0.05 M M 6.6 20 230 M M 5 1 25 220
19 77 52 65 5 0 0 0.17 M M 7.7 20 240 M M 6 13 30 250
20 78 51 65 4 0 0 0.00 M M 5.0 15 220 M M 3 1 21 220
21 84 52 68 7 0 3 0.88 M M 8.1 28 210 M M 6 13 40 200
22 65 36 51 -10 14 0 0.00 M M 3.6 12 250 M M 8 1 17 240
23 65 32 49 -12 16 0 0.00 M M 3.4 13 220 M M 4 12 20 250
24 77 32 55 -7 10 0 0.00 M M 7.6 22 200 M M 0 28 200
25 79 51 65 3 0 0 0.00 M M 8.4 18 210 M M 0 24 210
26 75 63 69 7 0 4 0.17 M M 10.9 22 200 M M 5 1 29 200
27 85 69 77 15 0 12 T M M 11.8 24 230 M M 4 34 230
28 85 69 77 15 0 12 0.02 M M 8.6 18 240 M M 6 1 25 230
29 84 67 76 14 0 11 0.09 M M 4.8 15 230 M M 4 13 22 220
30 79 63 71 8 0 6 0.54 M M 8.1 20 230 M M 6 1 26 230
================================================================================
SM 2274 1444 151 67 4.06 M 183.3 M 135
================================================================================
AV 75.8 48.1 6.1 FASTST M M 5 MAX(MPH)
MISC ----> 28 210 40 200
================================================================================
NOTES:
# LAST OF SEVERAL OCCURRENCES
COLUMN 17 PEAK WIND IN M.P.H.
PRELIMINARY LOCAL CLIMATOLOGICAL DATA (WS FORM: F-6) , PAGE 2
STATION: SARANAC LAKE NY
MONTH: JUNE
YEAR: 2021
LATITUDE: 44 23 N
LONGITUDE: 74 12 W
[TEMPERATURE DATA] [PRECIPITATION DATA] SYMBOLS USED IN COLUMN 16
AVERAGE MONTHLY: 62.0 TOTAL FOR MONTH: 4.06 1 = FOG OR MIST
DPTR FM NORMAL: 2.6 DPTR FM NORMAL: -0.30 2 = FOG REDUCING VISIBILITY
HIGHEST: 86 ON 7, 6 GRTST 24HR 1.45 ON 14-14 TO 1/4 MILE OR LESS
LOWEST: 32 ON 24,23 3 = THUNDER
SNOW, ICE PELLETS, HAIL 4 = ICE PELLETS
TOTAL MONTH: M 5 = HAIL
GRTST 24HR M ON M 6 = FREEZING RAIN OR DRIZZLE
GRTST DEPTH: M ON M 7 = DUSTSTORM OR SANDSTORM:
VSBY 1/2 MILE OR LESS
8 = SMOKE OR HAZE
[NO. OF DAYS WITH] [WEATHER - DAYS WITH] 9 = BLOWING SNOW
X = TORNADO
MAX 32 OR BELOW: 0 0.01 INCH OR MORE: 14
MAX 90 OR ABOVE: 0 0.10 INCH OR MORE: 8
MIN 32 OR BELOW: 2 0.50 INCH OR MORE: 3
MIN 0 OR BELOW: 0 1.00 INCH OR MORE: 1
[HDD (BASE 65) ]
TOTAL THIS MO. 151 CLEAR (SCALE 0-3) 7
DPTR FM NORMAL -43 PTCLDY (SCALE 4-7) 18
TOTAL FM JUL 1 8812 CLOUDY (SCALE 8-10) 5
DPTR FM NORMAL -489
[CDD (BASE 65) ]
TOTAL THIS MO. 67
DPTR FM NORMAL 42 [PRESSURE DATA]
TOTAL FM JAN 1 79 HIGHEST SLP M ON M
DPTR FM NORMAL 50 LOWEST SLP 29.47 ON 21
[REMARKS]
#FINAL-06-21#