000
CXUS53 KICT 082307
CF6SLN
PRELIMINARY LOCAL CLIMATOLOGICAL DATA (WS FORM: F-6)
STATION: SALINA KS
MONTH: DECEMBER
YEAR: 2021
LATITUDE: 38 47 N
LONGITUDE: 97 39 W
TEMPERATURE IN F: :PCPN: SNOW: WIND :SUNSHINE: SKY :PK WND
================================================================================
1 2 3 4 5 6A 6B 7 8 9 10 11 12 13 14 15 16 17 18
12Z AVG MX 2MIN
DY MAX MIN AVG DEP HDD CDD WTR SNW DPTH SPD SPD DIR MIN PSBL S-S WX SPD DR
================================================================================
1 69 29 49 12 16 0 0.00 M M 6.1 16 230 M M 0 21 220
2 72 37 55 18 10 0 0.00 M M 4.2 12 240 M M 0 16 250
3 65 34 50 14 15 0 T M M 9.8 22 20 M M 0 30 30
4 53 29 41 5 24 0 0.00 M M 8.0 15 150 M M 2 19 150
5 63 38 51 15 14 0 0.00 M M 14.8 37 350 M M 1 1 46 350
6 38 24 31 -4 34 0 0.00 M M 12.0 35 340 M M 0 44 340
7 47 25 36 1 29 0 0.00 M M 10.7 21 200 M M 1 29 190
8 59 20 40 6 25 0 0.00 M M 10.6 20 170 M M 0 29 170
9 65 34 50 16 15 0 0.00 M M 9.0 23 300 M M 0 31 310
10 70 32 51 17 14 0 0.00 M M 16.8 32 320 M M 2 45 340
11 49 22 36 2 29 0 0.00 M M 11.1 31 330 M M 1 42 310
12 56 30 43 10 22 0 0.00 M M 12.8 25 190 M M 0 32 190
13 60 25 43 10 22 0 0.00 M M 5.8 16 160 M M 0 8 21 160
14 64 38 51 18 14 0 0.00 M M 12.5 23 190 M M 0 36 170
15 76 13 45 12 20 0 0.08 M M 25.1 61 260 M M 4 1378 88 250
16 48 27 38 6 27 0 0.00 M M 5.0 8 100 M M 0 8 100
17 50 19 35 3 30 0 0.00 M M 6.5 12 350 M M 0 12 350
18 30 10 20 -12 45 0 0.00 M M 9.9 16 340 M M 2 29 310
19 43 12 28 -4 37 0 0.00 M M 15.0 23 190 M M 0 32 170
20 46 19 33 1 32 0 0.00 M M 9.0 18 360 M M 0 23 360
21 52 13 33 1 32 0 0.00 M M 4.2 14 320 M M 0 8 20 70
22 61 17 39 8 26 0 0.00 M M 9.7 22 210 M M 0 29 210
23 61 30 46 15 19 0 0.00 M M 8.1 20 200 M M 0 12 26 200
24 70 36 53 22 12 0 0.00 M M 9.9 23 190 M M 0 1 29 190
25 54 28 41 10 24 0 0.00 M M 4.7 14 310 M M 0 16 310
26 64 29 47 16 18 0 0.00 M M 12.1 28 280 M M 1 39 270
27 59 30 45 14 20 0 0.00 M M 8.6 30 310 M M 0 38 290
28 52 21 37 6 28 0 0.00 M M 14.9 26 310 M M 1 32 310
29 30 18 24 -7 41 0 T M M 7.5 15 10 M M 7 21 20
30 50 18 34 3 31 0 0.00 M M 6.5 15 180 M M 3 21 160
31 49 21 35 5 30 0 0.00 M M 13.4 24 350 M M 3 30 360
================================================================================
SM 1725 778 755 0 0.08 M 314.3 M 28
================================================================================
AV 55.6 25.1 10.1 FASTST M M 1 MAX(MPH)
MISC ----> 61 260 88 250
================================================================================
NOTES:
# LAST OF SEVERAL OCCURRENCES
COLUMN 17 PEAK WIND IN M.P.H.
PRELIMINARY LOCAL CLIMATOLOGICAL DATA (WS FORM: F-6) , PAGE 2
STATION: SALINA KS
MONTH: DECEMBER
YEAR: 2021
LATITUDE: 38 47 N
LONGITUDE: 97 39 W
[TEMPERATURE DATA] [PRECIPITATION DATA] SYMBOLS USED IN COLUMN 16
AVERAGE MONTHLY: 40.4 TOTAL FOR MONTH: 0.08 1 = FOG OR MIST
DPTR FM NORMAL: 7.5 DPTR FM NORMAL: -1.04 2 = FOG REDUCING VISIBILITY
HIGHEST: 76 ON 15 GRTST 24HR 0.08 ON 15-15 TO 1/4 MILE OR LESS
LOWEST: 10 ON 18 3 = THUNDER
SNOW, ICE PELLETS, HAIL 4 = ICE PELLETS
TOTAL MONTH: M 5 = HAIL
GRTST 24HR M ON M 6 = FREEZING RAIN OR DRIZZLE
GRTST DEPTH: M ON M 7 = DUSTSTORM OR SANDSTORM:
VSBY 1/2 MILE OR LESS
8 = SMOKE OR HAZE
[NO. OF DAYS WITH] [WEATHER - DAYS WITH] 9 = BLOWING SNOW
X = TORNADO
MAX 32 OR BELOW: 2 0.01 INCH OR MORE: 1
MAX 90 OR ABOVE: 0 0.10 INCH OR MORE: 0
MIN 32 OR BELOW: 25 0.50 INCH OR MORE: 0
MIN 0 OR BELOW: 0 1.00 INCH OR MORE: 0
[HDD (BASE 65) ]
TOTAL THIS MO. 742 CLEAR (SCALE 0-3) 29
DPTR FM NORMAL -253 PTCLDY (SCALE 4-7) 2
TOTAL FM JUL 1 1447 CLOUDY (SCALE 8-10) 0
DPTR FM NORMAL -521
[CDD (BASE 65) ]
TOTAL THIS MO. 0
DPTR FM NORMAL 0 [PRESSURE DATA]
TOTAL FM JAN 1 1815 HIGHEST SLP 30.46 ON 6
DPTR FM NORMAL 192 LOWEST SLP 29.25 ON 15
[REMARKS]
#FINAL-12-21#