000
CXUS53 KICT 020130
CF6SLN
PRELIMINARY LOCAL CLIMATOLOGICAL DATA (WS FORM: F-6)
STATION: SALINA KS
MONTH: OCTOBER
YEAR: 2023
LATITUDE: 38 47 N
LONGITUDE: 97 39 W
TEMPERATURE IN F: :PCPN: SNOW: WIND :SUNSHINE: SKY :PK WND
================================================================================
1 2 3 4 5 6A 6B 7 8 9 10 11 12 13 14 15 16 17 18
12Z AVG MX 2MIN
DY MAX MIN AVG DEP HDD CDD WTR SNW DPTH SPD SPD DIR MIN PSBL S-S WX SPD DR
================================================================================
1 94 69 82 18 0 17 0.00 M M 13.7 26 160 M M 0 36 150
2 91 60 76 13 0 11 0.00 M M 11.8 22 170 M M 0 33 170
3 87 62 75 12 0 10 0.69 M M 16.3 33 170 M M 3 13 47 170
4 76 57 67 5 0 2 0.00 M M 6.9 15 350 M M 1 128 23 350
5 78 50 64 2 1 0 0.00 M M 7.9 24 350 M M 0 8 35 340
6 62 41 52 -9 13 0 T M M 11.8 35 360 M M 4 44 350
7 68 33 51 -10 14 0 0.00 M M 4.6 13 190 M M 0 17 230
8 83 41 62 2 3 0 0.00 M M 4.6 13 340 M M 0 18 340
9 73 45 59 -1 6 0 0.00 M M 5.5 14 10 M M 0 19 30
10 81 41 61 1 4 0 T M M 10.0 26 150 M M 0 35 160
11 86 58 72 13 0 7 0.00 M M 17.3 29 160 M M 0 38 170
12 82 58 70 11 0 5 0.30 M M 18.3 36 160 M M 8 13 47 160
13 59 48 54 -4 11 0 0.00 M M 22.5 35 310 M M 7 45 300
14 57 49 53 -5 12 0 0.00 M M 16.4 26 340 M M 10 35 350
15 58 48 53 -4 12 0 0.00 M M 13.2 22 360 M M 10 27 350
16 64 36 50 -7 15 0 0.00 M M 5.5 14 340 M M 1 20 300
17 78 35 57 1 8 0 0.00 M M 10.2 22 190 M M 0 31 190
18 74 48 61 5 4 0 0.00 M M 8.9 21 340 M M 0 29 200
19 83 49 66 10 0 1 0.00 M M 9.2 18 280 M M 0 8 28 280
20 90 42 66 11 0 1 0.00 M M 5.5 15 260 M M 0 21 250
21 81 48 65 10 0 0 0.00 M M 7.2 14 70 M M 0 22 50
22 85 51 68 14 0 3 0.00 M M 13.9 26 150 M M 0 36 150
23 87 67 77 23 0 12 T M M 19.6 29 190 M M 0 3 40 190
24 71 61 66 12 0 1 T M M 12.4 28 170 M M 6 1 35 170
25 69 62 66 13 0 1 0.68 M M 10.8 22 190 M M 10 13 29 200
26 77 51 64 11 1 0 0.00 M M 12.0 29 330 M M 5 35 330
27 51 36 44 -8 21 0 0.00 M M 17.7 31 350 M M 4 40 340
28 39 30 35 -17 30 0 0.10 M M 12.1 21 10 M M 6 3 27 360
29 38 26 32 -19 33 0 0.00 M M 15.9 24 350 M M 8 30 340
30 46 21 34 -17 31 0 0.00 M M 6.5 16 300 M M 0 20 290
31 40 20 30 -20 35 0 0.00 M M 10.4 25 350 M M 0 33 340
================================================================================
SM 2208 1443 254 71 1.77 M 358.6 M 83
================================================================================
AV 71.2 46.5 11.6 FASTST M M 3 MAX(MPH)
MISC ----> 36 160 # 47 170
================================================================================
NOTES:
# LAST OF SEVERAL OCCURRENCES
COLUMN 17 PEAK WIND IN M.P.H.
PRELIMINARY LOCAL CLIMATOLOGICAL DATA (WS FORM: F-6) , PAGE 2
STATION: SALINA KS
MONTH: OCTOBER
YEAR: 2023
LATITUDE: 38 47 N
LONGITUDE: 97 39 W
[TEMPERATURE DATA] [PRECIPITATION DATA] SYMBOLS USED IN COLUMN 16
AVERAGE MONTHLY: 58.9 TOTAL FOR MONTH: 1.77 1 = FOG OR MIST
DPTR FM NORMAL: 1.9 DPTR FM NORMAL: -0.39 2 = FOG REDUCING VISIBILITY
HIGHEST: 94 ON 1 GRTST 24HR 0.69 ON 3- 3 TO 1/4 MILE OR LESS
LOWEST: 20 ON 31 3 = THUNDER
SNOW, ICE PELLETS, HAIL 4 = ICE PELLETS
TOTAL MONTH: M 5 = HAIL
GRTST 24HR M ON M 6 = FREEZING RAIN OR DRIZZLE
GRTST DEPTH: M ON M 7 = DUSTSTORM OR SANDSTORM:
VSBY 1/2 MILE OR LESS
8 = SMOKE OR HAZE
[NO. OF DAYS WITH] [WEATHER - DAYS WITH] 9 = BLOWING SNOW
X = TORNADO
MAX 32 OR BELOW: 0 0.01 INCH OR MORE: 4
MAX 90 OR ABOVE: 3 0.10 INCH OR MORE: 4
MIN 32 OR BELOW: 4 0.50 INCH OR MORE: 2
MIN 0 OR BELOW: 0 1.00 INCH OR MORE: 0
[HDD (BASE 65) ]
TOTAL THIS MO. 254 CLEAR (SCALE 0-3) 20
DPTR FM NORMAL -28 PTCLDY (SCALE 4-7) 7
TOTAL FM JUL 1 257 CLOUDY (SCALE 8-10) 4
DPTR FM NORMAL -75
[CDD (BASE 65) ]
TOTAL THIS MO. 71
DPTR FM NORMAL 37 [PRESSURE DATA]
TOTAL FM JAN 1 1913 HIGHEST SLP 30.61 ON 31
DPTR FM NORMAL 291 LOWEST SLP 29.29 ON 12
[REMARKS]
#FINAL-10-23#