000
CXUS53 KICT 011410
CF6SLN
PRELIMINARY LOCAL CLIMATOLOGICAL DATA (WS FORM: F-6)
STATION: SALINA KS
MONTH: JULY
YEAR: 2023
LATITUDE: 38 47 N
LONGITUDE: 97 39 W
TEMPERATURE IN F: :PCPN: SNOW: WIND :SUNSHINE: SKY :PK WND
================================================================================
1 2 3 4 5 6A 6B 7 8 9 10 11 12 13 14 15 16 17 18
12Z AVG MX 2MIN
DY MAX MIN AVG DEP HDD CDD WTR SNW DPTH SPD SPD DIR MIN PSBL S-S WX SPD DR
================================================================================
1 87 65 76 -4 0 11 0.94 M M 8.8 48 260 M M 3 123 62 250
2 88 64 76 -4 0 11 0.00 M M 4.6 9 290 M M 0 11 310
3 93 66 80 0 0 15 0.00 M M 8.0 16 160 M M 1 21 160
4 99 65 82 2 0 17 1.14 M M 10.1 51 10 M M 1 13 73 10
5 81 68 75 -5 0 10 0.03 M M 8.1 18 90 M M 6 3 26 70
6 79 65 72 -8 0 7 0.00 M M 8.2 13 90 M M 7 19 100
7 84 67 76 -5 0 11 T M M 6.6 17 190 M M 5 23 190
8 77 65 71 -10 0 6 0.06 M M 9.7 18 20 M M 6 3 22 10
9 83 61 72 -9 0 7 0.00 M M 3.8 10 350 M M 0 13 110
10 90 61 76 -5 0 11 T M M 10.1 18 170 M M 0 3 25 190
11 94 69 82 1 0 17 0.00 M M 8.0 18 220 M M 0 3 22 200
12 92 73 83 2 0 18 T M M 10.4 23 200 M M 2 30 200
13 93 73 83 2 0 18 0.00 M M 8.4 17 50 M M 1 24 70
14 91 68 80 -1 0 15 1.13 M M 7.8 22 90 M M 2 13 31 80
15 91 66 79 -2 0 14 0.00 M M 5.6 12 290 M M 0 19 310
16 89 70 80 -1 0 15 0.00 M M 6.8 18 120 M M 1 24 100
17 93 68 81 0 0 16 0.01 M M 6.7 23 330 M M 1 13 32 330
18 90 75 83 2 0 18 0.00 M M 12.7 22 90 M M 3 27 90
19 83 72 78 -3 0 13 0.04 M M 8.6 22 340 M M 7 1 29 330
20 89 72 81 0 0 16 0.00 M M 8.4 18 10 M M 3 1 23 20
21 85 67 76 -5 0 11 0.03 M M 5.3 10 350 M M 5 13 30
22 91 60 76 -5 0 11 0.23 M M 5.1 35 60 M M 1 38 46 70
23 96 63 80 -1 0 15 0.00 M M 6.0 13 160 M M 0 17 180
24 100 72 86 5 0 21 0.00 M M 10.6 20 150 M M 0 26 130
25 104 72 88 7 0 23 0.00 M M 13.2 26 210 M M 0 35 220
26 106 78 92 11 0 27 0.00 M M 8.7 25 210 M M 0 8 35 220
27 102 74 88 7 0 23 0.06 M M 11.7 23 170 M M 1 3 33 170
28 108 76 92 11 0 27 T M M 11.6 32 20 M M 0 3 41 10
29 96 74 85 4 0 20 0.02 M M 9.0 32 10 M M 0 3 42 10
30 104 73 89 8 0 24 0.00 M M 9.8 22 70 M M 0 3 32 70
31 103 75 89 8 0 24 0.00 M M 10.4 18 140 M M 0 24 150
================================================================================
SM 2861 2137 0 492 3.69 M 262.8 M 56
================================================================================
AV 92.3 68.9 8.5 FASTST M M 2 MAX(MPH)
MISC ----> 51 10 73 10
================================================================================
NOTES:
# LAST OF SEVERAL OCCURRENCES
COLUMN 17 PEAK WIND IN M.P.H.
PRELIMINARY LOCAL CLIMATOLOGICAL DATA (WS FORM: F-6) , PAGE 2
STATION: SALINA KS
MONTH: JULY
YEAR: 2023
LATITUDE: 38 47 N
LONGITUDE: 97 39 W
[TEMPERATURE DATA] [PRECIPITATION DATA] SYMBOLS USED IN COLUMN 16
AVERAGE MONTHLY: 80.6 TOTAL FOR MONTH: 3.69 1 = FOG OR MIST
DPTR FM NORMAL: -0.3 DPTR FM NORMAL: -0.23 2 = FOG REDUCING VISIBILITY
HIGHEST: 108 ON 28 GRTST 24HR 2.46 ON 30- 1 TO 1/4 MILE OR LESS
LOWEST: 60 ON 22 3 = THUNDER
SNOW, ICE PELLETS, HAIL 4 = ICE PELLETS
TOTAL MONTH: M 5 = HAIL
GRTST 24HR M ON M 6 = FREEZING RAIN OR DRIZZLE
GRTST DEPTH: M ON M 7 = DUSTSTORM OR SANDSTORM:
VSBY 1/2 MILE OR LESS
8 = SMOKE OR HAZE
[NO. OF DAYS WITH] [WEATHER - DAYS WITH] 9 = BLOWING SNOW
X = TORNADO
MAX 32 OR BELOW: 0 0.01 INCH OR MORE: 11
MAX 90 OR ABOVE: 20 0.10 INCH OR MORE: 4
MIN 32 OR BELOW: 0 0.50 INCH OR MORE: 3
MIN 0 OR BELOW: 0 1.00 INCH OR MORE: 2
[HDD (BASE 65) ]
TOTAL THIS MO. 0 CLEAR (SCALE 0-3) 23
DPTR FM NORMAL 0 PTCLDY (SCALE 4-7) 8
TOTAL FM JUL 1 0 CLOUDY (SCALE 8-10) 0
DPTR FM NORMAL 0
[CDD (BASE 65) ]
TOTAL THIS MO. 492
DPTR FM NORMAL -2 [PRESSURE DATA]
TOTAL FM JAN 1 1027 HIGHEST SLP 30.14 ON 21
DPTR FM NORMAL 61 LOWEST SLP 29.66 ON 11
[REMARKS]
#FINAL-07-23#