000
CXUS56 KLOX 011255
CF6SMX
PRELIMINARY LOCAL CLIMATOLOGICAL DATA (WS FORM: F-6)
STATION: SANTA MARIA AIRPORT CA
MONTH: JANUARY
YEAR: 2023
LATITUDE: 34 54 N
LONGITUDE: 120 27 W
TEMPERATURE IN F: :PCPN: SNOW: WIND :SUNSHINE: SKY :PK WND
================================================================================
1 2 3 4 5 6A 6B 7 8 9 10 11 12 13 14 15 16 17 18
12Z AVG MX 2MIN
DY MAX MIN AVG DEP HDD CDD WTR SNW DPTH SPD SPD DIR MIN PSBL S-S WX SPD DR
================================================================================
1 56 43 50 -2 15 0 0.01 M M 13.5 25 290 M M 8 18 33 310
2 52 40 46 -6 19 0 0.10 M M 7.3 21 140 M M 7 1 27 140
3 60 40 50 -2 15 0 0.00 M M 3.7 18 140 M M 4 24 130
4 62 49 56 4 9 0 1.12 M M 14.2 29 130 M M 6 18 38 150
5 60 44 52 0 13 0 0.80 M M 7.4 29 260 M M 6 18 36 260
6 62 37 50 -2 15 0 0.00 M M 4.0 17 300 M M 1 128 22 300
7 65 42 54 2 11 0 T M M 5.9 22 140 M M 3 29 140
8 62 50 56 4 9 0 0.08 M M 12.9 23 140 M M 8 18 28 150
9 62 58 60 7 5 0 3.42 M M 16.4 25 190 M M 10 1 37 180
10 60 51 56 3 9 0 0.12 M M 11.4 29 240 M M 7 1 38 240
11 60 48 54 1 11 0 T M M 7.4 20 150 M M 7 1 23 150
12 68 43 56 3 9 0 0.00 M M 3.5 14 320 M M 2 19 190
13 61 45 53 0 12 0 0.01 M M 5.7 21 150 M M 4 1 25 150
14 57 52 55 2 10 0 1.23 M M 8.1 16 240 M M 7 1 23 230
15 56 46 51 -2 14 0 0.07 M M 8.0 28 140 M M 8 1 35 140
16 56 42 49 -4 16 0 0.36 M M 9.3 26 280 M M 9 18 34 280
17 55 38 47 -6 18 0 T M M 5.3 17 290 M M 3 1 21 290
18 57 36 47 -6 18 0 0.00 M M 3.0 12 290 M M 0 15 280
19 55 38 47 -6 18 0 0.06 M M 7.2 17 300 M M 5 1 22 310
20 59 36 48 -5 17 0 0.00 M M 4.6 13 350 M M 0 17 340
21 60 32 46 -7 19 0 0.00 M M 4.0 18 290 M M 0 22 290
22 60 34 47 -6 18 0 0.00 M M 9.5 23 30 M M 0 32 30
23 57 32 45 -8 20 0 0.00 M M 5.2 14 290 M M 0 18 290
24 65 32 49 -4 16 0 0.00 M M 3.2 8 300 M M 0 10 290
25 66 33 50 -3 15 0 0.00 M M 3.2 8 310 M M 0 10 310
26 64 36 50 -3 15 0 0.00 M M 4.5 14 320 M M 0 17 320
27 64 34 49 -4 16 0 0.00 M M 5.7 18 290 M M 1 12 23 280
28 61 45 53 0 12 0 0.00 M M 4.5 15 290 M M 6 1 17 290
29 53 41 47 -6 18 0 0.02 M M 6.1 16 250 M M 8 18 20 250
30 59 37 48 -5 17 0 T M M 7.2 22 30 M M 5 1 28 30
31 62 37 50 -3 15 0 0.00 M M 4.9 15 330 M M 0 18 360
================================================================================
SM 1856 1271 444 0 7.40 M 216.8 M 125
================================================================================
AV 59.9 41.0 7.0 FASTST M M 4 MAX(MPH)
MISC ----> # 29 130 # 38 150
================================================================================
NOTES:
# LAST OF SEVERAL OCCURRENCES
COLUMN 17 PEAK WIND IN M.P.H.
PRELIMINARY LOCAL CLIMATOLOGICAL DATA (WS FORM: F-6) , PAGE 2
STATION: SANTA MARIA AIRPORT CA
MONTH: JANUARY
YEAR: 2023
LATITUDE: 34 54 N
LONGITUDE: 120 27 W
[TEMPERATURE DATA] [PRECIPITATION DATA] SYMBOLS USED IN COLUMN 16
AVERAGE MONTHLY: 50.4 TOTAL FOR MONTH: 7.40 1 = FOG OR MIST
DPTR FM NORMAL: -2.4 DPTR FM NORMAL: 4.66 2 = FOG REDUCING VISIBILITY
HIGHEST: 68 ON 12 GRTST 24HR 3.42 ON 9- 9 TO 1/4 MILE OR LESS
LOWEST: 32 ON 24,23 3 = THUNDER
SNOW, ICE PELLETS, HAIL 4 = ICE PELLETS
TOTAL MONTH: M 5 = HAIL
GRTST 24HR M ON M 6 = FREEZING RAIN OR DRIZZLE
GRTST DEPTH: M ON M 7 = DUSTSTORM OR SANDSTORM:
VSBY 1/2 MILE OR LESS
8 = SMOKE OR HAZE
[NO. OF DAYS WITH] [WEATHER - DAYS WITH] 9 = BLOWING SNOW
X = TORNADO
MAX 32 OR BELOW: 0 0.01 INCH OR MORE: 13
MAX 90 OR ABOVE: 0 0.10 INCH OR MORE: 7
MIN 32 OR BELOW: 3 0.50 INCH OR MORE: 4
MIN 0 OR BELOW: 0 1.00 INCH OR MORE: 3
[HDD (BASE 65) ]
TOTAL THIS MO. 444 CLEAR (SCALE 0-3) 14
DPTR FM NORMAL 67 PTCLDY (SCALE 4-7) 12
TOTAL FM JUL 1 1478 CLOUDY (SCALE 8-10) 5
DPTR FM NORMAL 177
[CDD (BASE 65) ]
TOTAL THIS MO. 0
DPTR FM NORMAL 0 [PRESSURE DATA]
TOTAL FM JAN 1 0 HIGHEST SLP 30.43 ON 26
DPTR FM NORMAL 0 LOWEST SLP 29.56 ON 16
[REMARKS]
#FINAL-01-23#