000
CXUS54 KMAF 011210
CF6SNK
PRELIMINARY LOCAL CLIMATOLOGICAL DATA (WS FORM: F-6)
STATION: SNYDER WINSTON FIELD
MONTH: FEBRUARY
YEAR: 2024
LATITUDE: 32 41 N
LONGITUDE: 100 57 W
TEMPERATURE IN F: :PCPN: SNOW: WIND :SUNSHINE: SKY :PK WND
================================================================================
1 2 3 4 5 6A 6B 7 8 9 10 11 12 13 14 15 16 17 18
12Z AVG MX 2MIN
DY MAX MIN AVG DEP HDD CDD WTR SNW DPTH SPD SPD DIR MIN PSBL S-S WX SPD DR
================================================================================
1 75 46 61 M 4 0 M M M 9.3 18 260 M M 0 23 260
2 76 52 64 M 1 0 0.04 M M 11.1 26 280 M M 2 35 280
3 61 41 51 M 14 0 M M M 16.3 31 270 M M 2 38 270
4 62 44 53 M 12 0 M M M 17.5 25 280 M M 3 33 280
5 57 42 50 M 15 0 M M M 8.3 23 360 M M 5 29 360
6 62 39 51 M 14 0 M M M 6.6 14 160 M M 0 20 170
7 63 47 55 M 10 0 M M M 11.2 16 190 M M 2 26 190
8 62 42 52 M 13 0 M M M 10.9 17 270 M M 1 23 270
9 65 45 55 M 10 0 M M M 6.7 17 300 M M 0 21 290
10 58 42 50 M 15 0 0.18 M M 9.9 18 30 M M 5 24 30
11 42 32 37 M 28 0 0.27 M M 14.1 21 10 M M 10 1 28 10
12 52 29 41 M 24 0 M M M 7.7 13 310 M M 1 20 310
13 65 33 49 M 16 0 M M M 8.1 15 210 M M 0 23 190
14 72 40 56 M 9 0 M M M 9.9 15 200 M M 0 22 200
15 70 39 55 M 10 0 M M M 7.8 12 200 M M 0 1 M M
16 56 36 46 M 19 0 M M M 12.8 22 20 M M 2 29 10
17 38 27 33 M 32 0 M M M 12.9 18 60 M M 6 28 50
18 53 23 38 M 27 0 M M M 7.1 12 200 M M 0 16 250
19 74 34 54 M 11 0 M M M 8.6 12 260 M M 0 M M
20 82 42 62 M 3 0 M M M 8.7 16 250 M M 0 24 230
21 86 47 67 M 0 2 M M M 10.5 21 200 M M 0 30 200
22 72 46 59 M 6 0 M M M 9.6 17 330 M M 0 23 330
23 66 42 54 M 11 0 M M M 5.8 12 50 M M 0 17 40
24 75 42 59 M 6 0 M M M 9.6 21 210 M M 0 24 210
25 85 47 66 M 0 1 M M M 11.8 23 290 M M 0 29 260
26 89 50 70 M 0 5 M M M 12.7 25 260 M M 0 31 260
27 79 58 69 M 0 4 M M M 14.0 25 260 M M 0 33 250
28 73 34 54 M 11 0 M M M 13.3 23 40 M M 1 8 32 20
29 48 34 41 M 24 0 0.10 M M 6.5 12 160 M M 5 16 90
================================================================================
SM 1918 1175 345 12 0.59 M 299.1 M 45
================================================================================
AV 66.1 40.5 10.3 FASTST M M 2 MAX(MPH)
MISC ----> 31 270 38 270
================================================================================
NOTES:
# LAST OF SEVERAL OCCURRENCES
COLUMN 17 PEAK WIND IN M.P.H.
PRELIMINARY LOCAL CLIMATOLOGICAL DATA (WS FORM: F-6) , PAGE 2
STATION: SNYDER WINSTON FIELD
MONTH: FEBRUARY
YEAR: 2024
LATITUDE: 32 41 N
LONGITUDE: 100 57 W
[TEMPERATURE DATA] [PRECIPITATION DATA] SYMBOLS USED IN COLUMN 16
AVERAGE MONTHLY: 53.3 TOTAL FOR MONTH: 0.59 1 = FOG OR MIST
DPTR FM NORMAL: 0.0 DPTR FM NORMAL: M 2 = FOG REDUCING VISIBILITY
HIGHEST: 89 ON 26 GRTST 24HR 0.27 ON 11-11 TO 1/4 MILE OR LESS
LOWEST: 23 ON 18 3 = THUNDER
SNOW, ICE PELLETS, HAIL 4 = ICE PELLETS
TOTAL MONTH: M 5 = HAIL
GRTST 24HR M ON M 6 = FREEZING RAIN OR DRIZZLE
GRTST DEPTH: M ON M 7 = DUSTSTORM OR SANDSTORM:
VSBY 1/2 MILE OR LESS
8 = SMOKE OR HAZE
[NO. OF DAYS WITH] [WEATHER - DAYS WITH] 9 = BLOWING SNOW
X = TORNADO
MAX 32 OR BELOW: 0 0.01 INCH OR MORE: 4
MAX 90 OR ABOVE: 0 0.10 INCH OR MORE: 3
MIN 32 OR BELOW: 4 0.50 INCH OR MORE: 0
MIN 0 OR BELOW: 0 1.00 INCH OR MORE: 0
[HDD (BASE 65) ]
TOTAL THIS MO. 345 CLEAR (SCALE 0-3) 24
DPTR FM NORMAL M PTCLDY (SCALE 4-7) 4
TOTAL FM JUL 1 2083 CLOUDY (SCALE 8-10) 1
DPTR FM NORMAL M
[CDD (BASE 65) ]
TOTAL THIS MO. 12
DPTR FM NORMAL M [PRESSURE DATA]
TOTAL FM JAN 1 12 HIGHEST SLP M ON M
DPTR FM NORMAL M LOWEST SLP M ON M
[REMARKS]
#FINAL-02-24#