000
CXUS54 KMAF 011110
CF6SNK
PRELIMINARY LOCAL CLIMATOLOGICAL DATA (WS FORM: F-6)
STATION: SNYDER WINSTON FIELD
MONTH: SEPTEMBER
YEAR: 2021
LATITUDE: 32 41 N
LONGITUDE: 100 57 W
TEMPERATURE IN F: :PCPN: SNOW: WIND :SUNSHINE: SKY :PK WND
================================================================================
1 2 3 4 5 6A 6B 7 8 9 10 11 12 13 14 15 16 17 18
12Z AVG MX 2MIN
DY MAX MIN AVG DEP HDD CDD WTR SNW DPTH SPD SPD DIR MIN PSBL S-S WX SPD DR
================================================================================
1 98 73 86 M 0 21 M M M 7.7 17 130 M M 1 23 130
2 96 72 84 M 0 19 0.10 M M 8.1 12 160 M M 2 18 160
3 97 73 85 M 0 20 M M M 8.3 14 140 M M 1 18 200
4 99 71 85 M 0 20 M M M 7.0 10 190 M M 1 24 0
5 87 74 81 M 0 16 M M M 7.0 13 50 M M 2 18 40
6 93 69 81 M 0 16 M M M 3.2 8 170 M M 1 16 160
7 95 68 82 M 0 17 M M M 4.4 9 80 M M 1 M M
8 93 70 82 M 0 17 M M M 6.6 12 60 M M 1 17 10
9 92 68 80 M 0 15 M M M 6.4 10 150 M M 0 17 140
10 96 65 81 M 0 16 M M M 8.4 15 180 M M 0 20 200
11 93 63 78 M 0 13 M M M 7.1 13 140 M M 0 10 150
12 90 62 76 M 0 11 M M M 7.1 14 140 M M 0 16 200
13 89 66 78 M 0 13 M M M 7.9 13 150 M M 1 17 0
14 89 65 77 M 0 12 M M M 8.0 13 150 M M 2 17 160
15 87 64 76 M 0 11 M M M 6.1 13 80 M M 1 17 80
16 90 66 78 M 0 13 M M M 7.1 14 150 M M 0 20 130
17 95 68 82 M 0 17 M M M 9.2 14 200 M M 0 18 190
18 91 73 82 M 0 17 M M M 6.3 10 100 M M 1 22 20
19 94 67 81 M 0 16 M M M 5.2 12 150 M M 0 M M
20 101 68 85 M 0 20 M M M 9.5 17 250 M M 0 24 220
21 79 61 70 M 0 5 0.08 M M 15.5 25 20 M M 0 33 30
22 78 52 65 M 0 0 M M M 3.9 8 360 M M 0 M M
23 86 55 71 M 0 6 M M M 9.7 15 190 M M 0 31 170
24 84 55 70 M 0 5 M M M 7.3 13 170 M M 0 18 180
25 86 59 73 M 0 8 M M M 5.1 9 150 M M 0 16 180
26 87 60 74 M 0 9 M M M 8.4 15 160 M M 0 20 170
27 86 61 74 M 0 9 M M M 7.1 12 180 M M 0 M M
28 89 67 78 M 0 13 M M M 8.2 14 230 M M 1 3 21 0
29 91 63 77 M 0 12 M M M 9.2 17 240 M M 1 23 240
30 80 60 70 M 0 5 1.51 M M 9.3 28 270 M M 3 3 47 270
================================================================================
SM 2711 1958 0 392 1.69 M 224.3 M 20
================================================================================
AV 90.4 65.3 7.5 FASTST M M 1 MAX(MPH)
MISC ----> 28 270 47 270
================================================================================
NOTES:
# LAST OF SEVERAL OCCURRENCES
COLUMN 17 PEAK WIND IN M.P.H.
PRELIMINARY LOCAL CLIMATOLOGICAL DATA (WS FORM: F-6) , PAGE 2
STATION: SNYDER WINSTON FIELD
MONTH: SEPTEMBER
YEAR: 2021
LATITUDE: 32 41 N
LONGITUDE: 100 57 W
[TEMPERATURE DATA] [PRECIPITATION DATA] SYMBOLS USED IN COLUMN 16
AVERAGE MONTHLY: 77.8 TOTAL FOR MONTH: 1.69 1 = FOG OR MIST
DPTR FM NORMAL: 0.0 DPTR FM NORMAL: M 2 = FOG REDUCING VISIBILITY
HIGHEST: 101 ON 20 GRTST 24HR 1.51 ON 30-30 TO 1/4 MILE OR LESS
LOWEST: 52 ON 22 3 = THUNDER
SNOW, ICE PELLETS, HAIL 4 = ICE PELLETS
TOTAL MONTH: M 5 = HAIL
GRTST 24HR M ON M 6 = FREEZING RAIN OR DRIZZLE
GRTST DEPTH: M ON M 7 = DUSTSTORM OR SANDSTORM:
VSBY 1/2 MILE OR LESS
8 = SMOKE OR HAZE
[NO. OF DAYS WITH] [WEATHER - DAYS WITH] 9 = BLOWING SNOW
X = TORNADO
MAX 32 OR BELOW: 0 0.01 INCH OR MORE: 3
MAX 90 OR ABOVE: 17 0.10 INCH OR MORE: 1
MIN 32 OR BELOW: 0 0.50 INCH OR MORE: 1
MIN 0 OR BELOW: 0 1.00 INCH OR MORE: 1
[HDD (BASE 65) ]
TOTAL THIS MO. 0 CLEAR (SCALE 0-3) 29
DPTR FM NORMAL M PTCLDY (SCALE 4-7) 1
TOTAL FM JUL 1 30 CLOUDY (SCALE 8-10) 0
DPTR FM NORMAL M
[CDD (BASE 65) ]
TOTAL THIS MO. 392
DPTR FM NORMAL M [PRESSURE DATA]
TOTAL FM JAN 1 2098 HIGHEST SLP M ON M
DPTR FM NORMAL M LOWEST SLP M ON M
[REMARKS]
#FINAL-09-21#