000
CXAK56 PAFC 011029
CF6SNP
PRELIMINARY LOCAL CLIMATOLOGICAL DATA (WS FORM: F-6)
STATION: SAINT PAUL ISLAND
MONTH: MAY
YEAR: 2022
LATITUDE: 57 9 N
LONGITUDE: 170 13 W
TEMPERATURE IN F: :PCPN: SNOW: WIND :SUNSHINE: SKY :PK WND
================================================================================
1 2 3 4 5 6A 6B 7 8 9 10 11 12 13 14 15 16 17 18
12Z AVG MX 2MIN
DY MAX MIN AVG DEP HDD CDD WTR SNW DPTH SPD SPD DIR MIN PSBL S-S WX SPD DR
================================================================================
1 34 29 32 -2 33 0 T M M 15.6 24 350 M M 10 12 30 360
2 31 28 30 -4 35 0 0.00 M M 27.2 37 350 M M 10 1 42 350
3 40 28 34 0 31 0 0.02 M M 14.0 26 340 M M 7 1 31 350
4 33 17 25 -9 40 0 0.01 M M 11.2 24 330 M M 6 1 29 330
5 34 16 25 -10 40 0 T M M 14.3 24 20 M M 8 18 30 30
6 36 22 29 -6 36 0 T M M 10.8 17 340 M M 9 1 23 300
7 43 24 34 -1 31 0 T M M 13.3 23 230 M M 9 18 29 240
8 42 35 39 4 26 0 T M M 23.5 31 250 M M 10 18 39 240
9 44 33 39 4 26 0 0.00 M M 10.4 18 260 M M 8 1 22 270
10 41 33 37 1 28 0 0.00 M M 9.9 16 260 M M 10 1 19 250
11 43 33 38 2 27 0 0.00 M M 9.2 16 320 M M 9 1 20 340
12 48 30 39 3 26 0 0.00 M M 8.3 22 340 M M 7 12 25 340
13 43 28 36 0 29 0 0.00 M M 5.5 10 360 M M 7 128 13 20
14 44 29 37 1 28 0 0.00 M M 8.3 18 260 M M 8 12 22 260
15 42 32 37 1 28 0 T M M 24.3 33 340 M M 9 1 41 330
16 37 30 34 -3 31 0 T M M 17.4 29 360 M M 10 1 36 350
17 43 29 36 -1 29 0 0.00 M M 8.2 15 330 M M 10 18 19 340
18 37 27 32 -5 33 0 0.00 M M 6.9 14 110 M M 9 1 17 120
19 37 31 34 -3 31 0 0.00 M M 13.4 17 60 M M 10 18 22 60
20 46 36 41 4 24 0 T M M 19.3 30 60 M M 8 18 36 50
21 41 36 39 1 26 0 T M M 17.2 22 50 M M 10 18 30 40
22 43 35 39 1 26 0 0.02 M M 16.3 23 50 M M 10 1 31 60
23 52 31 42 4 23 0 0.00 M M 11.6 16 20 M M 5 18 20 10
24 42 31 37 -1 28 0 0.00 M M 15.6 22 340 M M 9 128 25 330
25 39 31 35 -3 30 0 0.00 M M 8.5 14 10 M M 10 18 17 10
26 39 30 35 -3 30 0 0.00 M M 5.2 9 140 M M 10 18 M M
27 45 34 40 1 25 0 0.00 M M 9.2 15 360 M M 9 21 340
28 44 32 38 -1 27 0 0.01 M M 9.9 16 20 M M 10 18 21 40
29 40 28 34 -5 31 0 T M M 8.8 15 10 M M 10 1 19 350
30 39 33 36 -3 29 0 T M M 5.2 12 100 M M 10 1 14 110
31 44 33 39 -1 26 0 0.00 M M 7.0 14 100 M M 10 18 19 40
================================================================================
SM 1266 924 913 0 0.06 M 385.5 M 277
================================================================================
AV 40.8 29.8 12.4 FASTST M M 9 MAX(MPH)
MISC ----> 37 350 42 350
================================================================================
NOTES:
# LAST OF SEVERAL OCCURRENCES
COLUMN 17 PEAK WIND IN M.P.H.
PRELIMINARY LOCAL CLIMATOLOGICAL DATA (WS FORM: F-6) , PAGE 2
STATION: SAINT PAUL ISLAND
MONTH: MAY
YEAR: 2022
LATITUDE: 57 9 N
LONGITUDE: 170 13 W
[TEMPERATURE DATA] [PRECIPITATION DATA] SYMBOLS USED IN COLUMN 16
AVERAGE MONTHLY: 35.3 TOTAL FOR MONTH: 0.06 1 = FOG OR MIST
DPTR FM NORMAL: -1.3 DPTR FM NORMAL: -0.96 2 = FOG REDUCING VISIBILITY
HIGHEST: 52 ON 23 GRTST 24HR 0.03 ON 3- 4 TO 1/4 MILE OR LESS
LOWEST: 16 ON 5 3 = THUNDER
SNOW, ICE PELLETS, HAIL 4 = ICE PELLETS
TOTAL MONTH: M 5 = HAIL
GRTST 24HR M ON M 6 = FREEZING RAIN OR DRIZZLE
GRTST DEPTH: M ON M 7 = DUSTSTORM OR SANDSTORM:
VSBY 1/2 MILE OR LESS
8 = SMOKE OR HAZE
[NO. OF DAYS WITH] [WEATHER - DAYS WITH] 9 = BLOWING SNOW
X = TORNADO
MAX 32 OR BELOW: 1 0.01 INCH OR MORE: 4
MAX 90 OR ABOVE: 0 0.10 INCH OR MORE: 0
MIN 32 OR BELOW: 21 0.50 INCH OR MORE: 0
MIN 0 OR BELOW: 0 1.00 INCH OR MORE: 0
[HDD (BASE 65) ]
TOTAL THIS MO. 913 CLEAR (SCALE 0-3) 0
DPTR FM NORMAL 33 PTCLDY (SCALE 4-7) 9
TOTAL FM JUL 1 9881 CLOUDY (SCALE 8-10) 22
DPTR FM NORMAL -48
[CDD (BASE 65) ]
TOTAL THIS MO. 0
DPTR FM NORMAL 0 [PRESSURE DATA]
TOTAL FM JAN 1 0 HIGHEST SLP M ON M
DPTR FM NORMAL 0 LOWEST SLP 29.22 ON 1
[REMARKS]
#FINAL-05-22#