000
CXUS55 KPIH 020043
CF6SNT
PRELIMINARY LOCAL CLIMATOLOGICAL DATA (WS FORM: F-6)
STATION: STANLEY
MONTH: JULY
YEAR: 2023
LATITUDE: 44 10 N
LONGITUDE: 114 56 W
TEMPERATURE IN F: :PCPN: SNOW: WIND :SUNSHINE: SKY :PK WND
================================================================================
1 2 3 4 5 6A 6B 7 8 9 10 11 12 13 14 15 16 17 18
12Z AVG MX 2MIN
DY MAX MIN AVG DEP HDD CDD WTR SNW DPTH SPD SPD DIR MIN PSBL S-S WX SPD DR
================================================================================
1 81 41 61 5 4 0 0.00 M M 4.6 17 320 M M 0 32 330
2 80 36 58 2 7 0 0.00 M M 3.8 18 320 M M 0 30 270
3 78 36 57 1 8 0 0.00 M M 4.2 16 310 M M 0 29 280
4 75 35 55 -2 10 0 0.00 M M 4.3 13 40 M M 0 22 40
5 76 33 55 -2 10 0 0.00 M M 4.8 13 340 M M 0 24 330
6 78 33 56 -1 9 0 0.00 M M 4.3 14 300 M M 0 25 320
7 80 35 58 0 7 0 0.00 M M 3.8 14 340 M M 0 25 280
8 79 37 58 0 7 0 0.06 M M 2.6 14 180 M M 0 21 130
9 84 39 62 4 3 0 0.00 M M 2.5 13 200 M M 0 23 190
10 83 48 66 8 0 1 0.00 M M 5.3 14 220 M M 0 25 210
11 78 38 58 -1 7 0 0.00 M M 4.5 14 270 M M 0 23 220
12 81 32 57 -2 8 0 0.00 M M 2.6 15 280 M M 0 25 320
13 80 37 59 0 6 0 0.00 M M 3.9 15 220 M M 0 24 240
14 82 36 59 0 6 0 0.00 M M 3.1 12 360 M M 0 18 270
15 85 37 61 1 4 0 0.00 M M 3.8 12 340 M M 0 18 310
16 90 40 65 5 0 0 0.00 M M 2.7 14 280 M M 0 27 290
17 81 45 63 3 2 0 0.09 M M 3.8 18 230 M M 0 28 270
18 83 36 60 0 5 0 0.00 M M 3.7 9 320 M M 0 22 99
19 86 32 59 -1 6 0 0.00 M M 4.4 16 330 M M 0 26 360
20 86 39 63 3 2 0 0.00 M M 4.0 16 330 M M 0 28 260
21 89 38 64 3 1 0 0.00 M M 3.9 13 330 M M 0 22 280
22 91 39 65 4 0 0 0.00 M M 4.3 14 320 M M 0 23 360
23 92 43 68 7 0 3 0.00 M M 4.5 17 190 M M 0 28 170
24 77 48 63 2 2 0 M M M 3.6 15 150 M M 0 29 140
25 79 45 62 1 3 0 0.00 M M 3.4 17 250 M M 0 31 240
26 82 35 59 -2 6 0 0.00 M M 3.5 14 140 M M M 24 250
27 83 37 60 -1 5 0 0.00 M M 4.2 14 290 M M 0 25 290
28 83 37 60 -1 5 0 0.00 M M 4.3 17 190 M M 0 30 190
29 85 35 60 -1 5 0 0.00 M M 3.7 15 180 M M 0 23 170
30 83 44 64 3 1 0 0.00 M M 3.8 17 230 M M 0 31 280
31 87 34 61 0 4 0 0.00 M M 2.7 15 190 M M 0 27 170
================================================================================
SM 2557 1180 143 4 0.15 M 118.6 M 0
================================================================================
AV 82.5 38.1 3.8 FASTST M M 0 MAX(MPH)
MISC ----> # 18 320 32 330
================================================================================
NOTES:
# LAST OF SEVERAL OCCURRENCES
COLUMN 17 PEAK WIND IN M.P.H.
24TH:PRECIPITATION MISSING DUE TO PREVENTAIVE MAINTENENCE BEING
CONDUCTED.
PRELIMINARY LOCAL CLIMATOLOGICAL DATA (WS FORM: F-6) , PAGE 2
STATION: STANLEY
MONTH: JULY
YEAR: 2023
LATITUDE: 44 10 N
LONGITUDE: 114 56 W
[TEMPERATURE DATA] [PRECIPITATION DATA] SYMBOLS USED IN COLUMN 16
AVERAGE MONTHLY: 60.3 TOTAL FOR MONTH: 0.15 1 = FOG OR MIST
DPTR FM NORMAL: 1.0 DPTR FM NORMAL: -0.48 2 = FOG REDUCING VISIBILITY
HIGHEST: 92 ON 23 GRTST 24HR 0.64 ON 24-25 TO 1/4 MILE OR LESS
LOWEST: 32 ON 19,12 3 = THUNDER
SNOW, ICE PELLETS, HAIL 4 = ICE PELLETS
TOTAL MONTH: M 5 = HAIL
GRTST 24HR M ON M 6 = FREEZING RAIN OR DRIZZLE
GRTST DEPTH: M ON M 7 = DUSTSTORM OR SANDSTORM:
VSBY 1/2 MILE OR LESS
8 = SMOKE OR HAZE
[NO. OF DAYS WITH] [WEATHER - DAYS WITH] 9 = BLOWING SNOW
X = TORNADO
MAX 32 OR BELOW: 0 0.01 INCH OR MORE: 2
MAX 90 OR ABOVE: 3 0.10 INCH OR MORE: 0
MIN 32 OR BELOW: 2 0.50 INCH OR MORE: 0
MIN 0 OR BELOW: 0 1.00 INCH OR MORE: 0
[HDD (BASE 65) ]
TOTAL THIS MO. 143 CLEAR (SCALE 0-3) 30
DPTR FM NORMAL -42 PTCLDY (SCALE 4-7) 0
TOTAL FM JUL 1 143 CLOUDY (SCALE 8-10) 1
DPTR FM NORMAL -39
[CDD (BASE 65) ]
TOTAL THIS MO. 4
DPTR FM NORMAL -4 [PRESSURE DATA]
TOTAL FM JAN 1 4 HIGHEST SLP 30.15 ON 24
DPTR FM NORMAL -5 LOWEST SLP 29.69 ON 10
[REMARKS]
16TH: HIGH OF 90 BREAKS THE OLD RECORD OF 89 SET IN 2013.
23RD: HIGH OF 92 TIES THE OLD RECORD SET IN 1994.
#FINAL-07-23#