000
CXUS55 KPIH 011403 RRA
CF6SNT
PRELIMINARY LOCAL CLIMATOLOGICAL DATA (WS FORM: F-6)
STATION: STANLEY_ID
MONTH: MARCH
YEAR: 2020
LATITUDE: 44 10 N
LONGITUDE: 114 56 W
TEMPERATURE IN F: :PCPN: SNOW: WIND :SUNSHINE: SKY :PK WND
================================================================================
1 2 3 4 5 6A 6B 7 8 9 10 11 12 13 14 15 16 17 18
12Z AVG MX 2MIN
DY MAX MIN AVG DEP HDD CDD WTR SNW DPTH SPD SPD DIR MIN PSBL S-S WX SPD DR
================================================================================
1 32 3 18 -5 47 0 0.00 M M 2.9 12 330 M M 0 17 340
2 36 -3 17 -6 48 0 0.00 M M 4.2 12 340 M M 0 17 340
3 47 20 34 11 31 0 0.00 M M 4.9 12 360 M M 0 17 30
4 42 18 30 6 35 0 0.00 M M 5.8 16 330 M M 0 27 330
5 54 5 30 6 35 0 0.00 M M 4.1 16 150 M M 0 22 180
6 54 19 37 13 28 0 0.00 M M 6.0 16 200 M M 0 29 230
7 44 30 37 12 28 0 0.19 M M 4.9 15 170 M M 0 20 170
8 37 24 31 6 34 0 0.08 M M 2.2 9 250 M M 0 13 220
9 36 27 32 7 33 0 0.16 M M 3.1 12 150 M M 0 15 150
10 41 15 28 2 37 0 0.04 M M 1.9 8 240 M M 0 12 270
11 47 7 27 1 38 0 0.00 M M 4.1 15 320 M M 0 22 320
12 40 10 25 -1 40 0 0.00 M M 3.7 13 310 M M 0 20 320
13 44 0 22 -4 43 0 0.00 M M 3.5 15 150 M M 0 21 150
14 41 27 34 7 31 0 0.05 M M 6.8 17 200 M M 0 27 160
15 42 20 31 4 34 0 0.06 M M 4.1 15 90 M M 0 22 80
16 48 13 31 4 34 0 0.00 M M 3.0 14 170 M M 0 19 160
17 43 27 35 8 30 0 0.03 M M 4.0 15 160 M M 0 20 180
18 40 22 31 3 34 0 0.06 M M 2.9 10 360 M M 0 14 360
19 46 14 30 2 35 0 0.00 M M 3.8 9 100 M M 0 11 90
20 45 21 33 5 32 0 0.01 M M 2.3 14 250 M M 0 21 270
21 45 13 29 1 36 0 0.00 M M 2.8 10 240 M M 0 19 330
22 44 11 28 0 37 0 0.00 M M 3.5 13 290 M M 0 18 280
23 43 19 31 3 34 0 0.09 M M 3.8 15 150 M M 0 23 140
24 34 24 29 0 36 0 0.23 M M 4.0 12 210 M M 0 16 150
25 33 7 20 -9 45 0 0.07 M M 4.2 15 340 M M 0 23 180
26 31 6 19 -10 46 0 0.00 M M 4.2 9 320 M M 0 13 340
27 34 -3 16 -13 49 0 0.00 M M 2.6 8 350 M M 0 13 340
28 41 13 27 -2 38 0 0.00 M M 3.3 9 10 M M 0 13 20
29 43 15 29 -1 36 0 0.01 M M 2.8 15 220 M M 0 22 220
30 41 24 33 3 32 0 0.21 M M 6.7 15 150 M M 0 23 110
31 35 14 25 -5 40 0 0.56 M M 4.7 14 150 M M 0 27 140
================================================================================
SM 1283 462 1136 0 1.85 M 120.8 M 0
================================================================================
AV 41.4 14.9 3.9 FASTST M M 0 MAX(MPH)
MISC ----> # 17 200 # 29 230
================================================================================
NOTES:
# LAST OF SEVERAL OCCURRENCES
PRECIPITATION SUSPECT DURING FREEZING/FROZEN EVENTS
COLUMN 17 PEAK WIND IN M.P.H.
PRELIMINARY LOCAL CLIMATOLOGICAL DATA (WS FORM: F-6) , PAGE 2
STATION: STANLEY_ID
MONTH: MARCH
YEAR: 2020
LATITUDE: 44 10 N
LONGITUDE: 114 56 W
[TEMPERATURE DATA] [PRECIPITATION DATA] SYMBOLS USED IN COLUMN 16
AVERAGE MONTHLY: 28.2 TOTAL FOR MONTH: 1.85 1 = FOG OR MIST
DPTR FM NORMAL: 1.3 DPTR FM NORMAL: 0.04 2 = FOG REDUCING VISIBILITY
HIGHEST: 54 ON 6, 5 GRTST 24HR 0.56 ON 31-31 TO 1/4 MILE OR LESS
LOWEST: -3 ON 27, 2 3 = THUNDER
SNOW, ICE PELLETS, HAIL 4 = ICE PELLETS
TOTAL MONTH: M 5 = HAIL
GRTST 24HR M ON M 6 = FREEZING RAIN OR DRIZZLE
GRTST DEPTH: M ON M 7 = DUSTSTORM OR SANDSTORM:
VSBY 1/2 MILE OR LESS
8 = SMOKE OR HAZE
[NO. OF DAYS WITH] [WEATHER - DAYS WITH] 9 = BLOWING SNOW
X = TORNADO
MAX 32 OR BELOW: 2 0.01 INCH OR MORE: 15
MAX 90 OR ABOVE: 0 0.10 INCH OR MORE: 5
MIN 32 OR BELOW: 31 0.50 INCH OR MORE: 1
MIN 0 OR BELOW: 3 1.00 INCH OR MORE: 0
[HDD (BASE 65) ]
TOTAL THIS MO. 1136 CLEAR (SCALE 0-3) 31
DPTR FM NORMAL -48 PTCLDY (SCALE 4-7) 0
TOTAL FM JUL 1 8228 CLOUDY (SCALE 8-10) 0
DPTR FM NORMAL -490
[CDD (BASE 65) ]
TOTAL THIS MO. 0
DPTR FM NORMAL 0 [PRESSURE DATA]
TOTAL FM JAN 1 0 HIGHEST SLP 30.41 ON 5
DPTR FM NORMAL 0 LOWEST SLP 29.42 ON 14
[REMARKS]
6TH: HIGH OF 54 BREAKS OLD RECORD OF 53 SET IN 2015.
#FINAL-03-20#