000
CXUS55 KCYS 011104
CF6SNY
PRELIMINARY LOCAL CLIMATOLOGICAL DATA (WS FORM: F-6) ...CORRECTED...
STATION: SIDNEY NEBRASKA AIRPORT
MONTH: APRIL
YEAR: 2020
LATITUDE: 41 5 N
LONGITUDE: 102 59 W
TEMPERATURE IN F: :PCPN: SNOW: WIND :SUNSHINE: SKY :PK WND
================================================================================
1 2 3 4 5 6A 6B 7 8 9 10 11 12 13 14 15 16 17 18
12Z AVG MX 2MIN
DY MAX MIN AVG DEP HDD CDD WTR SNW DPTH SPD SPD DIR MIN PSBL S-S WX SPD DR
================================================================================
1 74 25 50 7 15 0 T M M 14.8 36 30 M M 3 16 48 30
2 25 9 17 -26 48 0 T M M 18.1 30 360 M M 9 16 38 350
3 42 2 22 -21 43 0 0.00 M M 8.3 15 140 M M 0 18 160
4 61 23 42 -2 23 0 0.00 M M 16.9 26 200 M M 1 35 200
5 69 30 50 6 15 0 0.00 M M 12.4 22 170 M M 0 1 28 190
6 77 30 54 10 11 0 0.00 M M 8.6 22 240 M M 2 12 31 220
7 77 34 56 12 9 0 0.00 M M 15.9 35 300 M M 0 47 300
8 60 24 42 -3 23 0 0.00 M M 12.1 22 10 M M 0 30 340
9 58 19 39 -6 26 0 0.00 M M 9.2 18 360 M M 1 25 350
10 74 27 51 6 14 0 T M M 12.2 23 220 M M 0 3 32 210
11 69 26 48 2 17 0 T M M 14.1 32 30 M M 3 43 20
12 29 9 19 -27 46 0 0.06 M M 16.8 30 360 M M 9 1 41 10
13 33 6 20 -26 45 0 T M M 8.1 18 320 M M 7 24 350
14 48 6 27 -20 38 0 T M M 12.7 29 290 M M 4 42 290
15 53 21 37 -10 28 0 0.00 M M 11.9 26 360 M M 4 38 10
16 32 7 20 -28 45 0 0.06 M M 13.0 26 30 M M 9 12 35 30
17 48 2 25 -23 40 0 0.00 M M 11.3 21 270 M M 0 29 270
18 64 20 42 -6 23 0 0.00 M M 10.6 22 310 M M 1 29 310
19 63 25 44 -5 21 0 T M M 8.4 29 360 M M 2 37 350
20 68 27 48 -1 17 0 0.00 M M 10.4 25 340 M M 2 34 350
21 73 25 49 0 16 0 0.00 M M 10.2 26 200 M M 1 35 190
22 73 33 53 3 12 0 0.00 M M 10.9 31 320 M M 3 47 10
23 72 36 54 4 11 0 0.02 M M 16.1 32 310 M M 3 1 47 310
24 57 33 45 -5 20 0 0.03 M M 13.9 26 330 M M 6 13 35 320
25 62 34 48 -3 17 0 0.00 M M 8.9 28 260 M M 1 38 260
26 77 36 57 6 8 0 T M M 11.8 31 290 M M 3 3 46 290
27 82 40 61 9 4 0 T M M 12.4 31 300 M M 2 40 290
28 66 37 52 0 13 0 0.00 M M 18.1 38 340 M M 1 51 340
29 72 28 50 -2 15 0 0.00 M M 10.7 22 360 M M 0 29 350
30 88 38 63 10 2 0 0.00 M M 11.6 26 320 M M 1 38 310
================================================================================
SM 1846 712 665 0 0.17 M 370.4 M 78
================================================================================
AV 61.5 23.7 12.3 FASTST M M 3 MAX(MPH)
MISC ----> # 38 340 # 51 340
================================================================================
NOTES:
# LAST OF SEVERAL OCCURRENCES
COLUMN 17 PEAK WIND IN M.P.H.
PRELIMINARY LOCAL CLIMATOLOGICAL DATA (WS FORM: F-6) , PAGE 2
STATION: SIDNEY NEBRASKA AIRPORT
MONTH: APRIL
YEAR: 2020
LATITUDE: 41 5 N
LONGITUDE: 102 59 W
[TEMPERATURE DATA] [PRECIPITATION DATA] SYMBOLS USED IN COLUMN 16
AVERAGE MONTHLY: 42.6 TOTAL FOR MONTH: 0.17 1 = FOG OR MIST
DPTR FM NORMAL: -4.8 DPTR FM NORMAL: -1.88 2 = FOG REDUCING VISIBILITY
HIGHEST: 88 ON 30 GRTST 24HR 0.06 ON 16-16 TO 1/4 MILE OR LESS
LOWEST: 2 ON 17, 3 3 = THUNDER
SNOW, ICE PELLETS, HAIL 4 = ICE PELLETS
TOTAL MONTH: M 5 = HAIL
GRTST 24HR M ON M 6 = FREEZING RAIN OR DRIZZLE
GRTST DEPTH: M ON M 7 = DUSTSTORM OR SANDSTORM:
VSBY 1/2 MILE OR LESS
8 = SMOKE OR HAZE
[NO. OF DAYS WITH] [WEATHER - DAYS WITH] 9 = BLOWING SNOW
X = TORNADO
MAX 32 OR BELOW: 3 0.01 INCH OR MORE: 4
MAX 90 OR ABOVE: 0 0.10 INCH OR MORE: 0
MIN 32 OR BELOW: 21 0.50 INCH OR MORE: 0
MIN 0 OR BELOW: 0 1.00 INCH OR MORE: 0
[HDD (BASE 65) ]
TOTAL THIS MO. 665 CLEAR (SCALE 0-3) 21
DPTR FM NORMAL 138 PTCLDY (SCALE 4-7) 6
TOTAL FM JUL 1 6427 CLOUDY (SCALE 8-10) 3
DPTR FM NORMAL 515
[CDD (BASE 65) ]
TOTAL THIS MO. 0
DPTR FM NORMAL -1 [PRESSURE DATA]
TOTAL FM JAN 1 0 HIGHEST SLP 30.40 ON 3
DPTR FM NORMAL -1 LOWEST SLP 29.46 ON 11
[REMARKS]
APRIL 14TH...RECORD LOW 6 DEGREES (PREVIOUS 14 DEGREES IN 1983).
APRIL 30TH...TIED RECORD HIGH 88 DEGREES PREVIOUSLY SET IN 1992.
#FINAL-04-20#