000
CXUS52 KTBW 011000
CF6SPG
PRELIMINARY LOCAL CLIMATOLOGICAL DATA (WS FORM: F-6)
STATION: SAINT PETERSBURG
MONTH: MAY
YEAR: 2023
LATITUDE: 27 46 N
LONGITUDE: 82 38 W
TEMPERATURE IN F: :PCPN: SNOW: WIND :SUNSHINE: SKY :PK WND
================================================================================
1 2 3 4 5 6A 6B 7 8 9 10 11 12 13 14 15 16 17 18
12Z AVG MX 2MIN
DY MAX MIN AVG DEP HDD CDD WTR SNW DPTH SPD SPD DIR MIN PSBL S-S WX SPD DR
================================================================================
1 78 71 75 -2 0 10 0.00 0.0 0 8.1 18 260 M M 0 26 260
2 79 72 76 -1 0 11 0.00 0.0 0 9.4 16 260 M M 1 26 330
3 82 72 77 0 0 12 0.00 0.0 0 8.1 17 340 M M 0 24 330
4 81 72 77 -1 0 12 0.00 0.0 0 7.0 15 250 M M 0 24 240
5 85 68 77 -1 0 12 0.00 0.0 0 6.6 16 100 M M 0 20 90
6 87 73 80 2 0 15 0.04 0.0 0 10.6 25 40 M M 3 1 30 40
7 85 72 79 1 0 14 0.00 0.0 0 13.5 23 120 M M 1 29 120
8 88 71 80 2 0 15 0.00 0.0 0 8.5 18 130 M M 0 24 110
9 86 71 79 1 0 14 0.00 0.0 0 7.6 15 250 M M 1 22 260
10 88 74 81 3 0 16 0.00 0.0 0 6.3 14 270 M M 0 20 270
11 92 75 84 5 0 19 T 0.0 0 8.3 18 30 M M 1 3 25 40
12 86 75 81 2 0 16 0.00 0.0 0 10.1 21 110 M M 2 26 110
13 90 75 83 4 0 18 T 0.0 0 10.3 20 60 M M 3 3 25 360
14 87 75 81 2 0 16 0.00 0.0 0 8.1 15 100 M M 2 19 330
15 92 75 84 5 0 19 0.00 0.0 0 6.9 17 110 M M 1 21 110
16 88 75 82 2 0 17 0.00 0.0 0 9.2 17 120 M M 0 21 230
17 84 76 80 0 0 15 0.00 0.0 0 6.5 16 260 M M 2 22 270
18 85 77 81 1 0 16 0.00 0.0 0 5.3 15 260 M M 1 20 270
19 86 76 81 1 0 16 0.20 0.0 0 6.5 15 50 M M 2 1 22 270
20 90 77 84 4 0 19 0.00 0.0 0 8.2 17 80 M M 3 23 260
21 86 77 82 2 0 17 0.65 0.0 0 8.3 22 60 M M 2 13 37 70
22 90 76 83 3 0 18 0.00 0.0 0 10.7 28 60 M M 2 3 32 60
23 90 75 83 2 0 18 0.07 0.0 0 9.3 29 80 M M 5 3 34 70
24 86 71 79 -2 0 14 1.85 0.0 0 11.1 37 50 M M 4 13 47 30
25 86 71 79 -2 0 14 0.16 0.0 0 13.0 28 70 M M 5 13 34 280
26 84 71 78 -3 0 13 0.62 0.0 0 13.3 29 50 M M 2 13 36 40
27 83 67 75 -6 0 10 0.00 0.0 0 9.6 22 40 M M 1 27 30
28 84 71 78 -3 0 13 0.00 0.0 0 9.8 20 50 M M 1 23 50
29 84 71 78 -3 0 13 0.00 0.0 0 7.8 14 330 M M 1 22 30
30 89 75 82 0 0 17 0.00 0.0 0 7.4 18 60 M M 1 22 70
31 86 71 79 -3 0 14 1.26 0.0 0 14.5 30 90 M M 2 13 36 90
================================================================================
SM 2667 2268 0 463 4.85 0.0 279.9 M 49
================================================================================
AV 86.0 73.2 9.0 FASTST M M 2 MAX(MPH)
MISC ----> 37 50 47 30
================================================================================
NOTES:
# LAST OF SEVERAL OCCURRENCES
COLUMN 17 PEAK WIND IN M.P.H.
PRELIMINARY LOCAL CLIMATOLOGICAL DATA (WS FORM: F-6) , PAGE 2
STATION: SAINT PETERSBURG
MONTH: MAY
YEAR: 2023
LATITUDE: 27 46 N
LONGITUDE: 82 38 W
[TEMPERATURE DATA] [PRECIPITATION DATA] SYMBOLS USED IN COLUMN 16
AVERAGE MONTHLY: 79.6 TOTAL FOR MONTH: 4.85 1 = FOG OR MIST
DPTR FM NORMAL: 0.2 DPTR FM NORMAL: 2.59 2 = FOG REDUCING VISIBILITY
HIGHEST: 92 ON 15,11 GRTST 24HR 1.86 ON 23-24 TO 1/4 MILE OR LESS
LOWEST: 67 ON 27 3 = THUNDER
SNOW, ICE PELLETS, HAIL 4 = ICE PELLETS
TOTAL MONTH: 0.0 INCH 5 = HAIL
GRTST 24HR 0.0 6 = FREEZING RAIN OR DRIZZLE
GRTST DEPTH: 0 7 = DUSTSTORM OR SANDSTORM:
VSBY 1/2 MILE OR LESS
8 = SMOKE OR HAZE
[NO. OF DAYS WITH] [WEATHER - DAYS WITH] 9 = BLOWING SNOW
X = TORNADO
MAX 32 OR BELOW: 0 0.01 INCH OR MORE: 8
MAX 90 OR ABOVE: 6 0.10 INCH OR MORE: 6
MIN 32 OR BELOW: 0 0.50 INCH OR MORE: 4
MIN 0 OR BELOW: 0 1.00 INCH OR MORE: 2
[HDD (BASE 65) ]
TOTAL THIS MO. 0 CLEAR (SCALE 0-3) 27
DPTR FM NORMAL 0 PTCLDY (SCALE 4-7) 4
TOTAL FM JUL 1 218 CLOUDY (SCALE 8-10) 0
DPTR FM NORMAL -138
[CDD (BASE 65) ]
TOTAL THIS MO. 463
DPTR FM NORMAL 15 [PRESSURE DATA]
TOTAL FM JAN 1 1323 HIGHEST SLP 30.16 ON 7
DPTR FM NORMAL 319 LOWEST SLP 29.71 ON 25
[REMARKS]
#FINAL-05-23#