000
CXUS53 KILX 011452
CLSSPI
CLIMATE REPORT
NATIONAL WEATHER SERVICE LINCOLN IL
852 AM CST THU DEC 01 2022
...................................
...THE SPRINGFIELD IL CLIMATE SUMMARY FOR THE SEASON, FROM
9/1/2022 TO 11/30/2022...
CLIMATE NORMAL PERIOD 1991 TO 2020
CLIMATE RECORD PERIOD 1879 TO 2022
WEATHER OBSERVED NORMAL DEPART LAST YEAR`S
VALUE DATE(S) VALUE FROM VALUE
NORMAL
..............................................................
TEMPERATURE (F)
RECORD
HIGH 102 09/01/2011
LOW -3 11/30/1964
HIGHEST 95 09/20 MM MM 91
LOWEST 11 11/20 MM MM 17
AVG. MAXIMUM 66.1 66.8 -0.7 68.1
AVG. MINIMUM 42.9 44.9 -2.0 46.5
MEAN 54.5 55.8 -1.3 57.3
DAYS MAX >= 90 1 4.0 -3.0 2
DAYS MAX <= 32 3 1.2 1.8 0
DAYS MIN <= 32 20 18.0 2.0 18
DAYS MIN <= 0 0 0.0 0.0 0
PRECIPITATION (INCHES)
RECORD
MAXIMUM 24.55 1926
MINIMUM 2.67 1910
TOTALS 9.08 8.85 0.23 10.16
DAILY AVG. 0.10 0.11
DAYS >= .01 24 25.2 -1.2 26
DAYS >= .10 14 15.8 -1.8 13
DAYS >= .50 8 6.0 2.0 7
DAYS >= 1.00 3 2.1 0.9 3
GREATEST
24 HR. TOTAL 2.15 2.36
SNOWFALL (INCHES)
RECORDS
TOTAL 12.1 1951
24 HR TOTAL 7.8 11/06/1951 TO 11/06/1951
TOTALS T 1.3 -1.3 T
SINCE 7/1 T 1.3 -1.3 MM
DAYS >= TRACE 4 1.1 2.9 3
DAYS >= 1.0 0 0.4 -0.4 0
GREATEST
SNOW DEPTH 0 0
24 HR TOTAL 0.0 T
DEGREE DAYS
HEATING TOTAL 1094 1018 76 910
SINCE 7/1 1094 1022 72 MM
COOLING TOTAL 160 182 -22 228
SINCE 1/1 1285 1251 34 MM
FREEZE DATES
RECORD
EARLIEST 09/20/1991
LATEST 05/10/1966
EARLIEST 10/08
LATEST 04/19
..............................................................
WIND (MPH)
AVERAGE WIND SPEED 8.2
HIGHEST WIND SPEED/DIRECTION 38/170 DATE 11/05
HIGHEST GUST SPEED/DIRECTION 56/180 DATE 11/05
SKY COVER
POSSIBLE SUNSHINE (PERCENT) MM
AVERAGE SKY COVER 0.27
NUMBER OF DAYS FAIR 65
NUMBER OF DAYS PC 16
NUMBER OF DAYS CLOUDY 10
AVERAGE RH (PERCENT) 65
WEATHER CONDITIONS. NUMBER OF DAYS WITH
THUNDERSTORM 4 MIXED PRECIP 0
HEAVY RAIN 6 RAIN 12
LIGHT RAIN 28 FREEZING RAIN 0
LT FREEZING RAIN 0 HAIL 0
HEAVY SNOW 0 SNOW 0
LIGHT SNOW 4 SLEET 0
FOG 26 FOG W/VIS <= 1/4 MILE 4
HAZE 7
- INDICATES NEGATIVE NUMBERS.
R INDICATES RECORD WAS SET OR TIED.
MM INDICATES DATA IS MISSING.
T INDICATES TRACE AMOUNT.
$$