000
CXUS54 KEWX 011010
CF6SSF
PRELIMINARY LOCAL CLIMATOLOGICAL DATA (WS FORM: F-6)
STATION: SAN ANTONIO STINSON FIELD
MONTH: AUGUST
YEAR: 2021
LATITUDE: 29 19 N
LONGITUDE: 98 29 W
TEMPERATURE IN F: :PCPN: SNOW: WIND :SUNSHINE: SKY :PK WND
================================================================================
1 2 3 4 5 6A 6B 7 8 9 10 11 12 13 14 15 16 17 18
12Z AVG MX 2MIN
DY MAX MIN AVG DEP HDD CDD WTR SNW DPTH SPD SPD DIR MIN PSBL S-S WX SPD DR
================================================================================
1 97 77 87 0 0 22 0.00 M M 4.5 14 330 M M 1 3 23 130
2 90 73 82 -5 0 17 2.52 M M 3.6 20 150 M M 5 138 24 150
3 94 77 86 -1 0 21 0.01 M M 3.9 10 40 M M 3 14 360
4 94 78 86 -1 0 21 0.00 M M 5.7 12 90 M M 5 17 50
5 90 73 82 -5 0 17 2.06 0.0 0 5.0 25 230 M M 5 13 37 220
6 94 77 86 -1 0 21 T M M 5.6 22 170 M M 4 1 32 160
7 94 78 86 -1 0 21 0.00 M M 8.4 17 140 M M 3 24 180
8 97 80 89 2 0 24 0.00 M M 10.7 21 140 M M 4 8 27 130
9 96 78 87 0 0 22 0.00 M M 10.1 20 150 M M 3 27 110
10 96 78 87 0 0 22 0.00 M M 10.1 18 140 M M 3 28 140
11 96 77 87 0 0 22 0.00 M M 6.9 15 140 M M 3 1 24 160
12 96 78 87 0 0 22 0.00 M M 7.9 15 130 M M 4 22 160
13 96 77 87 0 0 22 0.00 M M 5.3 14 140 M M 2 20 130
14 97 75 86 -1 0 21 0.00 M M 3.6 10 160 M M 2 16 140
15 96 76 86 -1 0 21 0.01 M M 3.7 26 30 M M 2 3 37 20
16 97 74 86 -1 0 21 0.00 M M 4.0 14 140 M M 1 19 140
17 96 76 86 -1 0 21 0.00 M M 6.1 17 130 M M 2 22 140
18 99 81 90 3 0 25 T M M 9.2 17 130 M M 4 25 160
19 99 79 89 2 0 24 0.00 M M 11.0 18 130 M M 4 26 140
20 99 78 89 3 0 24 0.00 M M 8.3 17 140 M M 5 27 130
21 98 77 88 2 0 23 0.01 M M 6.8 25 120 M M 4 3 32 120
22 97 76 87 1 0 22 0.00 M M 6.3 14 130 M M 4 20 150
23 97 73 85 -1 0 20 0.00 M M 5.1 15 140 M M 3 19 150
24 98 76 87 1 0 22 0.00 M M 5.5 15 130 M M 3 21 120
25 99 76 88 2 0 23 0.00 M M 4.0 15 130 M M 2 3 21 140
26 99 77 88 2 0 23 0.00 M M 5.0 16 120 M M 1 24 110
27 95 77 86 0 0 21 0.02 M M 5.6 22 60 M M 2 3 35 70
28 95 78 87 2 0 22 T M M 4.9 15 120 M M 5 19 120
29 98 78 88 3 0 23 0.00 M M 3.9 13 100 M M 3 17 100
30 98 76 87 2 0 22 0.00 M M 3.3 20 40 M M 1 27 40
31 102 76 89 4 0 24 0.00 M M 5.2 17 140 M M 0 22 140
================================================================================
SM 2989 2380 0 676 4.63 0.0 189.2 M 93
================================================================================
AV 96.4 76.8 6.1 FASTST M M 3 MAX(MPH)
MISC ----> 26 30 # 37 220
================================================================================
NOTES:
# LAST OF SEVERAL OCCURRENCES
COLUMN 17 PEAK WIND IN M.P.H.
PRELIMINARY LOCAL CLIMATOLOGICAL DATA (WS FORM: F-6) , PAGE 2
STATION: SAN ANTONIO STINSON FIELD
MONTH: AUGUST
YEAR: 2021
LATITUDE: 29 19 N
LONGITUDE: 98 29 W
[TEMPERATURE DATA] [PRECIPITATION DATA] SYMBOLS USED IN COLUMN 16
AVERAGE MONTHLY: 86.6 TOTAL FOR MONTH: 4.63 1 = FOG OR MIST
DPTR FM NORMAL: 0.0 DPTR FM NORMAL: 2.13 2 = FOG REDUCING VISIBILITY
HIGHEST: 102 ON 31 GRTST 24HR 2.52 ON 2- 2 TO 1/4 MILE OR LESS
LOWEST: 73 ON 23, 5 3 = THUNDER
SNOW, ICE PELLETS, HAIL 4 = ICE PELLETS
TOTAL MONTH: 0.0 INCH 5 = HAIL
GRTST 24HR 0.0 6 = FREEZING RAIN OR DRIZZLE
GRTST DEPTH: 0 7 = DUSTSTORM OR SANDSTORM:
VSBY 1/2 MILE OR LESS
8 = SMOKE OR HAZE
[NO. OF DAYS WITH] [WEATHER - DAYS WITH] 9 = BLOWING SNOW
X = TORNADO
MAX 32 OR BELOW: 0 0.01 INCH OR MORE: 6
MAX 90 OR ABOVE: 31 0.10 INCH OR MORE: 2
MIN 32 OR BELOW: 0 0.50 INCH OR MORE: 2
MIN 0 OR BELOW: 0 1.00 INCH OR MORE: 2
[HDD (BASE 65) ]
TOTAL THIS MO. 0 CLEAR (SCALE 0-3) 17
DPTR FM NORMAL 0 PTCLDY (SCALE 4-7) 14
TOTAL FM JUL 1 0 CLOUDY (SCALE 8-10) 0
DPTR FM NORMAL 0
[CDD (BASE 65) ]
TOTAL THIS MO. 676
DPTR FM NORMAL 8 [PRESSURE DATA]
TOTAL FM JAN 1 2606 HIGHEST SLP 30.10 ON 14
DPTR FM NORMAL -26 LOWEST SLP 29.64 ON 31
[REMARKS]
#FINAL-08-21#