000
CXUS53 KEAX 010736
CF6STJ
PRELIMINARY LOCAL CLIMATOLOGICAL DATA (WS FORM: F-6)
STATION: ST. JOSEPH MO
MONTH: APRIL
YEAR: 2022
LATITUDE: 39 46 N
LONGITUDE: 94 55 W
TEMPERATURE IN F: :PCPN: SNOW: WIND :SUNSHINE: SKY :PK WND
================================================================================
1 2 3 4 5 6A 6B 7 8 9 10 11 12 13 14 15 16 17 18
12Z AVG MX 2MIN
DY MAX MIN AVG DEP HDD CDD WTR SNW DPTH SPD SPD DIR MIN PSBL S-S WX SPD DR
================================================================================
1 58 21 40 -9 25 0 T M M 6.8 21 160 M M 1 1 26 140
2 60 34 47 -3 18 0 T M M 11.6 28 260 M M 1 18 36 250
3 63 30 47 -3 18 0 0.02 M M 5.9 14 350 M M 5 12 18 150
4 56 33 45 -5 20 0 0.00 M M 7.1 16 360 M M 1 12 21 360
5 64 35 50 -1 15 0 0.06 M M 8.9 35 320 M M 6 1 44 310
6 58 38 48 -3 17 0 T M M 18.1 37 290 M M 4 48 280
7 45 33 39 -12 26 0 T M M 21.3 38 310 M M 7 1 51 330
8 51 31 41 -11 24 0 T M M 17.3 32 320 M M 7 41 330
9 62 19 41 -11 24 0 0.00 M M 7.5 20 150 M M 0 26 160
10 76 41 59 7 6 0 0.00 M M 13.9 31 200 M M 0 39 210
11 66 36 51 -1 14 0 0.00 M M 5.8 13 130 M M 2 18 110
12 85 49 67 14 0 2 0.27 M M 22.7 43 180 M M 3 13 61 180
13 54 33 44 -9 21 0 0.07 M M 14.0 24 330 M M 5 13 37 310
14 59 28 44 -9 21 0 0.00 M M 12.1 30 250 M M 1 8 41 230
15 55 35 45 -9 20 0 0.00 M M 11.8 20 40 M M 2 24 30
16 53 29 41 -13 24 0 0.00 M M 10.5 21 10 M M 0 27 360
17 44 32 38 -16 27 0 0.06 M M 9.5 20 80 M M 10 1 28 80
18 55 27 41 -14 24 0 0.00 M M 12.3 28 340 M M 3 35 330
19 54 23 39 -16 26 0 T M M 10.4 24 150 M M 6 35 150
20 54 41 48 -7 17 0 0.02 M M 9.6 22 140 M M 10 12 29 130
21 73 39 56 0 9 0 0.00 M M 8.5 21 120 M M 8 12 31 110
22 83 62 73 17 0 8 0.02 M M 22.3 36 190 M M 6 50 190
23 76 54 65 9 0 0 0.95 M M 22.6 45 250 M M 1 13 60 190
24 65 43 54 -2 11 0 0.00 M M 14.7 25 290 M M 2 34 310
25 58 35 47 -10 18 0 0.00 M M 13.1 26 330 M M 3 34 330
26 67 27 47 -10 18 0 0.00 M M 6.3 17 180 M M 0 8 23 170
27 77 48 63 5 2 0 0.00 M 0 13.4 28 190 M M 0 37 180
28 76 56 66 8 0 1 0.00 M M 14.4 22 170 M M 0 30 170
29 71 53 62 4 3 0 1.59 M M 15.9 35 260 M M 1 13 47 260
30 58 50 54 -5 11 0 T M M 17.8 35 260 M M 0 46 250
================================================================================
SM 1876 1115 459 11 3.06 M 386.1 M 95
================================================================================
AV 62.5 37.2 12.9 FASTST M M 3 MAX(MPH)
MISC ----> 45 250 61 180
================================================================================
NOTES:
# LAST OF SEVERAL OCCURRENCES
COLUMN 17 PEAK WIND IN M.P.H.
PRELIMINARY LOCAL CLIMATOLOGICAL DATA (WS FORM: F-6) , PAGE 2
STATION: ST. JOSEPH MO
MONTH: APRIL
YEAR: 2022
LATITUDE: 39 46 N
LONGITUDE: 94 55 W
[TEMPERATURE DATA] [PRECIPITATION DATA] SYMBOLS USED IN COLUMN 16
AVERAGE MONTHLY: 49.9 TOTAL FOR MONTH: 3.06 1 = FOG OR MIST
DPTR FM NORMAL: -4.0 DPTR FM NORMAL: -0.65 2 = FOG REDUCING VISIBILITY
HIGHEST: 85 ON 12 GRTST 24HR 1.59 ON 29-29 TO 1/4 MILE OR LESS
LOWEST: 19 ON 9 3 = THUNDER
SNOW, ICE PELLETS, HAIL 4 = ICE PELLETS
TOTAL MONTH: M 5 = HAIL
GRTST 24HR M ON M 6 = FREEZING RAIN OR DRIZZLE
GRTST DEPTH: 0 7 = DUSTSTORM OR SANDSTORM:
VSBY 1/2 MILE OR LESS
8 = SMOKE OR HAZE
[NO. OF DAYS WITH] [WEATHER - DAYS WITH] 9 = BLOWING SNOW
X = TORNADO
MAX 32 OR BELOW: 0 0.01 INCH OR MORE: 9
MAX 90 OR ABOVE: 0 0.10 INCH OR MORE: 3
MIN 32 OR BELOW: 10 0.50 INCH OR MORE: 2
MIN 0 OR BELOW: 0 1.00 INCH OR MORE: 1
[HDD (BASE 65) ]
TOTAL THIS MO. 459 CLEAR (SCALE 0-3) 18
DPTR FM NORMAL 107 PTCLDY (SCALE 4-7) 10
TOTAL FM JUL 1 5077 CLOUDY (SCALE 8-10) 2
DPTR FM NORMAL -188
[CDD (BASE 65) ]
TOTAL THIS MO. 11
DPTR FM NORMAL -7 [PRESSURE DATA]
TOTAL FM JAN 1 11 HIGHEST SLP M ON M
DPTR FM NORMAL -10 LOWEST SLP 29.27 ON 12
[REMARKS]
#FINAL-04-22#