000
CXUS53 KEAX 011909
CLSSTJ
CLIMATE REPORT
NATIONAL WEATHER SERVICE KANSAS CITY/PLEASANT HILL MO
206 PM CDT THU JUN 01 2023
...................................
...THE ST. JOSEPH MO CLIMATE SUMMARY FOR THE SEASON, FROM
3/1/2023 TO 5/31/2023...
CLIMATE NORMAL PERIOD: 1991 TO 2020
CLIMATE RECORD PERIOD: 1892 TO 2023
WEATHER OBSERVED NORMAL DEPART LAST YEAR`S
VALUE DATE(S) VALUE FROM VALUE DATE(S)
NORMAL
................................................................
TEMPERATURE (F)
RECORD
HIGH 103 05/30/1934
LOW -13 03/04/1978
HIGHEST 93 05/06 90 3 94 05/12
LOWEST 10 03/19 14 -4 2 03/12
AVG. MAXIMUM 67.2 65.6 1.6 63.3
AVG. MINIMUM 41.4 42.3 -0.9 39.4
MEAN 54.3 54.0 0.3 51.4
DAYS MAX >= 90 2 2.5 -0.5 4
DAYS MAX <= 32 1 1.3 -0.3 3
DAYS MIN <= 32 28 22.7 5.3 33
DAYS MIN <= 0 0 0.2 -0.2 0
PRECIPITATION (INCHES)
RECORD
MAXIMUM 19.06 1944
MINIMUM 2.67 1966
TOTALS 6.72 10.64 -3.92 10.79
DAILY AVG. 0.07 0.12 -0.05 0.12
DAYS >= .01 25 30.6 -5.6 34
DAYS >= .10 13 18.4 -5.4 16
DAYS >= .50 6 6.5 -0.5 8
DAYS >= 1.00 1 2.5 -1.5 3
GREATEST
24 HR. TOTAL 2.11 05/14 TO 05/15
DEGREE DAYS
HEATING TOTAL 1112 1141 -29 1376
COOLING TOTAL 148 126 22 147
................................................................
WIND (MPH)
AVERAGE WIND SPEED 9.9
HIGHEST WIND SPEED/DIRECTION 52/250 DATE 03/31
HIGHEST GUST SPEED/DIRECTION 74/250 DATE 03/31
SKY COVER
POSSIBLE SUNSHINE (PERCENT) MM
AVERAGE SKY COVER 0.34
NUMBER OF DAYS FAIR 57
NUMBER OF DAYS PC 21
NUMBER OF DAYS CLOUDY 14
AVERAGE RH (PERCENT) 63
WEATHER CONDITIONS. NUMBER OF DAYS WITH
THUNDERSTORM 15 MIXED PRECIP 0
HEAVY RAIN 9 RAIN 15
LIGHT RAIN 35 FREEZING RAIN 0
LT FREEZING RAIN 0 HAIL 0
HEAVY SNOW 0 SNOW 1
LIGHT SNOW 4 SLEET 0
FOG 44 FOG W/VIS <= 1/4 MILE 4
HAZE 21
- INDICATES NEGATIVE NUMBERS.
R INDICATES RECORD WAS SET OR TIED.
MM INDICATES DATA IS MISSING.
T INDICATES TRACE AMOUNT.
$$