000
CXUS53 KGRB 250746
CF6SUE
PRELIMINARY LOCAL CLIMATOLOGICAL DATA (WS FORM: F-6)
STATION: STURGEON BAY WI
MONTH: NOVEMBER
YEAR: 2019
LATITUDE: 44 55 N
LONGITUDE: 87 25 W
TEMPERATURE IN F: :PCPN: SNOW: WIND :SUNSHINE: SKY :PK WND
================================================================================
1 2 3 4 5 6A 6B 7 8 9 10 11 12 13 14 15 16 17 18
12Z AVG MX 2MIN
DY MAX MIN AVG DEP HDD CDD WTR SNW DPTH SPD SPD DIR MIN PSBL S-S WX SPD DR
================================================================================
1 38 25 32 M 33 0 T M 0 8.5 13 170 M M 8 M M
2 40 33 37 M 28 0 T M 0 11.1 17 290 M M 9 1 25 290
3 43 31 37 M 28 0 T M 0 9.0 14 260 M M 8 18 260
4 44 35 40 M 25 0 0.06 M 0 10.9 17 270 M M 10 1 25 270
5 35 26 31 M 34 0 T M 0 10.5 16 260 M M 4 24 290
6 31 24 28 M 37 0 0.03 M 0 8.7 20 330 M M 6 1 25 330
7 31 21 26 M 39 0 0.00 0.0 0 14.3 21 340 M M 3 28 320
8 28 16 22 M 43 0 0.00 0.0 0 9.4 14 210 M M 3 22 210
9 39 26 33 M 32 0 T M 0 9.4 13 230 M M 8 1 M M
10 37 23 30 M 35 0 T M 0 12.2 18 340 M M 9 1 25 350
11 24 14 19 M 46 0 T M 0 16.5 24 330 M M 10 33 330
12 20 11 16 M 49 0 0.00 0.0 0 12.8 21 310 M M 5 30 310
13 23 12 18 M 47 0 T M 0 11.4 16 200 M M 8 1 23 180
14 29 23 26 M 39 0 T M 0 12.2 22 250 M M 7 31 240
15 36 25 31 M 34 0 0.00 0.0 0 9.4 15 260 M M 1 M M
16 36 22 29 M 36 0 0.00 0.0 0 9.1 16 160 M M 7 20 180
17 38 33 36 M 29 0 0.02 M 0 10.4 15 190 M M 8 1 21 180
18 38 33 36 M 29 0 T M 0 4.1 6 260 M M 10 1 M M
19 38 31 35 M 30 0 0.00 0.0 0 4.0 8 280 M M 10 1 M M
20 43 32 38 M 27 0 0.00 0.0 0 6.2 13 170 M M 9 1 23 170
21 44 30 37 M 28 0 0.58 M 0 16.4 22 170 M M 10 1 33 170
22 32 26 29 M 36 0 T M 0 10.4 18 310 M M 5 31 310
23 40 25 33 M 32 0 0.00 0.0 0 8.9 16 250 M M 0 21 230
24 47 31 39 M 26 0 0.00 0.0 0 9.5 16 260 M M 1 18 260
================================================================================
SM 854 608 822 0 0.69 0.0 245.3 M 159
================================================================================
AV 35.6 25.3 10.2 FASTST M M 7 MAX(MPH)
MISC ----> # 24 330 # 33 330
================================================================================
NOTES:
# LAST OF SEVERAL OCCURRENCES
COLUMN 17 PEAK WIND IN M.P.H.
PRELIMINARY LOCAL CLIMATOLOGICAL DATA (WS FORM: F-6) , PAGE 2
STATION: STURGEON BAY WI
MONTH: NOVEMBER
YEAR: 2019
LATITUDE: 44 55 N
LONGITUDE: 87 25 W
[TEMPERATURE DATA] [PRECIPITATION DATA] SYMBOLS USED IN COLUMN 16
AVERAGE MONTHLY: 30.5 TOTAL FOR MONTH: 0.69 1 = FOG OR MIST
DPTR FM NORMAL: M DPTR FM NORMAL: M 2 = FOG REDUCING VISIBILITY
HIGHEST: 47 ON 24 GRTST 24HR 0.58 ON 21-21 TO 1/4 MILE OR LESS
LOWEST: 11 ON 12 3 = THUNDER
SNOW, ICE PELLETS, HAIL 4 = ICE PELLETS
TOTAL MONTH: 0.0 INCH 5 = HAIL
GRTST 24HR 0.0 6 = FREEZING RAIN OR DRIZZLE
GRTST DEPTH: 0 7 = DUSTSTORM OR SANDSTORM:
VSBY 1/2 MILE OR LESS
8 = SMOKE OR HAZE
[NO. OF DAYS WITH] [WEATHER - DAYS WITH] 9 = BLOWING SNOW
X = TORNADO
MAX 32 OR BELOW: 8 0.01 INCH OR MORE: 4
MAX 90 OR ABOVE: 0 0.10 INCH OR MORE: 1
MIN 32 OR BELOW: 20 0.50 INCH OR MORE: 1
MIN 0 OR BELOW: 0 1.00 INCH OR MORE: 0
[HDD (BASE 65) ]
TOTAL THIS MO. 822 CLEAR (SCALE 0-3) 4
DPTR FM NORMAL M PTCLDY (SCALE 4-7) 10
TOTAL FM JUL 1 1479 CLOUDY (SCALE 8-10) 10
DPTR FM NORMAL M
[CDD (BASE 65) ]
TOTAL THIS MO. 0
DPTR FM NORMAL M [PRESSURE DATA]
TOTAL FM JAN 1 327 HIGHEST SLP M ON M
DPTR FM NORMAL 327 LOWEST SLP M ON M
[REMARKS]