000
CXUS51 KBGM 011427 CCA
CF6SYR
PRELIMINARY LOCAL CLIMATOLOGICAL DATA (WS FORM: F-6)
STATION: SYRACUSE NY
MONTH: SEPTEMBER
YEAR: 2020
LATITUDE: 43 7 N
LONGITUDE: 76 7 W
TEMPERATURE IN F: :PCPN: SNOW: WIND :SUNSHINE: SKY :PK WND
================================================================================
1 2 3 4 5 6A 6B 7 8 9 10 11 12 13 14 15 16 17 18
12Z AVG MX 2MIN
DY MAX MIN AVG DEP HDD CDD WTR SNW DPTH SPD SPD DIR MIN PSBL S-S WX SPD DR
================================================================================
1 76 69 73 6 0 8 0.00 0.0 0 9.8 22 170 M M 9 27 170
2 84 66 75 8 0 10 0.06 0.0 0 11.9 28 180 M M 9 1 36 180
3 81 61 71 5 0 6 0.00 0.0 0 7.1 18 220 M M 6 1 21 230
4 76 58 67 1 0 2 0.04 0.0 0 10.4 21 310 M M 7 29 250
5 76 52 64 -2 1 0 T 0.0 0 7.7 23 250 M M 5 28 250
6 76 59 68 2 0 3 0.00 0.0 0 5.2 12 240 M M 5 14 300
7 84 60 72 7 0 7 T 0.0 0 11.5 28 170 M M 9 36 170
8 86 64 75 10 0 10 0.00 0.0 0 4.2 14 350 M M 7 17 350
9 88 60 74 9 0 9 0.00 0.0 0 3.5 13 330 M M 2 15 330
10 82 60 71 7 0 6 0.01 0.0 0 5.9 17 320 M M 8 12 20 310
11 66 48 57 -7 8 0 T 0.0 0 6.9 15 340 M M 7 19 280
12 77 44 61 -3 4 0 0.00 0.0 0 8.1 16 170 M M 6 22 160
13 71 63 67 4 0 2 0.38 0.0 0 10.6 22 180 M M 9 1 29 180
14 66 46 56 -7 9 0 0.00 0.0 0 8.9 18 330 M M 7 24 300
15 66 41 54 -8 11 0 0.00 0.0 0 2.4 9 40 M M 6 14 170
16 76 42 59 -3 6 0 0.00 0.0 0 6.9 17 190 M M 4 23 190
17 65 51 58 -4 7 0 T 0.0 0 3.7 12 350 M M 7 18 15 180
18 63 41 52 -9 13 0 0.00 0.0 0 7.9 22 310 M M 5 27 330
19 60 34 47 -14 18 0 0.00 0.0 0 3.8 14 310 M M 3 19 330
20 63 38 51 -9 14 0 0.00 0.0 0 2.5 12 40 M M 4 15 50
21 67 34 51 -9 14 0 0.00 0.0 0 2.2 9 60 M M 2 13 20
22 69 36 53 -7 12 0 0.00 0.0 0 4.7 16 330 M M 3 20 330
23 77 52 65 6 0 0 0.00 0.0 0 8.6 20 300 M M 5 24 300
24 79 51 65 6 0 0 T 0.0 0 1.6 10 20 M M 7 1 12 30
25 82 56 69 11 0 4 0.00 0.0 0 2.5 12 250 M M 3 1 18 280
26 83 53 68 10 0 3 0.00 0.0 0 8.1 18 170 M M 4 23 160
27 83 66 75 17 0 10 0.00 0.0 0 11.2 22 170 M M 5 27 180
28 84 65 75 18 0 10 T 0.0 0 9.6 18 150 M M 7 26 150
29 75 56 66 9 0 1 0.53 0.0 0 6.9 22 270 M M 9 1 30 270
30 66 53 60 4 5 0 0.51 0.0 0 10.3 35 260 M M 8 1 42 270
================================================================================
SM 2247 1579 122 91 1.53 0.0 204.6 M 178
================================================================================
AV 74.9 52.6 6.8 FASTST M M 6 MAX(MPH)
MISC ----> # 35 260 # 42 270
================================================================================
NOTES:
# LAST OF SEVERAL OCCURRENCES
COLUMN 17 PEAK WIND IN M.P.H.
PRELIMINARY LOCAL CLIMATOLOGICAL DATA (WS FORM: F-6) , PAGE 2
STATION: SYRACUSE NY
MONTH: SEPTEMBER
YEAR: 2020
LATITUDE: 43 7 N
LONGITUDE: 76 7 W
[TEMPERATURE DATA] [PRECIPITATION DATA] SYMBOLS USED IN COLUMN 16
AVERAGE MONTHLY: 63.8 TOTAL FOR MONTH: 1.53 1 = FOG OR MIST
DPTR FM NORMAL: 1.8 DPTR FM NORMAL: -2.16 2 = FOG REDUCING VISIBILITY
HIGHEST: 88 ON 9 GRTST 24HR 1.03 ON 29-30 TO 1/4 MILE OR LESS
LOWEST: 34 ON 21,19 3 = THUNDER
SNOW, ICE PELLETS, HAIL 4 = ICE PELLETS
TOTAL MONTH: 0.0 INCH 5 = HAIL
GRTST 24HR 0.0 6 = FREEZING RAIN OR DRIZZLE
GRTST DEPTH: 0 7 = DUSTSTORM OR SANDSTORM:
VSBY 1/2 MILE OR LESS
8 = SMOKE OR HAZE
[NO. OF DAYS WITH] [WEATHER - DAYS WITH] 9 = BLOWING SNOW
X = TORNADO
MAX 32 OR BELOW: 0 0.01 INCH OR MORE: 6
MAX 90 OR ABOVE: 0 0.10 INCH OR MORE: 3
MIN 32 OR BELOW: 0 0.50 INCH OR MORE: 2
MIN 0 OR BELOW: 0 1.00 INCH OR MORE: 0
[HDD (BASE 65) ]
TOTAL THIS MO. 122 CLEAR (SCALE 0-3) 5
DPTR FM NORMAL -19 PTCLDY (SCALE 4-7) 20
TOTAL FM JUL 1 124 CLOUDY (SCALE 8-10) 5
DPTR FM NORMAL -43
[CDD (BASE 65) ]
TOTAL THIS MO. 91
DPTR FM NORMAL 39 [PRESSURE DATA]
TOTAL FM JAN 1 988 HIGHEST SLP 30.63 ON 21
DPTR FM NORMAL 423 LOWEST SLP 29.51 ON 30
[REMARKS]
#FINAL-09-20#
CORRECTED GREATEST 24 HOUR PRECIPITATION