000
CXUS51 KBGM 010754
CLMSYR
CLIMATE REPORT
NATIONAL WEATHER SERVICE BINGHAMTON, NY
354 AM EDT TUE AUG 01 2023
...................................
...THE SYRACUSE NY CLIMATE SUMMARY FOR THE MONTH OF JULY 2023...
CLIMATE NORMAL PERIOD 1991 TO 2020
CLIMATE RECORD PERIOD 1902 TO 2023
WEATHER OBSERVED NORMAL DEPART LAST YEAR`S
VALUE DATE(S) VALUE FROM VALUE DATE(S)
NORMAL
................................................................
TEMPERATURE (F)
RECORD
HIGH 101 07/17/2012
07/21/2011
07/03/1966
LOW 45 07/25/1976
07/20/1965
HIGHEST 94 07/06 82 12 95 07/20
07/23
LOWEST 57 07/20 60 -3 53 07/10
AVG. MAXIMUM 84.2 81.7 2.5 85.0
AVG. MINIMUM 64.7 62.0 2.7 63.2
MEAN 74.5 71.8 2.7 74.1
DAYS MAX >= 90 5 4.1 0.9 7
DAYS MAX <= 32 0 0.0 0.0 0
DAYS MIN <= 32 0 0.0 0.0 0
DAYS MIN <= 0 0 0.0 0.0 0
PRECIPITATION (INCHES)
RECORD
MAXIMUM 10.12 2006
MINIMUM 0.90 1969
TOTALS 5.43 3.86 1.57 2.91
DAILY AVG. 0.18 0.12 0.06 0.09
DAYS >= .01 16 11.7 4.3 10
DAYS >= .10 10 7.4 2.6 7
DAYS >= .50 4 2.5 1.5 3
DAYS >= 1.00 2 0.8 1.2 0
GREATEST
24 HR. TOTAL 1.76 07/29 TO 07/30
SNOWFALL (INCHES)
RECORDS
TOTAL T 2019
24 HR TOTAL T 07/29/2019 TO 07/29/2019
07/14/1954 TO 07/14/1954
SNOW DEPTH 0 MM
TOTALS 0.0 0.0 0.0 0.0
SINCE 7/1 0.0 0.0 0.0 MM
SNOWDEPTH AVG. 0 0
DAYS >= TRACE 0 0.0 0.0 0
DAYS >= 1.0 0 0.0 0.0 0
GREATEST
SNOW DEPTH 0 0 MM
24 HR TOTAL MM
DEGREE DAYS
HEATING TOTAL 0 6 -6 0
SINCE 7/1 0 0 0 MM
COOLING TOTAL 301 218 83 290
SINCE 1/1 474 371 103 MM
................................................................
WIND (MPH)
AVERAGE WIND SPEED 5.7
RESULTANT WIND SPEED/DIRECTION 2/250
HIGHEST WIND SPEED/DIRECTION 38/180 DATE 07/24
HIGHEST GUST SPEED/DIRECTION 48/180 DATE 07/24
SKY COVER
POSSIBLE SUNSHINE (PERCENT) MM
AVERAGE SKY COVER 0.65
NUMBER OF DAYS FAIR 3
NUMBER OF DAYS PC 18
NUMBER OF DAYS CLOUDY 10
AVERAGE RH (PERCENT) 69
WEATHER CONDITIONS. NUMBER OF DAYS WITH
THUNDERSTORM 9 MIXED PRECIP 0
HEAVY RAIN 2 RAIN 7
LIGHT RAIN 18 FREEZING RAIN 0
LT FREEZING RAIN 0 HAIL 0
HEAVY SNOW 0 SNOW 0
LIGHT SNOW 0 SLEET 0
FOG 16 FOG W/VIS <= 1/4 MILE 0
HAZE 13
- INDICATES NEGATIVE NUMBERS.
R INDICATES RECORD WAS SET OR TIED.
MM INDICATES DATA IS MISSING.
T INDICATES TRACE AMOUNT.
$$