000
CXUS54 KEWX 011010
CF6T82
PRELIMINARY LOCAL CLIMATOLOGICAL DATA (WS FORM: F-6)
STATION: FREDERICKSBURG
MONTH: SEPTEMBER
YEAR: 2021
LATITUDE: 30 15 N
LONGITUDE: 98 55 W
TEMPERATURE IN F: :PCPN: SNOW: WIND :SUNSHINE: SKY :PK WND
================================================================================
1 2 3 4 5 6A 6B 7 8 9 10 11 12 13 14 15 16 17 18
12Z AVG MX 2MIN
DY MAX MIN AVG DEP HDD CDD WTR SNW DPTH SPD SPD DIR MIN PSBL S-S WX SPD DR
================================================================================
1 94 74 84 M 0 19 0.00 M M 4.9 10 140 M M 2 1 16 140
2 93 72 83 M 0 18 0.00 M M 5.5 12 180 M M 1 17 190
3 94 71 83 M 0 18 0.00 M M 5.5 9 140 M M 2 16 200
4 94 74 84 M 0 19 0.00 M M 6.2 12 220 M M 3 18 210
5 97 68 83 M 0 18 0.00 M M 4.3 8 170 M M 0 M M
6 94 68 81 M 0 16 0.00 M M 2.3 8 300 M M 1 3 17 150
7 93 64 79 M 0 14 0.00 M M 2.1 10 70 M M 1 16 160
8 97 65 81 M 0 16 0.00 M M 3.4 12 70 M M 1 17 50
9 92 61 77 M 0 12 0.00 M M 3.5 10 50 M M 0 20 30
10 91 55 73 M 0 8 0.00 M M 2.5 12 80 M M 0 M M
11 89 58 74 M 0 9 0.00 M M 2.9 7 130 M M 1 16 180
12 90 60 75 M 0 10 0.00 M M 3.8 9 130 M M 5 17 120
13 85 65 75 M 0 10 0.00 M M 4.2 15 130 M M 6 24 130
14 89 61 75 M 0 10 0.00 M M 4.5 13 60 M M 3 20 50
15 88 64 76 M 0 11 0.00 M M 4.7 13 20 M M 6 17 20
16 90 60 75 M 0 10 0.00 M M 1.3 7 90 M M 1 M M
17 96 64 80 M 0 15 0.00 M M 1.8 8 210 M M 2 1 M M
18 94 67 81 M 0 16 0.00 M M 2.6 12 80 M M 3 17 80
19 95 64 80 M 0 15 0.00 M M 1.7 6 210 M M 2 M M
20 97 67 82 M 0 17 0.00 M M 4.9 15 210 M M 0 20 210
21 85 72 79 M 0 14 0.00 M M 8.6 18 360 M M 5 24 360
22 82 51 67 M 0 2 0.00 M M 7.8 14 40 M M 0 23 40
23 85 45 65 M 0 0 0.00 M M 1.6 6 80 M M 0 M M
24 84 47 66 M 0 1 0.00 M M 3.2 8 150 M M 0 M M
25 86 51 69 M 0 4 0.00 M M 2.6 8 120 M M 0 M M
26 86 50 68 M 0 3 0.00 M M 3.5 10 170 M M 0 16 180
27 90 60 75 M 0 10 0.00 M M 3.8 12 200 M M 2 M M
28 93 67 80 M 0 15 0.38 M M 6.8 16 20 M M 6 3 23 10
29 86 64 75 M 0 10 0.01 M M 6.1 13 200 M M 3 3 25 180
30 89 68 79 M 0 14 0.20 M M 4.8 9 160 M M 6 16 160
================================================================================
SM 2718 1877 0 354 0.59 M 121.3 M 62
================================================================================
AV 90.6 62.6 4.0 FASTST M M 2 MAX(MPH)
MISC ----> 18 360 25 180
================================================================================
NOTES:
# LAST OF SEVERAL OCCURRENCES
COLUMN 17 PEAK WIND IN M.P.H.
PRELIMINARY LOCAL CLIMATOLOGICAL DATA (WS FORM: F-6) , PAGE 2
STATION: FREDERICKSBURG
MONTH: SEPTEMBER
YEAR: 2021
LATITUDE: 30 15 N
LONGITUDE: 98 55 W
[TEMPERATURE DATA] [PRECIPITATION DATA] SYMBOLS USED IN COLUMN 16
AVERAGE MONTHLY: 76.6 TOTAL FOR MONTH: 0.59 1 = FOG OR MIST
DPTR FM NORMAL: 0.0 DPTR FM NORMAL: M 2 = FOG REDUCING VISIBILITY
HIGHEST: 97 ON 20, 8 GRTST 24HR 0.38 ON 28-28 TO 1/4 MILE OR LESS
LOWEST: 45 ON 23 3 = THUNDER
SNOW, ICE PELLETS, HAIL 4 = ICE PELLETS
TOTAL MONTH: M 5 = HAIL
GRTST 24HR M ON M 6 = FREEZING RAIN OR DRIZZLE
GRTST DEPTH: M ON M 7 = DUSTSTORM OR SANDSTORM:
VSBY 1/2 MILE OR LESS
8 = SMOKE OR HAZE
[NO. OF DAYS WITH] [WEATHER - DAYS WITH] 9 = BLOWING SNOW
X = TORNADO
MAX 32 OR BELOW: 0 0.01 INCH OR MORE: 3
MAX 90 OR ABOVE: 18 0.10 INCH OR MORE: 2
MIN 32 OR BELOW: 0 0.50 INCH OR MORE: 0
MIN 0 OR BELOW: 0 1.00 INCH OR MORE: 0
[HDD (BASE 65) ]
TOTAL THIS MO. 0 CLEAR (SCALE 0-3) 23
DPTR FM NORMAL M PTCLDY (SCALE 4-7) 7
TOTAL FM JUL 1 0 CLOUDY (SCALE 8-10) 0
DPTR FM NORMAL M
[CDD (BASE 65) ]
TOTAL THIS MO. 354
DPTR FM NORMAL M [PRESSURE DATA]
TOTAL FM JAN 1 2024 HIGHEST SLP M ON M
DPTR FM NORMAL M LOWEST SLP M ON M
[REMARKS]
#FINAL-09-21#