000
CXUS52 KTAE 010800
CF6TLH
PRELIMINARY LOCAL CLIMATOLOGICAL DATA (WS FORM: F-6)
STATION: TALLAHASSEE
MONTH: JULY
YEAR: 2021
LATITUDE: 30 22 N
LONGITUDE: 84 22 W
TEMPERATURE IN F: :PCPN: SNOW: WIND :SUNSHINE: SKY :PK WND
================================================================================
1 2 3 4 5 6A 6B 7 8 9 10 11 12 13 14 15 16 17 18
12Z AVG MX 2MIN
DY MAX MIN AVG DEP HDD CDD WTR SNW DPTH SPD SPD DIR MIN PSBL S-S WX SPD DR
================================================================================
1 89 73 81 -1 0 16 0.00 0.0 M 5.1 14 180 M M 7 1 21 150
2 86 72 79 -3 0 14 0.10 0.0 0 4.8 23 310 M M 5 13 28 310
3 87 73 80 -2 0 15 T 0.0 0 4.1 15 210 M M 8 1 19 200
4 87 75 81 -1 0 16 0.56 0.0 0 2.4 14 50 M M 8 13 19 70
5 87 74 81 -1 0 16 0.74 0.0 M 4.1 21 300 M M 8 13 24 300
6 89 73 81 -1 0 16 0.30 0.0 0 7.1 21 100 M M 6 1 25 110
7 84 72 78 -4 0 13 0.26 0.0 M 8.3 18 340 M M 8 1 26 10
8 90 73 82 0 0 17 0.35 0.0 M 4.9 13 190 M M 7 13 16 160
9 85 73 79 -3 0 14 0.10 0.0 0 3.2 21 190 M M 7 123 26 180
10 89 70 80 -2 0 15 0.05 0.0 0 2.7 18 210 M M 5 3 24 210
11 91 70 81 -1 0 16 0.00 0.0 0 5.3 14 180 M M 4 3 20 160
12 89 73 81 -1 0 16 0.11 0.0 0 3.5 15 150 M M 5 3 18 140
13 93 71 82 0 0 17 0.00 0.0 0 4.8 15 80 M M 3 19 70
14 95 72 84 1 0 19 0.07 0.0 0 4.1 16 170 M M 4 3 20 210
15 92 73 83 0 0 18 0.00 M M 4.2 16 340 M M 2 3 20 350
16 92 72 82 -1 0 17 0.00 M M 3.2 13 260 M M 4 3 15 70
17 93 72 83 0 0 18 0.21 M M 2.3 20 120 M M 3 13 25 120
18 93 72 83 0 0 18 0.40 0.0 0 2.1 25 240 M M 6 123 31 240
19 87 73 80 -3 0 15 0.28 0.0 0 2.3 20 190 M M 5 13 24 210
20 87 74 81 -2 0 16 0.50 0.0 0 3.8 21 240 M M 5 13 27 240
21 89 73 81 -2 0 16 0.07 0.0 0 4.2 22 270 M M 5 13 27 270
22 96 74 85 2 0 20 0.00 0.0 M 5.8 16 250 M M 4 3 20 280
23 96 74 85 2 0 20 0.03 0.0 0 6.7 22 20 M M 4 3 29 20
24 93 74 84 1 0 19 0.00 0.0 0 4.8 13 90 M M 5 1 17 80
25 93 71 82 -1 0 17 0.00 0.0 0 4.6 14 70 M M 2 1 19 70
26 96 74 85 2 0 20 0.00 0.0 M 3.8 12 40 M M 2 15 10
27 93 75 84 1 0 19 0.07 0.0 0 5.2 18 230 M M 8 3 21 230
28 93 75 84 1 0 19 0.33 0.0 M 3.2 23 250 M M 5 13 29 240
29 96 75 86 3 0 21 T 0.0 M 2.9 20 120 M M 4 3 26 120
30 95 76 86 3 0 21 0.00 0.0 M 3.9 13 130 M M 3 1 15 130
31 98 77 88 5 0 23 0.00 0.0 0 3.4 21 130 M M 5 13 27 130
================================================================================
SM 2823 2268 0 537 4.53 0.0 130.8 M 157
================================================================================
AV 91.1 73.2 4.2 FASTST M M 5 MAX(MPH)
MISC ----> 25 240 31 240
================================================================================
NOTES:
# LAST OF SEVERAL OCCURRENCES
COLUMN 17 PEAK WIND IN M.P.H.
PRELIMINARY LOCAL CLIMATOLOGICAL DATA (WS FORM: F-6) , PAGE 2
STATION: TALLAHASSEE
MONTH: JULY
YEAR: 2021
LATITUDE: 30 22 N
LONGITUDE: 84 22 W
[TEMPERATURE DATA] [PRECIPITATION DATA] SYMBOLS USED IN COLUMN 16
AVERAGE MONTHLY: 82.1 TOTAL FOR MONTH: 4.53 1 = FOG OR MIST
DPTR FM NORMAL: -0.4 DPTR FM NORMAL: -2.61 2 = FOG REDUCING VISIBILITY
HIGHEST: 98 ON 31 GRTST 24HR 0.78 ON 4- 5 TO 1/4 MILE OR LESS
LOWEST: 70 ON 11,10 3 = THUNDER
SNOW, ICE PELLETS, HAIL 4 = ICE PELLETS
TOTAL MONTH: 0.0 INCH 5 = HAIL
GRTST 24HR 0.0 6 = FREEZING RAIN OR DRIZZLE
GRTST DEPTH: 0 7 = DUSTSTORM OR SANDSTORM:
VSBY 1/2 MILE OR LESS
8 = SMOKE OR HAZE
[NO. OF DAYS WITH] [WEATHER - DAYS WITH] 9 = BLOWING SNOW
X = TORNADO
MAX 32 OR BELOW: 0 0.01 INCH OR MORE: 18
MAX 90 OR ABOVE: 18 0.10 INCH OR MORE: 13
MIN 32 OR BELOW: 0 0.50 INCH OR MORE: 3
MIN 0 OR BELOW: 0 1.00 INCH OR MORE: 0
[HDD (BASE 65) ]
TOTAL THIS MO. 0 CLEAR (SCALE 0-3) 5
DPTR FM NORMAL 0 PTCLDY (SCALE 4-7) 25
TOTAL FM JUL 1 0 CLOUDY (SCALE 8-10) 1
DPTR FM NORMAL 0
[CDD (BASE 65) ]
TOTAL THIS MO. 537
DPTR FM NORMAL -7 [PRESSURE DATA]
TOTAL FM JAN 1 1516 HIGHEST SLP M ON M
DPTR FM NORMAL -16 LOWEST SLP 29.83 ON 7
[REMARKS]
#FINAL-07-21#